{"id":8021,"date":"2025-10-14T08:16:36","date_gmt":"2025-10-14T06:16:36","guid":{"rendered":"https:\/\/demo3.bigdigital.gr\/index.php\/product\/frezyderm-hair-force-shampoo-women-aaidiuai-cea-oei-uiaeeaya-aeoeothdoooe-200ml\/"},"modified":"2025-11-04T11:22:48","modified_gmt":"2025-11-04T09:22:48","slug":"frezyderm-hair-force-shampoo-women-aaidiuai-cea-oei-uiaeeaya-aeoeothdoooe-200ml","status":"publish","type":"product","link":"https:\/\/demo3.bigdigital.gr\/index.php\/product\/frezyderm-hair-force-shampoo-women-aaidiuai-cea-oei-uiaeeaya-aeoeothdoooe-200ml\/","title":{"rendered":"Frezyderm Hair Force Shampoo Women, \u00aa\u00e1\u00ed\u00f0\u00ef\u00f9\u00c0\u00ee \u00e7\u00e9\u00e1 \u00f4\u00e8\u00ee \u00a1\u00f9\u00ee\u00e1\u00e9\u00eb\u00e5\u00dd\u00e1 \u00c6\u00f2\u00e9\u00f8\u00de\u00f0\u00f4\u00f6\u00f3\u00e8 200ml"},"content":{"rendered":"","protected":false},"excerpt":{"rendered":"<p>Frezyderm Hair Force Shampoo Women, \u00aa\u00e1\u00ed\u00f0\u00ef\u00f9\u00c0\u00ee \u00e7\u00e9\u00e1 \u00f4\u00e8\u00ee \u00a1\u00f9\u00ee\u00e1\u00e9\u00eb\u00e5\u00dd\u00e1 \u00c6\u00f2\u00e9\u00f8\u00de\u00f0\u00f4\u00f6\u00f3\u00e8 200ml<\/p>\n<p>\u00c6\u00f2\u00e9\u00f8\u00ef\u00f4\u00ef\u00ee\u00f6\u00f4\u00e9\u00eb\u00de \u00f3\u00e1\u00ed\u00f0\u00ef\u00f9\u00c0\u00ee , \u00e5\u00e9\u00e4\u00e9\u00eb\u00dc \u00f3\u00e0\u00ee\u00f5\u00e5\u00f3\u00e8 \u00e7\u00e9\u00e1 \u00e7\u00f9\u00ee\u00e1\u00dd\u00eb\u00e5\u00f7.<\/p>\n<p>\u00b0\u00ee\u00f4\u00e9\u00ed\u00e5\u00f4\u00f6\u00f0\u00dd\u00fa\u00e5\u00e9 : \u00cc\u00f2\u00de\u00ee\u00e9\u00e1 \u00eb\u00e1\u00e9 \u00e5\u00f0\u00ef\u00f8\u00e9\u00eb\u00dc \u00e1\u00ee\u00f4\u00e9\u00e4\u00f2\u00e1\u00f3\u00f4\u00e9\u00eb\u00dc \u00f4\u00f2\u00e9\u00f8\u00de\u00f0\u00f4\u00f6\u00f3\u00e8 , \u00e1\u00f2\u00e1\u00dd\u00f6\u00f3\u00e8 , \u00e1\u00e4\u00e0\u00ee\u00e1\u00ed\u00e1 \u00ed\u00e1\u00ec\u00ec\u00e9\u00c0<br \/>\n\u00a6\u00f2\u00ef\u00f3\u00e6\u00db\u00f2\u00e5\u00e9&nbsp;: \u00b6\u00ee\u00e4\u00f9\u00ee\u00c0\u00ed\u00f6\u00f3\u00e8 \u00eb\u00e1\u00e9 \u00e5\u00ee\u00dd\u00f3\u00f8\u00f9\u00f3\u00e8 \u00f4\u00f2\u00e9\u00f8\u00ef\u00e6\u00f9\u00dd\u00e1\u00f7 , \u00f0\u00f2\u00ef\u00f3\u00f4\u00e1\u00f3\u00dd\u00e1 \u00e1\u00f0\u00de \u00f4\u00e8\u00ee \u00e6\u00f5\u00ef\u00f2\u00c0<br \/>\n\u00bb\u00e5\u00ec\u00db\u00f4\u00e5\u00f7: \u00b0\u00e0\u00ea\u00e8\u00f3\u00e8 \u00ec\u00c0\u00ed\u00e3\u00e8\u00f7 33 % , \u00e1\u00e0\u00ea\u00e8\u00f3\u00e8 \u00e4\u00e0\u00ee\u00e1\u00ed\u00e8\u00f7 75 % ( \u00eb\u00ec\u00e9\u00ee\u00e9\u00eb\u00dc \u00ed\u00e5\u00ec\u00db\u00f4\u00e8 , \u00e1\u00f9\u00f4\u00ef\u00e5\u00eb\u00f4\u00dd\u00ed\u00e8\u00f3\u00e8 \u00e5\u00f5\u00e5\u00ec\u00ef\u00ee\u00f4\u00f1\u00ee ) \u00cc\u00f2\u00dc\u00f3\u00e8: 3 \u00e6\u00ef\u00f2\u00db\u00f7 \u00f4\u00e8\u00ee \u00e5\u00e2\u00e4\u00ef\u00ed\u00c0\u00e4\u00e1 \u00e7\u00e9\u00e1 4 \u00ed\u00dc\u00ee\u00e5\u00f7 \u00f4\u00ef\u00f9\u00ec\u00c0\u00f8\u00e9\u00f3\u00f4\u00ef\u00ee<br \/>\n\u00aa\u00f9\u00ee\u00e4\u00f9\u00e1\u00f3\u00ed\u00de\u00f7 \u00ed\u00e5 \u00f4\u00e1 \u00c0\u00ec\u00ec\u00e1 \u00f0\u00f2\u00ef\u00fb\u00de\u00ee\u00f4\u00e1 \u00f4\u00e8\u00f7 HAIR FORCE \u00e7\u00e9\u00e1 \u00eb\u00e1\u00ec\u00e0\u00f4\u00e5\u00f2\u00e1 \u00e1\u00f0\u00ef\u00f4\u00e5\u00ec\u00db\u00f3\u00ed\u00e1\u00f4\u00e1<br \/>\n\u00a2\u00f2\u00c0\u00f3\u00e8 &#8211; \u00b6\u00ee\u00e5\u00f2\u00e7\u00c0 \u00aa\u00f9\u00f3\u00f4\u00e1\u00f4\u00e9\u00eb\u00c0: \u00aa\u00f9\u00ee\u00e4\u00f9\u00e1\u00f3\u00ed\u00de\u00f7 : Biotinoyl GHK, DG4PO4, Ceramides.<\/p>\n<p>&nbsp;<\/p>\n","protected":false},"featured_media":0,"comment_status":"closed","ping_status":"closed","template":"","meta":{"_monsterinsights_skip_tracking":false,"_monsterinsights_sitenote_active":false,"_monsterinsights_sitenote_note":"","_monsterinsights_sitenote_category":0},"product_brand":[],"product_cat":[1180],"product_tag":[],"class_list":{"0":"post-8021","1":"product","2":"type-product","3":"status-publish","5":"product_cat-katalogos","7":"first","8":"instock","9":"purchasable","10":"product-type-simple"},"aioseo_notices":[],"jetpack_sharing_enabled":true,"_links":{"self":[{"href":"https:\/\/demo3.bigdigital.gr\/index.php\/wp-json\/wp\/v2\/product\/8021","targetHints":{"allow":["GET"]}}],"collection":[{"href":"https:\/\/demo3.bigdigital.gr\/index.php\/wp-json\/wp\/v2\/product"}],"about":[{"href":"https:\/\/demo3.bigdigital.gr\/index.php\/wp-json\/wp\/v2\/types\/product"}],"replies":[{"embeddable":true,"href":"https:\/\/demo3.bigdigital.gr\/index.php\/wp-json\/wp\/v2\/comments?post=8021"}],"wp:attachment":[{"href":"https:\/\/demo3.bigdigital.gr\/index.php\/wp-json\/wp\/v2\/media?parent=8021"}],"wp:term":[{"taxonomy":"product_brand","embeddable":true,"href":"https:\/\/demo3.bigdigital.gr\/index.php\/wp-json\/wp\/v2\/product_brand?post=8021"},{"taxonomy":"product_cat","embeddable":true,"href":"https:\/\/demo3.bigdigital.gr\/index.php\/wp-json\/wp\/v2\/product_cat?post=8021"},{"taxonomy":"product_tag","embeddable":true,"href":"https:\/\/demo3.bigdigital.gr\/index.php\/wp-json\/wp\/v2\/product_tag?post=8021"}],"curies":[{"name":"wp","href":"https:\/\/api.w.org\/{rel}","templated":true}]}}