{"id":8110,"date":"2025-10-14T08:16:49","date_gmt":"2025-10-14T06:16:49","guid":{"rendered":"https:\/\/demo3.bigdigital.gr\/index.php\/product\/bioderma-sensibio-h2o-micellar-water-travel-size-100ml-2\/"},"modified":"2025-11-04T11:08:17","modified_gmt":"2025-11-04T09:08:17","slug":"bioderma-sensibio-h2o-micellar-water-travel-size-100ml-2","status":"publish","type":"product","link":"https:\/\/demo3.bigdigital.gr\/index.php\/product\/bioderma-sensibio-h2o-micellar-water-travel-size-100ml-2\/","title":{"rendered":"Bioderma Sensibio H2O Micellar Water Travel Size 100ml"},"content":{"rendered":"","protected":false},"excerpt":{"rendered":"<p>Bioderma Sensibio H2O Micellar Water Travel Size 100ml<\/p>\n<p>\u00bb\u00e9\u00eb\u00f9\u00ec\u00ec\u00e9\u00e1\u00eb\u00de \u00c1\u00e5\u00f2\u00de \u00ba\u00e1\u00f5\u00e1\u00f2\u00e9\u00f3\u00ed\u00ef\u00e0 &amp; \u00c1\u00f4\u00e5\u00ed\u00e1\u00eb\u00e9\u00e7\u00e9\u00c0\u00fa \u00a6\u00f2\u00ef\u00f3\u00f1\u00f0\u00ef\u00f9 &#8211; \u00bb\u00e1\u00f4\u00e9\u00f1\u00ee \u00e7\u00e9\u00e1 \u00b6\u00f9\u00e1\u00dd\u00f3\u00f5\u00e8\u00f4\u00e5\u00f7 \u00b6\u00f0\u00e9\u00e4\u00e5\u00f2\u00ed\u00dd\u00e4\u00e5\u00f7<\/p>\n<p>\u00b6\u00f0\u00e9\u00e4\u00e5\u00f2\u00ed\u00dd\u00e4\u00e1 \u00eb\u00e1\u00f5\u00e1\u00f2\u00dc, \u00eb\u00e1\u00f4\u00e1\u00f0\u00f2\u00e1\u00fc\u00ed\u00db\u00ee\u00e8 \u00eb\u00e1\u00e9 \u00e1\u00f0\u00e1\u00ec\u00ec\u00e1\u00e7\u00ed\u00db\u00ee\u00e8 \u00e1\u00f0\u00de \u00f4\u00ef \u00ed\u00e1\u00eb\u00e9\u00e7\u00e9\u00c0\u00fa \u00eb\u00e1\u00e9 \u00f4\u00ef\u00f9\u00f7 \u00f2\u00e0\u00f0\u00ef\u00f9\u00f7.&nbsp;\u00b9\u00e4\u00e1\u00ee\u00e9\u00eb\u00de \u00e7\u00e9\u00e1&nbsp;\u00e5\u00f9\u00e1\u00dd\u00f3\u00f5\u00e8\u00f4\u00e8 &#8211; \u00e4\u00f9\u00f3\u00e1\u00ee\u00e5\u00eb\u00f4\u00e9\u00eb\u00dc \u00e5\u00f0\u00e9\u00e4\u00e5\u00f2\u00ed\u00dd\u00e4\u00e1.<\/p>\n<p>\u00c3\u00e6\u00db\u00ec\u00e8:<\/p>\n<p>\u00ba\u00e1\u00f5\u00e1\u00f2\u00dd\u00fa\u00e5\u00e9 \u00eb\u00e1\u00e9 \u00e1\u00e6\u00e1\u00e9\u00f2\u00e5\u00dd \u00f4\u00ef \u00ed\u00e1\u00eb\u00e9\u00e7\u00e9\u00c0\u00fa \u00e1\u00f0\u00de \u00f4\u00ef \u00f0\u00f2\u00de\u00f3\u00f6\u00f0\u00ef \u00eb\u00e1\u00e9 \u00f4\u00e1 \u00ed\u00c0\u00f4\u00e9\u00e1<\/p>\n<p>\u00ba\u00e1\u00f4\u00e1\u00f0\u00f2\u00e1\u00fe\u00ee\u00e5\u00e9 \u00eb\u00e1\u00e9 \u00e1\u00f0\u00ef\u00f3\u00f9\u00ed\u00e6\u00ef\u00f2\u00e5\u00dd \u00f4\u00e8\u00ee \u00e5\u00f2\u00e5\u00f5\u00e9\u00f3\u00ed\u00db\u00ee\u00e8 \u00e5\u00f0\u00e9\u00e4\u00e5\u00f2\u00ed\u00dd\u00e4\u00e1<\/p>\n<p>\u00a6\u00f2\u00ef\u00f3\u00e6\u00db\u00f2\u00e5\u00e9 \u00c0\u00ed\u00e5\u00f3\u00e8 \u00e1\u00dd\u00f3\u00f5\u00e8\u00f3\u00e8 \u00e6\u00f2\u00e5\u00f3\u00eb\u00c0\u00e4\u00e1\u00f7<\/p>\n<p>\u00aa\u00f9\u00ee\u00f4\u00e8\u00f2\u00e5\u00dd \u00f4\u00ef\u00ee \u00f0\u00f2\u00ef\u00f3\u00f4\u00e1\u00f4\u00e5\u00f9\u00f4\u00e9\u00eb\u00de \u00f2\u00de\u00ec\u00ef \u00f4\u00ef\u00f9 \u00e4\u00e5\u00f2\u00ed\u00e1\u00f4\u00e9\u00eb\u00ef\u00e0 \u00e6\u00f2\u00e1\u00e7\u00ed\u00ef\u00e0<\/p>\n<p>\u00a2\u00e5\u00ee \u00f8\u00f2\u00e5\u00e9\u00c0\u00fa\u00e5\u00f4\u00e1\u00e9 \u00ea\u00db\u00e2\u00e7\u00e1\u00ec\u00ed\u00e1&nbsp;<\/p>\n<p>\u00c6\u00ef \u00e4\u00e5\u00f2\u00ed\u00e1\u00f4\u00ef\u00ec\u00ef\u00e7\u00e9\u00eb\u00de \u00ee\u00e5\u00f2\u00de \u00eb\u00e1\u00f5\u00e1\u00f2\u00e9\u00f3\u00ed\u00ef\u00e0 micellaire Sensibio H20 \u00e4\u00e5\u00ee \u00ea\u00e5\u00f0\u00ec\u00db\u00ee\u00e5\u00f4\u00e1\u00e9 \u00eb\u00e1\u00e9 \u00e4\u00e9\u00e1\u00ec\u00e0\u00e5\u00e9 \u00e1\u00eb\u00de\u00ed\u00e8 \u00eb\u00e1\u00e9 \u00f4\u00ef \u00f0\u00e9\u00ef \u00f0\u00e1\u00f8\u00e0 \u00f3\u00f4\u00f2\u00f1\u00ed\u00e1 \u00ed\u00e1\u00eb\u00e9\u00e7\u00e9\u00c0\u00fa. \u00b8 \u00e1\u00f0\u00ef\u00f4\u00e5\u00ec\u00e5\u00f3\u00ed\u00e1\u00f4\u00e9\u00eb\u00de\u00f4\u00e8\u00f4\u00c0 \u00f4\u00ef\u00f9 \u00e5\u00dd\u00ee\u00e1\u00e9 \u00e5\u00ea\u00dd\u00f3\u00ef\u00f9 \u00e5\u00ea\u00e1\u00e9\u00f2\u00e5\u00f4\u00e9\u00eb\u00dc \u00ed\u00e5 \u00f4\u00e8\u00ee \u00e1\u00ee\u00e5\u00eb\u00f4\u00e9\u00eb\u00de\u00f4\u00e8\u00f4\u00c0 \u00f4\u00ef\u00f9.<\/p>\n<p>\u00cc\u00e1\u00f2\u00e1\u00eb\u00f4\u00e8\u00f2\u00e9\u00f3\u00f4\u00e9\u00eb\u00c0:<\/p>\n<p>\u00cc\u00f6\u00f2\u00dd\u00f7 \u00c0\u00f2\u00f6\u00ed\u00e1<\/p>\n<p>\u00cc\u00f6\u00f2\u00dd\u00f7 \u00e1\u00ec\u00eb\u00ef\u00de\u00ec<\/p>\n<p>\u00cc\u00f6\u00f2\u00dd\u00f7 parabens<\/p>\n<p>\u00a2\u00e5\u00f2\u00ed\u00e1\u00f4\u00ef\u00ec\u00ef\u00e7\u00e9\u00eb\u00c0 \u00eb\u00e1\u00e9 \u00ef\u00e6\u00f5\u00e1\u00ec\u00ed\u00ef\u00ec\u00ef\u00e7\u00e9\u00eb\u00c0 \u00e5\u00ec\u00e5\u00e7\u00ed\u00db\u00ee\u00ef<\/p>\n<p>\u00cc\u00f6\u00f2\u00dd\u00f7 \u00f3\u00e1\u00f0\u00ef\u00e0\u00ee\u00e9<\/p>\n<p>\u00cb\u00f0\u00ef\u00e1\u00ec\u00ec\u00e5\u00f2\u00e7\u00e9\u00eb\u00de<\/p>\n<p>\u00b6\u00e9\u00e4\u00e9\u00eb\u00c0&nbsp;\u00f3\u00f8\u00e5\u00e4\u00e9\u00e1\u00f3\u00ed\u00db\u00ee\u00ef \u00ed\u00e1\u00fa\u00dd \u00eb\u00e1\u00e9 \u00e7\u00e9\u00e1 \u00f4\u00ef\u00f9\u00f7 \u00e4\u00e5\u00f2\u00ed\u00e1\u00f4\u00ef\u00ec\u00de\u00e7\u00ef\u00f9\u00f7 \u00e7\u00e9\u00e1 \u00f4\u00e8\u00ee \u00e1\u00ee\u00f4\u00e9\u00ed\u00e5\u00f4\u00f1\u00f0\u00e9\u00f3\u00e8 \u00f4\u00f6\u00ee \u00e4\u00e9\u00e1\u00f4\u00e1\u00f2\u00e1\u00f8\u00f1\u00ee \u00f4\u00e8\u00f7 \u00e5\u00f9\u00e1\u00dd\u00f3\u00f5\u00e8\u00f4\u00e8\u00f7 \u00e5\u00f0\u00e9\u00e4\u00e5\u00f2\u00ed\u00dd\u00e4\u00e1\u00f7, \u00f4\u00ef \u00e4\u00e5\u00f2\u00ed\u00e1\u00f4\u00ef\u00ec\u00ef\u00e7\u00e9\u00eb\u00de \u00ee\u00e5\u00f2\u00de \u00eb\u00e1\u00f5\u00e1\u00f2\u00e9\u00f3\u00ed\u00ef\u00e0 micellaire Sensibio&nbsp;H2O \u00f0\u00f2\u00ef\u00f3\u00e6\u00db\u00f2\u00e5\u00e9 \u00e1\u00f0\u00e1\u00ec\u00de \u00eb\u00e1\u00f5\u00e1\u00f2\u00e9\u00f3\u00ed\u00de \u00eb\u00e1\u00e9 \u00ee\u00f4\u00e5\u00ed\u00e1\u00eb\u00e9\u00e7\u00e9\u00c0\u00fa \u00f3\u00f4\u00ef \u00f0\u00f2\u00de\u00f3\u00f6\u00f0\u00ef \u00eb\u00e1\u00e9 \u00f3\u00f4\u00e1 \u00ed\u00c0\u00f4\u00e9\u00e1.<\/p>\n<p>\u00c6\u00e1 \u00ed\u00e9\u00eb\u00e0\u00ec\u00ec\u00e9\u00e1 \u00f4\u00ef\u00f9 \u00e4\u00e5\u00f2\u00ed\u00e1\u00f4\u00ef\u00ec\u00ef\u00e7\u00e9\u00eb\u00ef\u00e0 \u00ee\u00e5\u00f2\u00ef\u00e0 \u00eb\u00e1\u00f5\u00e1\u00f2\u00e9\u00f3\u00ed\u00ef\u00e0 Micellaire Sensibio H2O, \u00e8 \u00f3\u00e0\u00ee\u00f5\u00e5\u00f3\u00e8 \u00f4\u00f6\u00ee \u00ef\u00f0\u00ef\u00dd\u00f6\u00ee \u00e5\u00dd\u00ee\u00e1\u00e9 \u00f3\u00f9\u00ee\u00e1\u00e6\u00dc\u00f7 \u00ed\u00e5 \u00f4\u00e1 \u00e6\u00f9\u00f3\u00e9\u00eb\u00c0 \u00f3\u00f9\u00f3\u00f4\u00e1\u00f4\u00e9\u00eb\u00c0 \u00f4\u00ef\u00f9 \u00e4\u00db\u00f2\u00ed\u00e1\u00f4\u00ef\u00f7, \u00e5\u00e7\u00eb\u00ec\u00f6\u00e2\u00dd\u00fa\u00ef\u00f9\u00ee \u00e1\u00f0\u00ef\u00f4\u00e5\u00ec\u00e5\u00f3\u00ed\u00e1\u00f4\u00e9\u00eb\u00c0 \u00f4\u00ef\u00f9\u00f7 \u00f2\u00e0\u00f0\u00ef\u00f9\u00f7 \u00e4\u00e9\u00e1\u00f4\u00e8\u00f2\u00f1\u00ee\u00f4\u00e1\u00f7 \u00f4\u00e1\u00f9\u00f4\u00de\u00f8\u00f2\u00ef\u00ee\u00e1 \u00f4\u00e8\u00ee \u00e1\u00eb\u00e5\u00f2\u00e1\u00e9\u00de\u00f4\u00e8\u00f4\u00e1 \u00f4\u00ef\u00f9 \u00f9\u00e4\u00f2\u00ef\u00ec\u00e9\u00f0\u00e9\u00e4\u00e9\u00eb\u00ef\u00e0 \u00e6\u00e9\u00ec\u00ed \u00f4\u00e8\u00f7 \u00e5\u00f0\u00e9\u00e4\u00e5\u00f2\u00ed\u00dd\u00e4\u00e1\u00f7.<\/p>\n<p>\u00b8 \u00f3\u00e0\u00ee\u00f5\u00e5\u00f3\u00dc \u00f4\u00ef\u00f9, \u00ed\u00e5&nbsp;\u00e6\u00f9\u00f3\u00e9\u00ef\u00ec\u00ef\u00e7\u00e9\u00eb\u00de pH&nbsp;\u00eb\u00e1\u00e9 \u00ed\u00e5 \u00f9\u00e3\u00e8\u00ec\u00dc\u00f7 \u00eb\u00e1\u00f5\u00e1\u00f2\u00de\u00f4\u00e8\u00f4\u00e1\u00f7 \u00ee\u00e5\u00f2\u00de \u00e6\u00e1\u00f2\u00ed\u00e1\u00eb\u00e5\u00f9\u00f4\u00e9\u00eb\u00dc\u00f7 \u00f0\u00ef\u00e9\u00de\u00f4\u00e8\u00f4\u00e1\u00f7, \u00e5\u00dd\u00ee\u00e1\u00e9 \u00e5\u00ea\u00e1\u00e9\u00f2\u00e5\u00f4\u00e9\u00eb\u00dc\u00f7 \u00e1\u00ee\u00e5\u00eb\u00f4\u00e9\u00eb\u00de\u00f4\u00e8\u00f4\u00e1\u00f7. \u00b8 \u00e5\u00f0\u00e9\u00e4\u00e5\u00f2\u00ed\u00dd\u00e4\u00e1 \u00e5\u00dd\u00ee\u00e1\u00e9 \u00eb\u00e1\u00f5\u00e1\u00f2\u00dc, \u00ed\u00e5 \u00e1\u00dd\u00f3\u00f5\u00e8\u00f3\u00e8 \u00c0\u00ee\u00e5\u00f3\u00e8\u00f7 \u00eb\u00e1\u00e9 \u00e1\u00ee\u00e1\u00eb\u00ef\u00e0\u00e6\u00e9\u00f3\u00e8\u00f7.<\/p>\n<p>\u00b5\u00f2\u00db\u00ea\u00f4\u00e5 \u00db\u00ee\u00e1 \u00e2\u00e1\u00ed\u00e2\u00c0\u00eb\u00e9 \u00ed\u00e5 \u00f4\u00ef \u00e4\u00e5\u00f2\u00ed\u00e1\u00f4\u00ef\u00ec\u00ef\u00e7\u00e9\u00eb\u00de \u00ee\u00e5\u00f2\u00de \u00eb\u00e1\u00f5\u00e1\u00f2\u00e9\u00f3\u00ed\u00ef\u00e0 Micellaire Sensibio H2O.<\/p>\n<p>\u00ba\u00e1\u00f5\u00e1\u00f2\u00dd\u00f3\u00f4\u00e5 \u00eb\u00e1\u00e9\/\u00dc \u00e1\u00e6\u00e1\u00e9\u00f2\u00db\u00f3\u00f4\u00e5 \u00e1\u00f0\u00e1\u00ec\u00c0 \u00f4\u00ef \u00ed\u00e1\u00eb\u00e9\u00e7\u00e9\u00c0\u00fa \u00ed\u00e5 \u00f4\u00ef \u00ee\u00e5\u00f2\u00de Micellaire \u00e1\u00f0\u00de \u00f4\u00ef \u00f0\u00f2\u00de\u00f3\u00f6\u00f0\u00ef \u00eb\u00e1\u00e9 \u00f4\u00e1 \u00ed\u00c0\u00f4\u00e9\u00e1 \u00f3\u00e1\u00f7.<\/p>\n<p>\u00b6\u00f0\u00e1\u00ee\u00e1\u00ec\u00c0\u00e2\u00e5\u00f4\u00e5 \u00f4\u00e8\u00ee \u00e5\u00e6\u00e1\u00f2\u00ed\u00ef\u00e7\u00dc \u00ed\u00db\u00f8\u00f2\u00e9 \u00ee\u00e1 \u00e5\u00dd\u00ee\u00e1\u00e9 \u00eb\u00e1\u00f5\u00e1\u00f2\u00de \u00f4\u00ef \u00e2\u00e1\u00ed\u00e2\u00c0\u00eb\u00e9.<\/p>\n<p>\u00c6\u00e1\u00ed\u00f0\u00ef\u00ee\u00c0\u00f2\u00e5\u00f4\u00e5 \u00e1\u00f0\u00e1\u00ec\u00c0 \u00f4\u00ef \u00f0\u00f2\u00de\u00f3\u00f6\u00f0\u00de \u00f3\u00e1\u00f7 \u00ed\u00e5 \u00eb\u00e1\u00f5\u00e1\u00f2\u00dc \u00e2\u00e1\u00ed\u00e2\u00e1\u00eb\u00e5\u00f2\u00dc \u00f0\u00e5\u00f4\u00f3\u00db\u00f4\u00e1.<\/p>\n<p>WATER (AQUA), PEG-6 CAPRYLIC\/CAPRIC GLYCERIDES, CUCUMIS SATIVUS (CUCUMBER) FRUIT EXTRACT, MANNITOL, XYLITOL, RHAMNOSE, FRUCTOOLIGOSACCHARIDES, PROPYLENE GLYCOL, DISODIUM EDTA, CETRIMONIUM BROMIDE.<\/p>\n<p>&nbsp;<\/p>\n","protected":false},"featured_media":0,"comment_status":"closed","ping_status":"closed","template":"","meta":{"_monsterinsights_skip_tracking":false,"_monsterinsights_sitenote_active":false,"_monsterinsights_sitenote_note":"","_monsterinsights_sitenote_category":0},"product_brand":[],"product_cat":[1180],"product_tag":[],"class_list":{"0":"post-8110","1":"product","2":"type-product","3":"status-publish","5":"product_cat-katalogos","7":"first","8":"outofstock","9":"purchasable","10":"product-type-simple"},"aioseo_notices":[],"jetpack_sharing_enabled":true,"_links":{"self":[{"href":"https:\/\/demo3.bigdigital.gr\/index.php\/wp-json\/wp\/v2\/product\/8110","targetHints":{"allow":["GET"]}}],"collection":[{"href":"https:\/\/demo3.bigdigital.gr\/index.php\/wp-json\/wp\/v2\/product"}],"about":[{"href":"https:\/\/demo3.bigdigital.gr\/index.php\/wp-json\/wp\/v2\/types\/product"}],"replies":[{"embeddable":true,"href":"https:\/\/demo3.bigdigital.gr\/index.php\/wp-json\/wp\/v2\/comments?post=8110"}],"wp:attachment":[{"href":"https:\/\/demo3.bigdigital.gr\/index.php\/wp-json\/wp\/v2\/media?parent=8110"}],"wp:term":[{"taxonomy":"product_brand","embeddable":true,"href":"https:\/\/demo3.bigdigital.gr\/index.php\/wp-json\/wp\/v2\/product_brand?post=8110"},{"taxonomy":"product_cat","embeddable":true,"href":"https:\/\/demo3.bigdigital.gr\/index.php\/wp-json\/wp\/v2\/product_cat?post=8110"},{"taxonomy":"product_tag","embeddable":true,"href":"https:\/\/demo3.bigdigital.gr\/index.php\/wp-json\/wp\/v2\/product_tag?post=8110"}],"curies":[{"name":"wp","href":"https:\/\/api.w.org\/{rel}","templated":true}]}}