{"id":8351,"date":"2025-10-14T08:17:23","date_gmt":"2025-10-14T06:17:23","guid":{"rendered":"https:\/\/demo3.bigdigital.gr\/index.php\/product\/uriage-tolederm-control-fresh-soothing-eye-cream-15ml-2\/"},"modified":"2025-10-14T08:17:23","modified_gmt":"2025-10-14T06:17:23","slug":"uriage-tolederm-control-fresh-soothing-eye-cream-15ml-2","status":"publish","type":"product","link":"https:\/\/demo3.bigdigital.gr\/index.php\/product\/uriage-tolederm-control-fresh-soothing-eye-cream-15ml-2\/","title":{"rendered":"Uriage Tolederm Control Fresh Soothing Eye Cream 15ml"},"content":{"rendered":"","protected":false},"excerpt":{"rendered":"<p>Uriage Tolederm Control Fresh Soothing Eye Cream 15ml<\/p>\n<p>\u00b6\u00ed\u00f0\u00ec\u00ef\u00f9\u00f4\u00e9\u00f3\u00ed\u00db\u00ee\u00e8 \u00ed\u00e5 \u00ed\u00e9\u00e1 \u00ed\u00e9\u00ee\u00e9\u00ed\u00e1\u00ec\u00e9\u00f3\u00f4\u00e9\u00eb\u00dc \u00f3\u00e0\u00ee\u00f5\u00e5\u00f3\u00e8 &amp; \u00e6\u00f2\u00db\u00f3\u00eb\u00e9\u00e1 \u00eb\u00e1\u00e9 \u00ec\u00e5\u00f0\u00f4\u00de\u00f2\u00f2\u00e5\u00f9\u00f3\u00f4\u00e8 \u00f9\u00e6\u00dc, \u00e8&nbsp;Tol&eacute;dermCONTROLFRESHSOOTHINGEYECARE&nbsp;\u00e1\u00ed\u00db\u00f3\u00f6\u00f7 \u00eb\u00e1\u00f4\u00e1\u00f0\u00f2\u00e1\u00fe\u00ee\u00e5\u00e9, \u00e5\u00ee\u00f9\u00e4\u00e1\u00f4\u00f1\u00ee\u00e5\u00e9, \u00f0\u00f2\u00ef\u00f3\u00f4\u00e1\u00f4\u00e5\u00e0\u00e5\u00e9 \u00eb\u00e1\u00e9 \u00f0\u00f2\u00ef\u00f3\u00e6\u00db\u00f2\u00e5\u00e9 \u00c0\u00ee\u00e5\u00f3\u00e8 \u00ed\u00e1\u00eb\u00f2\u00c0\u00f7 \u00e4\u00e9\u00c0\u00f2\u00eb\u00e5\u00e9\u00e1\u00f7 \u00f3\u00f4\u00ef \u00e5\u00f9\u00e1\u00dd\u00f3\u00f5\u00e8\u00f4\u00ef \u00f0\u00e5\u00f2\u00dd\u00e7\u00f2\u00e1\u00ed\u00ed\u00e1 \u00ed\u00e1\u00f4\u00e9\u00f1\u00ee \u00f4\u00ef\u00f9 \u00e4\u00f9\u00f3\u00e1\u00ee\u00e5\u00eb\u00f4\u00e9\u00eb\u00ef\u00e0, \u00f9\u00f0\u00db\u00f2&ndash;\u00e1\u00ee\u00f4\u00e9\u00e4\u00f2\u00e1\u00f3\u00f4\u00e9\u00eb\u00ef\u00e0 \u00e4\u00db\u00f2\u00ed\u00e1\u00f4\u00ef\u00f7<\/p>\n<p>\u00cc\u00c0\u00f2\u00e8 \u00f3\u00f4\u00e8 \u00f3\u00e0\u00ee\u00f5\u00e5\u00f3\u00e8 \u00f4\u00e8\u00f7 \u00e1\u00f0\u00de 3 \u00e6\u00f9\u00f3\u00e9\u00eb\u00c0 \u00e5\u00ee\u00e5\u00f2\u00e7\u00c0 \u00f3\u00f9\u00f3\u00f4\u00e1\u00f4\u00e9\u00eb\u00c0 [\u00b9\u00e1\u00ed\u00e1\u00f4\u00e9\u00eb\u00de \u00c1\u00e5\u00f2\u00de&nbsp;Uriage&nbsp;+&nbsp;AlgaePolyuronides&nbsp;+ \u00bc\u00f9\u00f4\u00e9\u00eb\u00de \u00aa\u00eb\u00ef\u00f9\u00e1\u00ec\u00c0\u00ee\u00e9\u00ef] \u00e1\u00f9\u00f4\u00dc \u00e8 \u00e6\u00f2\u00ef\u00ee\u00f4\u00dd\u00e4\u00e1 \u00ed\u00e1\u00f4\u00e9\u00f1\u00ee \u00e5\u00ee\u00e4\u00f9\u00ee\u00e1\u00ed\u00f1\u00ee\u00e5\u00e9 \u00f4\u00ef\u00ee \u00e5\u00f0\u00e9\u00e4\u00e5\u00f2\u00ed\u00e9\u00eb\u00de \u00e6\u00f2\u00e1\u00e7\u00ed\u00de \u00eb\u00e1\u00e9 \u00e1\u00f9\u00ea\u00c0\u00ee\u00e5\u00e9 \u00f4\u00ef \u00de\u00f2\u00e9\u00ef \u00e5\u00f9\u00e1\u00e9\u00f3\u00f5\u00e8\u00f3\u00dd\u00e1\u00f7 \u00f4\u00ef\u00f9 \u00e2\u00ef\u00e8\u00f5\u00f1\u00ee\u00f4\u00e1\u00f7 \u00f3\u00f4\u00ef\u00ee \u00db\u00ec\u00e5\u00e7\u00f8\u00ef \u00f4\u00e8\u00f7 \u00e1\u00dd\u00f3\u00f5\u00e8\u00f3\u00e8\u00f7 \u00e5\u00f2\u00e5\u00f5\u00e9\u00f3\u00ed\u00ef\u00e0, \u00f4\u00f3\u00e9\u00ed\u00f0\u00dc\u00ed\u00e1\u00f4\u00ef\u00f7, \u00eb\u00e1\u00e0\u00f3\u00ef\u00f9 \u00dc\/\u00eb\u00e1\u00e9 \u00db\u00ec\u00ec\u00e5\u00e9\u00e3\u00e8 \u00c0\u00ee\u00e5\u00f3\u00e8\u00f7.<\/p>\n<p>\u00a2\u00c4\u00b0\u00aa\u00b6\u00b9\u00aa:<\/p>\n<p>\u00a2\u00c4\u00b0\u00aa\u00b8 1<\/p>\n<p>\u00b6\u00a4\u00b6\u00a1\u00cc\u00b6\u00b9 \u00c6\u00b8\u00c1 &ldquo;\u00b0\u00c1\u00c6\u00b9\u00a2\u00c4\u00b0\u00aa\u00c6\u00b9\u00ba\u00c3\u00c6\u00b8\u00c6\u00b0&rdquo; \u00c6\u00c3\u00cb \u00a2\u00b6\u00c4\u00bb\u00b0\u00c6\u00c3\u00aa<\/p>\n<p>\u00b0\u00f9\u00f4\u00c0 \u00f4\u00e1 \u00f4\u00f2\u00dd\u00e1 \u00e5\u00ee\u00e5\u00f2\u00e7\u00c0 \u00f3\u00f9\u00f3\u00f4\u00e1\u00f4\u00e9\u00eb\u00c0 \u00f0\u00e5\u00f2\u00e9\u00ef\u00f2\u00dd\u00fa\u00ef\u00f9\u00ee \u00f4\u00e8\u00ee \u00e5\u00e9\u00f3\u00f8\u00f1\u00f2\u00e8\u00f3\u00e8 \u00f4\u00f6\u00ee \u00e5\u00f2\u00e5\u00f5\u00e9\u00f3\u00f4\u00e9\u00eb\u00f1\u00ee \u00f0\u00e1\u00f2\u00e1\u00e7\u00de\u00ee\u00f4\u00f6\u00ee \u00f3\u00f4\u00e8\u00ee \u00e5\u00f0\u00e9\u00e6\u00c0\u00ee\u00e5\u00e9\u00e1 \u00f4\u00ef\u00f9 \u00e4\u00db\u00f2\u00ed\u00e1\u00f4\u00ef\u00f7. \u00c6\u00ef \u00b9\u00e1\u00ed\u00e1\u00f4\u00e9\u00eb\u00de \u00c1\u00e5\u00f2\u00de&nbsp;Uriage&nbsp;\u00e5\u00ec\u00db\u00e7\u00f8\u00e5\u00e9 3 \u00ee\u00e5\u00e0\u00f2\u00ef &ndash; \u00f9\u00f0\u00ef\u00e4\u00ef\u00f8\u00e5\u00dd\u00f7 \u00ef\u00e9 \u00ef\u00f0\u00ef\u00dd\u00ef\u00e9 \u00e5\u00ed\u00f0\u00ec\u00db\u00eb\u00ef\u00ee\u00f4\u00e1\u00e9 \u00ed\u00e5 \u00f4\u00ef\u00f9\u00f7 \u00ed\u00e8\u00f8\u00e1\u00ee\u00e9\u00f3\u00ed\u00ef\u00e0\u00f7 \u00e5\u00f9\u00e1\u00e9\u00f3\u00f5\u00e8\u00f3\u00dd\u00e1\u00f7 \u00f4\u00e8\u00f7 \u00e5\u00f0\u00e9\u00e4\u00e5\u00f2\u00ed\u00dd\u00e4\u00e1\u00f7 \u00e1\u00f9\u00ea\u00c0\u00ee\u00ef\u00ee\u00f4\u00e1\u00f7 \u00f4\u00ef \u00de\u00f2\u00e9\u00ef \u00e1\u00ee\u00ef\u00f8\u00dc\u00f7.*<\/p>\n<p>* \u00c6\u00e5\u00f3\u00f4 &laquo;\u00f4\u00f3\u00e9\u00ed\u00f0\u00dc\u00ed\u00e1\u00f4\u00ef\u00f7&raquo; \u00eb\u00c0\u00f4\u00f6 \u00e1\u00f0\u00de \u00e4\u00e5\u00f2\u00ed\u00e1\u00f4\u00ef\u00ec\u00ef\u00e7\u00e9\u00eb\u00de \u00db\u00ec\u00e5\u00e7\u00f8\u00ef \u00f3\u00e5 15 \u00e5\u00ee\u00dc\u00ec\u00e9\u00eb\u00e5\u00f7 \u00e5\u00f5\u00e5\u00ec\u00ef\u00ee\u00f4\u00db\u00f7 \u00ed\u00e5 \u00e5\u00f9\u00e1\u00dd\u00f3\u00f5\u00e8\u00f4\u00ef \u00eb\u00e1\u00e9 \u00f9\u00f0\u00e5\u00f2-\u00e1\u00ee\u00f4\u00e9\u00e4\u00f2\u00e1\u00f3\u00f4\u00e9\u00eb\u00de \u00e4\u00db\u00f2\u00ed\u00e1: \u00ed\u00e5\u00dd\u00f6\u00f3\u00e8 \u00f4\u00ef\u00f9 \u00ef\u00f2\u00dd\u00ef\u00f9 \u00e5\u00f2\u00e5\u00f5\u00e9\u00f3\u00ed\u00ef\u00e0<\/p>\n<p>\u00a2\u00c4\u00b0\u00aa\u00b8 2<\/p>\n<p>\u00b0\u00bb\u00b6\u00aa\u00b8 \u00ba\u00b0\u00c6\u00b0\u00a6\u00c4\u00b0\u00cb\u00c1\u00aa\u00b8 \u00b0\u00a6\u00c3 \u00c6\u00c3 \u00b0\u00b9\u00aa\u00a3\u00b8\u00bb\u00b0 \u00a2\u00cb\u00aa\u00bc\u00c3\u00c4\u00b9\u00b0\u00aa<\/p>\n<p>\u00c6\u00ef \u00e1\u00ee\u00f4\u00dd- \u00e5\u00f2\u00e5\u00f5\u00e9\u00f3\u00f4\u00e9\u00eb\u00de&nbsp;AlgaePolyuronides&nbsp;\u00f3\u00e5 \u00f3\u00f9\u00ee\u00e4\u00f9\u00e1\u00f3\u00ed\u00de \u00ed\u00e5 \u00f4\u00ef \u00e6\u00f9\u00f3\u00e9\u00eb\u00de, \u00eb\u00e1\u00f4\u00e1\u00f0\u00f2\u00e1\u00fc\u00ee\u00f4\u00e9\u00eb\u00de \u00b9\u00e1\u00ed\u00e1\u00f4\u00e9\u00eb\u00de \u00c1\u00e5\u00f2\u00de&nbsp;Uriage, \u00e1\u00ed\u00db\u00f3\u00f6\u00f7 \u00e8\u00f2\u00e5\u00ed\u00e5\u00dd \u00eb\u00e1\u00e9 \u00eb\u00e1\u00f4\u00e1\u00f0\u00f2\u00e1\u00fe\u00ee\u00e5\u00e9 \u00ed\u00e5 \u00e4\u00e9\u00c0\u00f2\u00eb\u00e5\u00e9\u00e1 \u00f4\u00e8\u00ee \u00e1\u00dd\u00f3\u00f5\u00e8\u00f3\u00e8 \u00e4\u00f9\u00f3\u00e6\u00ef\u00f2\u00dd\u00e1\u00f7.<\/p>\n<p>\u00a2\u00c4\u00b0\u00aa\u00b8 3<\/p>\n<p>\u00a2\u00c4\u00b0\u00aa\u00b8 \u00ba\u00b0\u00c6\u00b0 \u00c6\u00bf\u00c1 \u00bb\u00b0\u00cb\u00c4\u00bf\u00c1 \u00ba\u00cb\u00ba\u00a4\u00bf\u00c1 \u00ba\u00b0\u00b9 \u00c6\u00c3\u00cb \u00a6\u00c4\u00b8\u00a5\u00b9\u00bb\u00b0\u00c6\u00c3\u00aa<\/p>\n<p>\u00b8 \u00e6\u00f2\u00db\u00f3\u00eb\u00e9\u00e1 \u00f3\u00e0\u00ee\u00f5\u00e5\u00f3\u00e8 \u00f4\u00e8\u00f7 \u00ed\u00e5 \u00e5\u00f0\u00e9\u00e4\u00e9\u00ef\u00f2\u00f5\u00f6\u00f4\u00e9\u00eb\u00ef\u00e0\u00f7 \u00f0\u00e1\u00f2\u00c0\u00e7\u00ef\u00ee\u00f4\u00e5\u00f7, \u00e4\u00e9\u00ef\u00f2\u00f5\u00f1\u00ee\u00e5\u00e9 \u00f4\u00ef\u00f9\u00f7 \u00ed\u00e1\u00e0\u00f2\u00ef\u00f9\u00f7 \u00eb\u00e0\u00eb\u00ec\u00ef\u00f9\u00f7 \u00eb\u00e1\u00e9 \u00ed\u00e5\u00e9\u00f1\u00ee\u00e5\u00e9 \u00f4\u00ef \u00f0\u00f2\u00dc\u00ea\u00e9\u00ed\u00ef \u00eb\u00c0\u00f4\u00f6 \u00e1\u00f0\u00de \u00f4\u00e1 \u00ed\u00c0\u00f4\u00e9\u00e1.<\/p>\n<p>\u00b0\u00a6\u00c3\u00c6\u00b6\u00a4\u00b6\u00aa\u00bb\u00b0\u00c6\u00b0&nbsp;:<\/p>\n<p>\u00ba\u00b0\u00c6\u00b0\u00a6\u00c4\u00b0\u00bd\u00c1\u00b6\u00b9 \u00b0\u00bb\u00b6\u00aa\u00b0*<\/p>\n<p>\u00bb\u00b6\u00b9\u00bf\u00c1\u00b6\u00b9 \u00c6\u00c3 \u00a6\u00c4\u00b8\u00a5\u00b9\u00bb\u00c3 &amp; \u00c6\u00c3\u00cb\u00aa \u00bb\u00b0\u00cb\u00c4\u00c3\u00cb\u00aa \u00ba\u00cb\u00ba\u00a4\u00c3\u00cb\u00aa 75% *<\/p>\n<p>\u00b0\u00b9\u00aa\u00a3\u00b8\u00aa\u00b8 \u00bc\u00c4\u00b6\u00aa\u00ba\u00b0\u00a2\u00b0\u00aa \u00ba\u00b0\u00c6\u00b0 \u00c6\u00b8\u00c1 \u00b6\u00bc\u00b0\u00c4\u00bb\u00c3\u00a1\u00b8 90% *<\/p>\n<p>\u00bb\u00b6\u00b9\u00bf\u00c1\u00b6\u00b9 \u00c6\u00b8\u00c1 &ldquo;\u00b0\u00c1\u00c6\u00b9\u00a2\u00c4\u00b0\u00aa\u00c6\u00b9\u00ba\u00c3\u00c6\u00b8\u00c6\u00b0&rdquo; \u00c6\u00c3\u00cb \u00a2\u00b6\u00c4\u00bb\u00b0\u00c6\u00c3\u00aa &#8211; 56%***<\/p>\n<p>*\u00c6est \u00f8\u00f2\u00dc\u00f3\u00e8\u00f7 \u00eb\u00c0\u00f4\u00f6 \u00e1\u00f0\u00de \u00e4\u00e5\u00f2\u00ed\u00e1\u00f4\u00ef\u00ec\u00ef\u00e7\u00e9\u00eb\u00de \u00db\u00ec\u00e5\u00e7\u00f8\u00ef \u00e7\u00e9\u00e1 28 \u00e8\u00ed\u00db\u00f2\u00e5\u00f7 &ndash; \u00e5\u00e6\u00e1\u00f2\u00ed\u00ef\u00e7\u00dc \u00e4\u00f9\u00ef \u00e6\u00ef\u00f2\u00db\u00f7 \u00e8\u00ed\u00e5\u00f2\u00e8\u00f3\u00dd\u00f6\u00f7 &ndash; 20 \u00e5\u00f5\u00e5\u00ec\u00ef\u00ee\u00f4\u00db\u00f7 \u00ed\u00e5 \u00e5\u00f9\u00e1\u00dd\u00f3\u00f5\u00e8\u00f4\u00ef, \u00f9\u00f0\u00e5\u00f2-\u00e1\u00ee\u00f4\u00e9\u00e4\u00f2\u00e1\u00f3\u00f4\u00e9\u00eb\u00de \u00ed\u00e5 \u00f4\u00c0\u00f3\u00e8 \u00e7\u00e9\u00e1 \u00e1\u00ec\u00ec\u00e5\u00f2\u00e7\u00dd\u00e5\u00f7 \u00e4\u00db\u00f2\u00ed\u00e1 &ndash; \u00e1\u00f9\u00f4\u00ef\u00e1\u00ea\u00e9\u00ef\u00ec\u00de\u00e7\u00e8\u00f3\u00e8.<\/p>\n<p>*** \u00c6est \u00f8\u00f2\u00dc\u00f3\u00e8\u00f7 \u00eb\u00c0\u00f4\u00f6 \u00e1\u00f0\u00de \u00e4\u00e5\u00f2\u00ed\u00e1\u00f4\u00ef\u00ec\u00ef\u00e7\u00e9\u00eb\u00de \u00db\u00ec\u00e5\u00e7\u00f8\u00ef \u00e7\u00e9\u00e1 28 \u00e8\u00ed\u00db\u00f2\u00e5\u00f7 &ndash; \u00e5\u00e6\u00e1\u00f2\u00ed\u00ef\u00e7\u00dc \u00e4\u00f9\u00ef \u00e6\u00ef\u00f2\u00db\u00f7 \u00e8\u00ed\u00e5\u00f2\u00e8\u00f3\u00dd\u00f6\u00f7 &ndash; 15 \u00e5\u00f5\u00e5\u00ec\u00ef\u00ee\u00f4\u00db\u00f7 \u00ed\u00e5 \u00e5\u00f9\u00e1\u00dd\u00f3\u00f5\u00e8\u00f4\u00ef \u00f9\u00f0\u00e5\u00f2-\u00e1\u00ee\u00f4\u00e9\u00e4\u00f2\u00e1\u00f3\u00f4\u00e9\u00eb\u00de \u00ed\u00e5 \u00f4\u00c0\u00f3\u00e8 \u00e7\u00e9\u00e1 \u00e1\u00ec\u00ec\u00e5\u00f2\u00e7\u00dd\u00e5\u00f7 \u00e4\u00db\u00f2\u00ed\u00e1 &ndash; \u00a2\u00ef\u00eb\u00e9\u00ed\u00dc \u00e5\u00f9\u00e1\u00e9\u00f3\u00f5\u00e8\u00f3\u00dd\u00e1\u00f7 \u00ed\u00db\u00f3\u00f6 Test &laquo;\u00f4\u00f3\u00e9\u00ed\u00f0\u00dc\u00ed\u00e1\u00f4\u00ef\u00f7&raquo;<\/p>\n<p>\u00b6\u00c1\u00b6\u00c4\u00a1\u00b0 \u00aa\u00cb\u00aa\u00c6\u00b0\u00c6\u00b9\u00ba\u00b0<\/p>\n<p>\u00ba\u00e1\u00f4\u00c0\u00ec\u00ec\u00e8\u00ec\u00ef \u00e7\u00e9\u00e1 \u00f8\u00f2\u00dc\u00f3\u00f4\u00e5\u00f7 \u00e6\u00e1\u00eb\u00f1\u00ee \u00e5\u00f0\u00e1\u00e6\u00dc\u00f7<br \/>\n\u00bb\u00e9\u00ee\u00e9\u00ed\u00e1\u00ec\u00e9\u00f3\u00f4\u00e9\u00eb\u00dc \u00f3\u00e0\u00ee\u00f5\u00e5\u00f3\u00e8 &ndash; 3 \u00e5\u00ee\u00e5\u00f2\u00e7\u00c0 \u00e6\u00f9\u00f3\u00e9\u00eb\u00c0 \u00f3\u00f9\u00f3\u00f4\u00e1\u00f4\u00e9\u00eb\u00c0 : \u00b9\u00e1\u00ed\u00e1\u00f4\u00e9\u00eb\u00de \u00c1\u00e5\u00f2\u00de Uriage + Algae Polyuronides + \u00bc\u00f9\u00f4\u00e9\u00eb\u00de \u00aa\u00eb\u00ef\u00f9\u00e1\u00ec\u00c0\u00ee\u00e9\u00ef<\/p>\n<p>91% \u00f3\u00f9\u00f3\u00f4\u00e1\u00f4\u00e9\u00eb\u00c0 \u00e6\u00f9\u00f4\u00e9\u00eb\u00dc\u00f7 \u00f0\u00f2\u00ef\u00db\u00ec\u00e5\u00f9\u00f3\u00e8\u00f7.<\/p>\n<p>\u00cc\u00bf\u00c4\u00b9\u00aa &ndash; \u00aa\u00f9\u00ee\u00f4\u00e8\u00f2\u00e8\u00f4\u00e9\u00eb\u00c0, \u00e1\u00ec\u00eb\u00ef\u00de\u00ec, phenoxyethanol, ethoxylated emulsifiers, volatile silicones, petroleum derivatives<\/p>\n<p>\u00cc\u00f6\u00f2\u00dd\u00f7 \u00cd\u00f2\u00f6\u00ed\u00e1&ndash; \u00bc\u00f9\u00f3\u00e9\u00ef\u00ec\u00ef\u00e7\u00e9\u00eb\u00de pH<\/p>\n<p>\u00a2\u00e5\u00f2\u00ed\u00e1\u00f4\u00ef\u00ec\u00ef\u00e7\u00e9\u00eb\u00c0 \u00e5\u00ec\u00e5\u00e7\u00ed\u00db\u00ee\u00ef \u00f3\u00e5 \u00e5\u00f9\u00e1\u00dd\u00f3\u00f5\u00e8\u00f4\u00ef, \u00e4\u00f9\u00f3\u00e1\u00ee\u00e5\u00eb\u00f4\u00e9\u00eb\u00de \u00eb\u00e1\u00e9 \u00e1\u00ec\u00ec\u00e5\u00f2\u00e7\u00e9\u00eb\u00de \u00e4\u00db\u00f2\u00ed\u00e1.<\/p>\n<p>\u00b0\u00e5\u00f2\u00ef\u00f3\u00f4\u00e5\u00e7\u00db\u00f7 \u00f3\u00f6\u00ec\u00e8\u00ee\u00c0\u00f2\u00e9\u00ef &ndash; \u00ed\u00ef\u00ee\u00f4\u00db\u00f2\u00ee\u00e1 \u00eb\u00e1\u00e9 \u00e5\u00e0\u00eb\u00ef\u00ec\u00e8 \u00f8\u00f2\u00dc\u00f3\u00e8.<\/p>\n<p>\n\u00aa\u00cb\u00aa\u00c6\u00b0\u00c6\u00b9\u00ba\u00b0<br \/>\nAQUA (WATER, EAU) &#8211; HELIANTHUS<\/p>\n<p>ANNUUS (SUNFLOWER) SEED OIL &#8211;<\/p>\n<p>GLYCERIN &#8211; SQUALANE &#8211; POLYGLYCERYL-6<\/p>\n<p>DISTEARATE &#8211; MICROCRYSTALLINE<\/p>\n<p>CELLULOSE &#8211; DICAPRYLYL ETHER &#8211;<\/p>\n<p>1,2-HEXANEDIOL &#8211; JOJOBA ESTERS &#8211; ACRY<\/p>\n<p>LATES\/C10-30 ALKYL ACRYLATE<\/p>\n<p>CROSSPOLYMER &#8211; HYDROXYACETOPHE<\/p>\n<p>NONE &#8211; POTASSIUM CETYL PHOSPHATE &#8211;<\/p>\n<p>SODIUM HYDROXIDE &#8211; CETYL ALCOHOL &#8211;<\/p>\n<p>POLYGLYCERYL-3 BEESWAX &#8211; XANTHAN<\/p>\n<p>GUM &#8211; TOCOPHERYL ACETATE &#8211; HYDROLY<\/p>\n<p>ZED ALGIN &#8211; TOCOPHEROL.<\/p>\n<p>\u00aa\u00cb\u00bb\u00b5\u00c3\u00cb\u00a4\u00b8:<br \/>\n\u00b6\u00e6\u00e1\u00f2\u00ed\u00de\u00f3\u00f4\u00e5 \u00e1\u00f0\u00e1\u00ec\u00c0 \u00f3\u00f4\u00ef \u00f0\u00e5\u00f2\u00dd\u00e7\u00f2\u00e1\u00ed\u00ed\u00e1 \u00f4\u00f6\u00ee \u00ed\u00e1\u00f4\u00e9\u00f1\u00ee \u00f0\u00f2\u00f6\u00dd \u00dc\/\u00eb\u00e1\u00e9 \u00e2\u00f2\u00c0\u00e4\u00f9.<\/p>\n","protected":false},"featured_media":0,"comment_status":"closed","ping_status":"open","template":"","meta":{"_monsterinsights_skip_tracking":false,"_monsterinsights_sitenote_active":false,"_monsterinsights_sitenote_note":"","_monsterinsights_sitenote_category":0},"product_brand":[],"product_cat":[15],"product_tag":[],"class_list":{"0":"post-8351","1":"product","2":"type-product","3":"status-publish","5":"product_cat-uncategorized","7":"first","8":"instock","9":"purchasable","10":"product-type-simple"},"aioseo_notices":[],"jetpack_sharing_enabled":true,"_links":{"self":[{"href":"https:\/\/demo3.bigdigital.gr\/index.php\/wp-json\/wp\/v2\/product\/8351","targetHints":{"allow":["GET"]}}],"collection":[{"href":"https:\/\/demo3.bigdigital.gr\/index.php\/wp-json\/wp\/v2\/product"}],"about":[{"href":"https:\/\/demo3.bigdigital.gr\/index.php\/wp-json\/wp\/v2\/types\/product"}],"replies":[{"embeddable":true,"href":"https:\/\/demo3.bigdigital.gr\/index.php\/wp-json\/wp\/v2\/comments?post=8351"}],"wp:attachment":[{"href":"https:\/\/demo3.bigdigital.gr\/index.php\/wp-json\/wp\/v2\/media?parent=8351"}],"wp:term":[{"taxonomy":"product_brand","embeddable":true,"href":"https:\/\/demo3.bigdigital.gr\/index.php\/wp-json\/wp\/v2\/product_brand?post=8351"},{"taxonomy":"product_cat","embeddable":true,"href":"https:\/\/demo3.bigdigital.gr\/index.php\/wp-json\/wp\/v2\/product_cat?post=8351"},{"taxonomy":"product_tag","embeddable":true,"href":"https:\/\/demo3.bigdigital.gr\/index.php\/wp-json\/wp\/v2\/product_tag?post=8351"}],"curies":[{"name":"wp","href":"https:\/\/api.w.org\/{rel}","templated":true}]}}