{"id":8356,"date":"2025-10-14T08:17:23","date_gmt":"2025-10-14T06:17:23","guid":{"rendered":"https:\/\/demo3.bigdigital.gr\/index.php\/product\/john-noa-origin-spray-vitamin-d3-plus-k2-30ml-2\/"},"modified":"2025-10-14T08:17:23","modified_gmt":"2025-10-14T06:17:23","slug":"john-noa-origin-spray-vitamin-d3-plus-k2-30ml-2","status":"publish","type":"product","link":"https:\/\/demo3.bigdigital.gr\/index.php\/product\/john-noa-origin-spray-vitamin-d3-plus-k2-30ml-2\/","title":{"rendered":"John Noa Origin Spray Vitamin D3 Plus K2 30ml"},"content":{"rendered":"","protected":false},"excerpt":{"rendered":"<p>John Noa Origin Spray Vitamin D3 Plus K2 30ml<\/p>\n<p>\u00a6\u00e5\u00f2\u00e9\u00e7\u00f2\u00e1\u00e6\u00dc \u00f0\u00f2\u00ef\u00fb\u00de\u00ee\u00f4\u00ef\u00f7<\/p>\n<p>\u00aa\u00f9\u00ee\u00e4\u00f9\u00e1\u00f3\u00ed\u00de\u00f7 \u00e2\u00e9\u00f4\u00e1\u00ed\u00e9\u00ee\u00f1\u00ee D3 &amp; K2<\/p>\n<p>\u00a1\u00e9\u00e1 \u00f4\u00e8\u00ee&nbsp;\u00f9\u00e7\u00e5\u00dd\u00e1 \u00f4\u00f6\u00ee \u00ef\u00f3\u00f4\u00f1\u00ee<\/p>\n<p>\u00a4\u00e9\u00f0\u00ef\u00f3\u00f6\u00ed\u00e9\u00e1\u00eb\u00dc \u00e6\u00de\u00f2\u00ed\u00ef\u00f9\u00ec\u00e1&nbsp;\u00f3\u00e5 spray<\/p>\n<p>\u00c6\u00e1\u00f8\u00e5\u00dd\u00e1 \u00e1\u00f0\u00ef\u00f2\u00f2\u00de\u00e6\u00e8\u00f3\u00e8&nbsp;\u00ed\u00db\u00f3\u00f6 \u00f4\u00f6\u00ee \u00f4\u00f2\u00e9\u00f8\u00ef\u00e5\u00e9\u00e4\u00f1\u00ee \u00e1\u00e7\u00e7\u00e5\u00dd\u00f6\u00ee<\/p>\n<p>\u00b6\u00e0\u00eb\u00ef\u00ec\u00e8 \u00f8\u00f2\u00dc\u00f3\u00e8 &amp; \u00eb\u00e1\u00f4\u00c0\u00f0\u00ef\u00f3\u00e8<\/p>\n<p>\u00a1\u00e5\u00e0\u00f3\u00e8 \u00f0\u00ef\u00f2\u00f4\u00ef\u00eb\u00c0\u00ec\u00e9<\/p>\n<p>\u00b0\u00ee\u00c0 \u00e3\u00e5\u00eb\u00e1\u00f3\u00ed\u00de : 400 IU D3 &amp; 18 mcg K2<\/p>\n<p>\u00aa\u00e0\u00ee\u00ef\u00ec\u00ef 250 \u00e3\u00e5\u00eb\u00e1\u00f3\u00ed\u00ef\u00dd<\/p>\n<p>\u00cc\u00f6\u00f2\u00dd\u00f7 \u00fa\u00e5\u00ec\u00e1\u00f4\u00dd\u00ee\u00e8<\/p>\n<p>To&nbsp;John Noa Origin Spray Vitamin D3 2000 IU &amp; K2&nbsp;90 mcg&nbsp;\u00e5\u00dd\u00ee\u00e1\u00e9 \u00ed\u00dd\u00e1 \u00ec\u00e9\u00f0\u00ef\u00f3\u00f6\u00ed\u00e9\u00e1\u00eb\u00dc \u00e6\u00de\u00f2\u00ed\u00ef\u00f9\u00ec\u00e1 \u00ed\u00e5 \u00e2\u00e9\u00f4\u00e1\u00ed\u00dd\u00ee\u00e5\u00f7 D3 \u00eb\u00e1\u00e9 K2 \u00f3\u00e5 spray \u00e7\u00e9\u00e1 \u00f4\u00e1\u00f8\u00e5\u00dd\u00e1 \u00e1\u00f0\u00ef\u00f2\u00f2\u00de\u00e6\u00e8\u00f3\u00e8 \u00eb\u00e1\u00e9 \u00e5\u00f9\u00eb\u00ef\u00ec\u00dd\u00e1 \u00f3\u00f4\u00e8 \u00f8\u00f2\u00dc\u00f3\u00e8. \u00cc\u00c0\u00f2\u00e8 \u00f3\u00f4\u00e8 \u00e6\u00e1\u00f2\u00ed\u00e1\u00eb\u00ef\u00f4\u00e5\u00f8\u00ee\u00e9\u00eb\u00dc \u00f4\u00ef\u00f9\u00f7 \u00ed\u00ef\u00f2\u00e6\u00dc \u00eb\u00e1\u00e9 \u00f4\u00ef\u00ee \u00f0\u00f2\u00f6\u00f4\u00de\u00f4\u00f9\u00f0\u00ef \u00f4\u00f2\u00de\u00f0\u00ef \u00ec\u00dc\u00e3\u00e8\u00f7 \u00ed\u00db\u00f3\u00f6 \u00f4\u00ef\u00f9 \u00e1\u00f0\u00e5\u00f9\u00f5\u00e5\u00dd\u00e1\u00f7 \u00e3\u00e5\u00eb\u00e1\u00f3\u00ed\u00ef\u00e0 \u00f3\u00f4\u00e8 \u00f3\u00f4\u00ef\u00ed\u00e1\u00f4\u00e9\u00eb\u00dc \u00eb\u00ef\u00e9\u00ec\u00de\u00f4\u00e8\u00f4\u00e1, \u00f3\u00f9\u00ed\u00e2\u00c0\u00ec\u00ec\u00ef\u00f9\u00ee \u00f3\u00f4\u00e8\u00ee \u00c0\u00ed\u00e5\u00f3\u00e8 \u00e4\u00e9\u00e1\u00ee\u00ef\u00ed\u00dc \u00f4\u00f6\u00ee \u00f5\u00f2\u00e5\u00f0\u00f4\u00e9\u00eb\u00f1\u00ee \u00f3\u00f9\u00f3\u00f4\u00e1\u00f4\u00e9\u00eb\u00f1\u00ee \u00f3\u00f4\u00e8\u00ee \u00eb\u00f9\u00eb\u00ec\u00ef\u00e6\u00ef\u00f2\u00dd\u00e1 \u00f4\u00ef\u00f9 \u00e1\u00dd\u00ed\u00e1\u00f4\u00ef\u00f7 \u00ed\u00db\u00f3\u00f6 \u00f4\u00f6\u00ee \u00f3\u00e9\u00e5\u00ec\u00ef\u00e7\u00de\u00ee\u00f6\u00ee \u00e1\u00e4\u00db\u00ee\u00f6\u00ee. \u00a2\u00e9\u00e1\u00f3\u00e6\u00e1\u00ec\u00dd\u00fa\u00e5\u00f4\u00e1\u00e9 \u00db\u00f4\u00f3\u00e9 \u00e8&nbsp;\u00ed\u00db\u00e7\u00e9\u00f3\u00f4\u00e8 \u00e1\u00f0\u00ef\u00f2\u00f2\u00ef\u00e6\u00e8\u00f3\u00e9\u00ed\u00de\u00f4\u00e8\u00f4\u00e1&nbsp;\u00f4\u00f6\u00ee \u00e4\u00f2\u00e1\u00f3\u00f4\u00e9\u00eb\u00f1\u00ee \u00f3\u00f9\u00f3\u00f4\u00e1\u00f4\u00e9\u00eb\u00f1\u00ee \u00e1\u00f0\u00de \u00f4\u00ef\u00ee \u00e1\u00ee\u00f5\u00f2\u00f1\u00f0\u00e9\u00ee\u00ef \u00ef\u00f2\u00e7\u00e1\u00ee\u00e9\u00f3\u00ed\u00de, \u00f3\u00f8\u00e5\u00e4\u00de\u00ee \u00f3\u00f4\u00ef 100% \u00f4\u00e8\u00f7 \u00f3\u00f9\u00e7\u00eb\u00db\u00ee\u00f4\u00f2\u00f6\u00f3\u00e8\u00f7 \u00f4\u00ef\u00f9\u00f7.<\/p>\n<p>H \u00e2\u00e9\u00f4\u00e1\u00ed\u00dd\u00ee\u00e8 D \u00f3\u00f9\u00ed\u00e2\u00c0\u00ec\u00ec\u00e5\u00e9 \u00f3\u00f4\u00e8&nbsp;\u00e4\u00e9\u00e1\u00f4\u00dc\u00f2\u00e8\u00f3\u00e8&nbsp;\u00f4\u00e8\u00f7 \u00e6\u00f9\u00f3\u00e9\u00ef\u00ec\u00ef\u00e7\u00e9\u00eb\u00dc\u00f7 \u00eb\u00e1\u00f4\u00c0\u00f3\u00f4\u00e1\u00f3\u00e8\u00f7 \u00f3\u00e5&nbsp;\u00ef\u00f3\u00f4\u00c0 \u00eb\u00e1\u00e9 \u00e4\u00de\u00ee\u00f4\u00e9\u00e1, \u00f3\u00f4\u00e8 \u00e6\u00f9\u00f3\u00e9\u00ef\u00ec\u00ef\u00e7\u00e9\u00eb\u00dc&nbsp;\u00ec\u00e5\u00e9\u00f4\u00ef\u00f9\u00f2\u00e7\u00dd\u00e1 \u00f4\u00ef\u00f9 \u00e1\u00ee\u00ef\u00f3\u00ef\u00f0\u00ef\u00e9\u00e8\u00f4\u00e9\u00eb\u00ef\u00e0&nbsp;\u00f3\u00f9\u00f3\u00f4\u00dc\u00ed\u00e1\u00f4\u00ef\u00f7, \u00f3\u00f4\u00e8 \u00e4\u00e9\u00e1\u00f4\u00dc\u00f2\u00e8\u00f3\u00e8 \u00f4\u00f6\u00ee&nbsp;\u00e6\u00f9\u00f3\u00e9\u00ef\u00ec\u00ef\u00e7\u00e9\u00eb\u00f1\u00ee \u00e5\u00f0\u00e9\u00f0\u00db\u00e4\u00f6\u00ee \u00e1\u00f3\u00e2\u00e5\u00f3\u00f4\u00dd\u00ef\u00f9 \u00f3\u00f4\u00ef \u00e1\u00dd\u00ed\u00e1, \u00f3\u00f4\u00e8 \u00e4\u00e9\u00e1\u00f4\u00dc\u00f2\u00e8\u00f3\u00e8 \u00f4\u00e8\u00f7 \u00e6\u00f9\u00f3\u00e9\u00ef\u00ec\u00ef\u00e7\u00e9\u00eb\u00dc\u00f7 \u00ec\u00e5\u00e9\u00f4\u00ef\u00f9\u00f2\u00e7\u00dd\u00e1\u00f7 \u00f4\u00f6\u00ee \u00ed\u00f9\u00f1\u00ee \u00eb\u00e1\u00e9 \u00f3\u00f4\u00e8 \u00e6\u00f9\u00f3\u00e9\u00ef\u00ec\u00ef\u00e7\u00e9\u00eb\u00dc&nbsp;\u00e1\u00f0\u00ef\u00f2\u00f2\u00de\u00e6\u00e8\u00f3\u00e8 \/&nbsp;\u00f8\u00f2\u00e8\u00f3\u00e9\u00ed\u00ef\u00f0\u00ef\u00dd\u00e8\u00f3\u00e8&nbsp;\u00e1\u00f3\u00e2\u00e5\u00f3\u00f4\u00dd\u00ef\u00f9 &amp; \u00e6\u00f6\u00f3\u00e6\u00de\u00f2\u00ef\u00f9&nbsp;\u00e1\u00f0\u00de \u00f4\u00ef\u00ee \u00ef\u00f2\u00e7\u00e1\u00ee\u00e9\u00f3\u00ed\u00de *<\/p>\n<p>\u00b8 \u00e2\u00e9\u00f4\u00e1\u00ed\u00dd\u00ee\u00e8 \u00ba \u00e5\u00dd\u00ee\u00e1\u00e9 \u00e1\u00f0\u00e1\u00f2\u00e1\u00dd\u00f4\u00e8\u00f4\u00e8 \u00e7\u00e9\u00e1 \u00f4\u00e8 \u00e6\u00f9\u00f3\u00e9\u00ef\u00ec\u00ef\u00e7\u00e9\u00eb\u00dc \u00ec\u00e5\u00e9\u00f4\u00ef\u00f9\u00f2\u00e7\u00dd\u00e1 \u00f4\u00f6\u00ee \u00ef\u00f3\u00f4\u00f1\u00ee \u00eb\u00e1\u00e9 \u00f4\u00e8\u00ee \u00eb\u00e1\u00ee\u00ef\u00ee\u00e9\u00eb\u00dc&nbsp;\u00f0\u00dc\u00ea\u00e8 \u00f4\u00ef\u00f9 \u00e1\u00dd\u00ed\u00e1\u00f4\u00ef\u00f7&nbsp;*<\/p>\n<p>* \u00c6\u00e1 \u00f0\u00e1\u00f2\u00e1\u00f0\u00c0\u00ee\u00f6 \u00e1\u00f0\u00ef\u00f4\u00e5\u00ec\u00ef\u00e0\u00ee \u00e5\u00f0\u00dd\u00f3\u00e8\u00ed\u00ef\u00f9\u00f7 \u00e9\u00f3\u00f8\u00f9\u00f2\u00e9\u00f3\u00ed\u00ef\u00e0\u00f7 \u00f9\u00e7\u00e5\u00dd\u00e1\u00f7 \u00e1\u00f0\u00de \u00f4\u00e8\u00ee E\u00f9\u00f2\u00f6\u00f0\u00e1\u00fb\u00eb\u00dc \u00b0\u00f2\u00f8\u00dc \u00b0\u00f3\u00e6\u00c0\u00ec\u00e5\u00e9\u00e1\u00f7 \u00c6\u00f2\u00ef\u00e6\u00dd\u00ed\u00f6\u00ee (EFSA).&nbsp;<\/p>\n<p>\u00a2\u00ef\u00f3\u00ef\u00ec\u00ef\u00e7\u00dd\u00e1<\/p>\n<p>5 \u00e3\u00e5\u00eb\u00e1\u00f3\u00ed\u00ef\u00dd \u00e8\u00ed\u00e5\u00f2\u00e8\u00f3\u00dd\u00f6\u00f7.<\/p>\n<p>\u00c3\u00e4\u00e8\u00e7\u00dd\u00e5\u00f7 \u00cc\u00f2\u00dc\u00f3\u00e8\u00f7<\/p>\n<p>\u00c1\u00e1 \u00ec\u00e1\u00ed\u00e2\u00c0\u00ee\u00e5\u00f4\u00e1\u00e9 \u00ed\u00e5\u00f4\u00c0 \u00f4\u00ef \u00e7\u00e5\u00e0\u00ed\u00e1.<\/p>\n<p>\u00a6\u00f2\u00ef\u00e6\u00f9\u00ec\u00c0\u00ea\u00e5\u00e9\u00f7<\/p>\n<p>\u00c1\u00e1 \u00ed\u00e8 \u00e7\u00dd\u00ee\u00e5\u00f4\u00e1\u00e9 \u00f9\u00f0\u00db\u00f2\u00e2\u00e1\u00f3\u00e8 \u00f4\u00e8\u00f7 \u00f3\u00f9\u00ee\u00e9\u00f3\u00f4\u00f1\u00ed\u00e5\u00ee\u00e8\u00f7 \u00e8\u00ed\u00e5\u00f2\u00dc\u00f3\u00e9\u00e1\u00f7 \u00e4\u00de\u00f3\u00e8\u00f7.<\/p>\n<p>\u00c1\u00e1 \u00e6\u00f9\u00ec\u00c0\u00f3\u00f3\u00e5\u00f4\u00e1\u00e9 \u00ed\u00e1\u00eb\u00f2\u00e9\u00c0 \u00e1\u00f0\u00de \u00ed\u00e9\u00eb\u00f2\u00c0 \u00f0\u00e1\u00e9\u00e4\u00e9\u00c0.<\/p>\n<p>\u00b0\u00f2. \u00a1\u00ee\u00f6\u00f3\u00f4. \u00b6\u00c3\u00bc:131388 04\/11\/2019. \u00c3 \u00e1\u00f2\u00e9\u00f5\u00ed\u00de\u00f7 \u00e7\u00ee\u00f6\u00f3\u00f4\u00ef\u00f0\u00ef\u00dd\u00e8\u00f3\u00e8\u00f7 \u00f3\u00f4\u00ef\u00ee \u00b6\u00c3\u00bc \u00e4\u00e5\u00ee \u00e5\u00f0\u00db\u00f8\u00e5\u00e9 \u00f5\u00db\u00f3\u00e8 \u00c0\u00e4\u00e5\u00e9\u00e1\u00f7 \u00eb\u00f9\u00eb\u00ec\u00ef\u00e6\u00ef\u00f2\u00dd\u00e1\u00f7 \u00f4\u00ef\u00f9 \u00b6\u00c3\u00bc.<\/p>\n","protected":false},"featured_media":0,"comment_status":"closed","ping_status":"open","template":"","meta":{"_monsterinsights_skip_tracking":false,"_monsterinsights_sitenote_active":false,"_monsterinsights_sitenote_note":"","_monsterinsights_sitenote_category":0},"product_brand":[],"product_cat":[15],"product_tag":[],"class_list":{"0":"post-8356","1":"product","2":"type-product","3":"status-publish","5":"product_cat-uncategorized","7":"first","8":"outofstock","9":"sale","10":"purchasable","11":"product-type-simple"},"aioseo_notices":[],"jetpack_sharing_enabled":true,"_links":{"self":[{"href":"https:\/\/demo3.bigdigital.gr\/index.php\/wp-json\/wp\/v2\/product\/8356","targetHints":{"allow":["GET"]}}],"collection":[{"href":"https:\/\/demo3.bigdigital.gr\/index.php\/wp-json\/wp\/v2\/product"}],"about":[{"href":"https:\/\/demo3.bigdigital.gr\/index.php\/wp-json\/wp\/v2\/types\/product"}],"replies":[{"embeddable":true,"href":"https:\/\/demo3.bigdigital.gr\/index.php\/wp-json\/wp\/v2\/comments?post=8356"}],"wp:attachment":[{"href":"https:\/\/demo3.bigdigital.gr\/index.php\/wp-json\/wp\/v2\/media?parent=8356"}],"wp:term":[{"taxonomy":"product_brand","embeddable":true,"href":"https:\/\/demo3.bigdigital.gr\/index.php\/wp-json\/wp\/v2\/product_brand?post=8356"},{"taxonomy":"product_cat","embeddable":true,"href":"https:\/\/demo3.bigdigital.gr\/index.php\/wp-json\/wp\/v2\/product_cat?post=8356"},{"taxonomy":"product_tag","embeddable":true,"href":"https:\/\/demo3.bigdigital.gr\/index.php\/wp-json\/wp\/v2\/product_tag?post=8356"}],"curies":[{"name":"wp","href":"https:\/\/api.w.org\/{rel}","templated":true}]}}