{"id":8358,"date":"2025-10-14T08:17:23","date_gmt":"2025-10-14T06:17:23","guid":{"rendered":"https:\/\/demo3.bigdigital.gr\/index.php\/product\/ag-pharm-arnica-cream-100ml-2\/"},"modified":"2025-10-14T08:17:23","modified_gmt":"2025-10-14T06:17:23","slug":"ag-pharm-arnica-cream-100ml-2","status":"publish","type":"product","link":"https:\/\/demo3.bigdigital.gr\/index.php\/product\/ag-pharm-arnica-cream-100ml-2\/","title":{"rendered":"AG PHARM ARNICA CREAM 100ML"},"content":{"rendered":"","protected":false},"excerpt":{"rendered":"<p>AG PHARM ARNICA CREAM 100ML<\/p>\n<p>\u00b8 \u00c0\u00f2\u00ee\u00e9\u00eb\u00e1 \u00db\u00f8\u00e5\u00e9 \u00f8\u00f2\u00e8\u00f3\u00e9\u00ed\u00ef\u00f0\u00ef\u00e9\u00e8\u00f5\u00e5\u00dd \u00f0\u00e1\u00f2\u00e1\u00e4\u00ef\u00f3\u00e9\u00e1\u00eb\u00c0 \u00e7\u00e9\u00e1 \u00f4\u00ef\u00f9\u00f7 \u00f0\u00de\u00ee\u00ef\u00f9\u00f7 \u00f4\u00f6\u00ee \u00ed\u00f9\u00f1\u00ee \u00ed\u00e5\u00f4\u00c0 \u00e1\u00f0\u00de \u00f0\u00f4\u00f1\u00f3\u00e8 \u00dc \u00f8\u00f4\u00e0\u00f0\u00e8\u00ed\u00e1, \u00e7\u00e9\u00e1 \u00f4\u00ef\u00f9\u00f7 \u00ed\u00f1\u00ec\u00f6\u00f0\u00e5\u00f7 \u00eb\u00e1\u00e9 \u00f4\u00ef\u00f9\u00f7 \u00ed\u00e9\u00eb\u00f2\u00ef\u00f4\u00f2\u00e1\u00f9\u00ed\u00e1\u00f4\u00e9\u00f3\u00ed\u00ef\u00e0\u00f7.<\/p>\n<p>\u00b8 \u00eb\u00f2\u00db\u00ed\u00e1 arnica \u00e5\u00dd\u00ee\u00e1\u00e9 \u00f0\u00ec\u00ef\u00e0\u00f3\u00e9\u00e1 \u00f3\u00e5 \u00db\u00ec\u00e1\u00e9\u00ef (5%), \u00f3\u00e5 \u00e5\u00eb\u00f8\u00e0\u00ec\u00e9\u00f3\u00ed\u00e1 (5%) \u00eb\u00e1\u00e9 \u00f3\u00e5 \u00db\u00e7\u00f8\u00f9\u00ed\u00e1 (70%) \u00c0\u00f2\u00ee\u00e9\u00eb\u00e1\u00f7 \u00f0\u00f2\u00ef\u00f3\u00e6\u00db\u00f2\u00ef\u00ee\u00f4\u00e1\u00f7 \u00de\u00ec\u00e5\u00f7 \u00f4\u00e9\u00f7 \u00e5\u00f9\u00e5\u00f2\u00e7\u00e5\u00f4\u00e9\u00eb\u00db\u00f7 \u00e9\u00e4\u00e9\u00de\u00f4\u00e8\u00f4\u00e5\u00f7 \u00f4\u00ef\u00f9 \u00e6\u00f9\u00f4\u00ef\u00e0.<\/p>\n<p>\u00cc\u00c4\u00b8\u00aa\u00b8:<br \/>\n\u00b0\u00f0\u00ec\u00f1\u00f3\u00f4\u00e5 \u00ed\u00e5 \u00e1\u00f0\u00e1\u00ec\u00db\u00f7 \u00eb\u00e9\u00ee\u00dc\u00f3\u00e5\u00e9\u00f7, \u00e5\u00f0\u00e1\u00f2\u00eb\u00dc \u00f0\u00ef\u00f3\u00de\u00f4\u00e8\u00f4\u00e1 \u00f3\u00f4\u00e8\u00ee \u00f0\u00e5\u00f2\u00e9\u00ef\u00f8\u00dc \u00de\u00f0\u00ef\u00f9 \u00f9\u00f0\u00c0\u00f2\u00f8\u00e5\u00e9 \u00e1\u00ee\u00c0\u00e7\u00eb\u00e8.<br \/>\n\u00cc\u00f2\u00e8\u00f3\u00e9\u00ed\u00ef\u00f0\u00ef\u00e9\u00dc\u00f3\u00f4\u00e5 2-3 \u00e6\u00ef\u00f2\u00db\u00f7 \u00f4\u00e8\u00ee \u00e8\u00ed\u00db\u00f2\u00e1.<br \/>\n\u00c1\u00e1 \u00ed\u00e8\u00ee \u00f8\u00f2\u00e8\u00f3\u00e9\u00ed\u00ef\u00f0\u00ef\u00e9\u00e5\u00dd\u00f4\u00e1\u00e9 \u00f3\u00e5 \u00e1\u00ee\u00ef\u00e9\u00f8\u00f4\u00db\u00f7 \u00f0\u00ec\u00e8\u00e7\u00db\u00f7.<br \/>\n\u00bb\u00de\u00ee\u00ef \u00e7\u00e9\u00e1 \u00e5\u00ea\u00f6\u00f4\u00e5\u00f2\u00e9\u00eb\u00dc \u00f8\u00f2\u00dc\u00f3\u00e8.<br \/>\n&nbsp;<\/p>\n","protected":false},"featured_media":0,"comment_status":"closed","ping_status":"open","template":"","meta":{"_monsterinsights_skip_tracking":false,"_monsterinsights_sitenote_active":false,"_monsterinsights_sitenote_note":"","_monsterinsights_sitenote_category":0},"product_brand":[],"product_cat":[15],"product_tag":[],"class_list":{"0":"post-8358","1":"product","2":"type-product","3":"status-publish","5":"product_cat-uncategorized","7":"first","8":"outofstock","9":"purchasable","10":"product-type-simple"},"aioseo_notices":[],"jetpack_sharing_enabled":true,"_links":{"self":[{"href":"https:\/\/demo3.bigdigital.gr\/index.php\/wp-json\/wp\/v2\/product\/8358","targetHints":{"allow":["GET"]}}],"collection":[{"href":"https:\/\/demo3.bigdigital.gr\/index.php\/wp-json\/wp\/v2\/product"}],"about":[{"href":"https:\/\/demo3.bigdigital.gr\/index.php\/wp-json\/wp\/v2\/types\/product"}],"replies":[{"embeddable":true,"href":"https:\/\/demo3.bigdigital.gr\/index.php\/wp-json\/wp\/v2\/comments?post=8358"}],"wp:attachment":[{"href":"https:\/\/demo3.bigdigital.gr\/index.php\/wp-json\/wp\/v2\/media?parent=8358"}],"wp:term":[{"taxonomy":"product_brand","embeddable":true,"href":"https:\/\/demo3.bigdigital.gr\/index.php\/wp-json\/wp\/v2\/product_brand?post=8358"},{"taxonomy":"product_cat","embeddable":true,"href":"https:\/\/demo3.bigdigital.gr\/index.php\/wp-json\/wp\/v2\/product_cat?post=8358"},{"taxonomy":"product_tag","embeddable":true,"href":"https:\/\/demo3.bigdigital.gr\/index.php\/wp-json\/wp\/v2\/product_tag?post=8358"}],"curies":[{"name":"wp","href":"https:\/\/api.w.org\/{rel}","templated":true}]}}