{"id":8384,"date":"2025-10-14T08:17:25","date_gmt":"2025-10-14T06:17:25","guid":{"rendered":"https:\/\/demo3.bigdigital.gr\/index.php\/product\/korres-aeuyiouao-eae-iooiiuiiii-aeothiiuooi-250ml\/"},"modified":"2025-10-14T08:17:26","modified_gmt":"2025-10-14T06:17:26","slug":"korres-aeuyiouao-eae-iooiiuiiii-aeothiiuooi-250ml","status":"publish","type":"product","link":"https:\/\/demo3.bigdigital.gr\/index.php\/product\/korres-aeuyiouao-eae-iooiiuiiii-aeothiiuooi-250ml\/","title":{"rendered":"Korres \u00c6\u00fa\u00dd\u00ee\u00f4\u00fa\u00e5\u00f2 \u00eb\u00e1\u00e9 \u00bb\u00ef\u00f3\u00f8\u00ef\u00ec\u00db\u00ed\u00ef\u00ee\u00ef \u00b0\u00e6\u00f2\u00de\u00ec\u00ef\u00f9\u00f4\u00f2\u00ef 250ml"},"content":{"rendered":"","protected":false},"excerpt":{"rendered":"<p>Korres \u00c6\u00fa\u00dd\u00ee\u00f4\u00fa\u00e5\u00f2 \u00eb\u00e1\u00e9 \u00bb\u00ef\u00f3\u00f8\u00ef\u00ec\u00db\u00ed\u00ef\u00ee\u00ef \u00b0\u00e6\u00f2\u00de\u00ec\u00ef\u00f9\u00f4\u00f2\u00ef 250ml<\/p>\n<p>\u00b0\u00bc\u00c4\u00c3\u00a4\u00c3\u00cb\u00c6\u00c4\u00c3 \u00c6\u00b7I\u00c1\u00c6\u00b7\u00b6\u00c4 \u00bb\u00c3\u00aa\u00cc\u00c3\u00a4E\u00bb\u00c3\u00c1\u00c3<br \/>\n\u00a2\u00f2\u00ef\u00f3\u00e5\u00f2\u00db\u00f7 \u00ee\u00de\u00f4\u00e5\u00f7 \u00e1\u00f0\u00de lime \u00eb\u00e1\u00e9 \u00e6\u00f2\u00db\u00f3\u00eb\u00ef ginger. \u00b0\u00e6\u00f2\u00de\u00ec\u00ef\u00f9\u00f4\u00f2\u00ef \u00e5\u00ed\u00f0\u00ec\u00ef\u00f9\u00f4\u00e9\u00f3\u00ed\u00db\u00ee\u00ef \u00ed\u00e5 \u00f0\u00f2\u00f6\u00f4\u00e5\u00fd\u00ee\u00e5\u00f7 \u00aa\u00e9\u00f4\u00e1\u00f2\u00e9\u00ef\u00e0 \u00eb\u00e1\u00e9 \u00e5\u00eb\u00f8\u00f9\u00ec\u00dd\u00f3\u00ed\u00e1\u00f4\u00e1 \u00b0\u00ec\u00de\u00e8\u00f7 \u00eb\u00e1\u00e9 \u00b0\u00ec\u00f5\u00e1\u00dd\u00e1\u00f7, \u00e2\u00ef\u00e8\u00f5\u00c0 \u00f3\u00f4\u00e8 \u00e4\u00e9\u00e1\u00f4\u00dc\u00f2\u00e8\u00f3\u00e8 \u00f4\u00f6\u00ee \u00e5\u00f0\u00e9\u00f0\u00db\u00e4\u00f6\u00ee \u00e5\u00ee\u00f9\u00e4\u00c0\u00f4\u00f6\u00f3\u00e8\u00f7 \u00f4\u00e8\u00f7 \u00e5\u00f0\u00e9\u00e4\u00e5\u00f2\u00ed\u00dd\u00e4\u00e1\u00f7.<br \/>\n&nbsp;<\/p>\n<p>90.3% Natural Origin Content<\/p>\n<p>\u00a2\u00e5\u00f2\u00ed\u00e1\u00f4\u00ef\u00ec\u00ef\u00e7\u00e9\u00eb\u00c0 \u00b6\u00ec\u00e5\u00e7\u00ed\u00db\u00ee\u00ef<\/p>\n","protected":false},"featured_media":0,"comment_status":"closed","ping_status":"open","template":"","meta":{"_monsterinsights_skip_tracking":false,"_monsterinsights_sitenote_active":false,"_monsterinsights_sitenote_note":"","_monsterinsights_sitenote_category":0},"product_brand":[],"product_cat":[15],"product_tag":[],"class_list":{"0":"post-8384","1":"product","2":"type-product","3":"status-publish","5":"product_cat-uncategorized","7":"first","8":"instock","9":"sale","10":"purchasable","11":"product-type-simple"},"aioseo_notices":[],"jetpack_sharing_enabled":true,"_links":{"self":[{"href":"https:\/\/demo3.bigdigital.gr\/index.php\/wp-json\/wp\/v2\/product\/8384","targetHints":{"allow":["GET"]}}],"collection":[{"href":"https:\/\/demo3.bigdigital.gr\/index.php\/wp-json\/wp\/v2\/product"}],"about":[{"href":"https:\/\/demo3.bigdigital.gr\/index.php\/wp-json\/wp\/v2\/types\/product"}],"replies":[{"embeddable":true,"href":"https:\/\/demo3.bigdigital.gr\/index.php\/wp-json\/wp\/v2\/comments?post=8384"}],"wp:attachment":[{"href":"https:\/\/demo3.bigdigital.gr\/index.php\/wp-json\/wp\/v2\/media?parent=8384"}],"wp:term":[{"taxonomy":"product_brand","embeddable":true,"href":"https:\/\/demo3.bigdigital.gr\/index.php\/wp-json\/wp\/v2\/product_brand?post=8384"},{"taxonomy":"product_cat","embeddable":true,"href":"https:\/\/demo3.bigdigital.gr\/index.php\/wp-json\/wp\/v2\/product_cat?post=8384"},{"taxonomy":"product_tag","embeddable":true,"href":"https:\/\/demo3.bigdigital.gr\/index.php\/wp-json\/wp\/v2\/product_tag?post=8384"}],"curies":[{"name":"wp","href":"https:\/\/api.w.org\/{rel}","templated":true}]}}