{"id":8427,"date":"2025-10-14T08:17:30","date_gmt":"2025-10-14T06:17:30","guid":{"rendered":"https:\/\/demo3.bigdigital.gr\/index.php\/product\/ils-pharma-excellvie-vitamin-d3-2000iu-k2-100ig-zinc-10mg-30caps\/"},"modified":"2025-11-03T15:16:30","modified_gmt":"2025-11-03T13:16:30","slug":"ils-pharma-excellvie-vitamin-d3-2000iu-k2-100ig-zinc-10mg-30caps","status":"publish","type":"product","link":"https:\/\/demo3.bigdigital.gr\/index.php\/product\/ils-pharma-excellvie-vitamin-d3-2000iu-k2-100ig-zinc-10mg-30caps\/","title":{"rendered":"Ils Pharma ExcellVie Vitamin D3 2000iu + K2 100\u00edg + Zinc 10mg 30Caps"},"content":{"rendered":"","protected":false},"excerpt":{"rendered":"<p><strong>Ils Pharma ExcellVie Vitamin D3 2000iu + K2 100\u00edg + Zinc 10mg 30Caps<\/strong><\/p>\n<p>\u00aa\u00f9\u00ed\u00f0\u00ec\u00dc\u00f2\u00f6\u00ed\u00e1 \u00e4\u00e9\u00e1\u00f4\u00f2\u00ef\u00e6\u00dc\u00f7 \u00f4\u00e8\u00f7 \u00e5\u00f4\u00e1\u00e9\u00f2\u00e5\u00dd\u00e1\u00f7\u00a0ILS Pharma\u00a0\u00ed\u00e5 \u00e2\u00e9\u00f4\u00e1\u00ed\u00dd\u00ee\u00e8\u00a0D3 + K2\u00a0\u00eb\u00e1\u00f4\u00c0\u00ec\u00ec\u00e8\u00ec\u00ef \u00e7\u00e9\u00e1 \u00c0\u00ee\u00e4\u00f2\u00e5\u00f7 \u00eb\u00e1\u00e9 \u00e7\u00f9\u00ee\u00e1\u00dd\u00eb\u00e5\u00f7. \u00b8 \u00e2\u00e9\u00f4\u00e1\u00ed\u00dd\u00ee\u00e8\u00a0D3\u00a0\u00e2\u00ef\u00e8\u00f5\u00c0 \u00f3\u00f4\u00e8\u00ee\u00a0\u00f9\u00e7\u00e5\u00dd\u00e1 \u00f4\u00f6\u00ee \u00ef\u00f3\u00f4\u00f1\u00ee, \u00e5\u00ee\u00f1 \u00e8\u00a0\u00e2\u00e9\u00f4\u00e1\u00ed\u00dd\u00ee\u00e8 K\u00a0\u00e2\u00ef\u00e8\u00f5\u00c0 \u00f3\u00f4\u00e8\u00ee \u00f0\u00dc\u00ea\u00e8 \u00f4\u00ef\u00f9 \u00e1\u00dd\u00ed\u00e1\u00f4\u00ef\u00f7. \u00c3 \u00f3\u00f9\u00ee\u00e4\u00f9\u00e1\u00f3\u00ed\u00de\u00f7 \u00f4\u00f6\u00ee \u00e4\u00e0\u00ef \u00e1\u00f9\u00f4\u00f1\u00ee \u00e2\u00e9\u00f4\u00e1\u00ed\u00e9\u00ee\u00f1\u00ee \u00f3\u00f9\u00ed\u00e2\u00c0\u00ec\u00ec\u00e5\u00e9 \u00f3\u00f4\u00e8\u00ee\u00a0\u00ef\u00f3\u00f4\u00e9\u00eb\u00dc \u00f0\u00f9\u00eb\u00ee\u00de\u00f4\u00e8\u00f4\u00e1\u00a0\u00eb\u00e1\u00e9 \u00f3\u00f4\u00e8\u00a0\u00e7\u00e5\u00ee\u00e9\u00eb\u00de\u00f4\u00e5\u00f2\u00e8 \u00f9\u00e7\u00e5\u00dd\u00e1 \u00f4\u00f6\u00ee \u00ef\u00f3\u00f4\u00f1\u00ee\u00a0\u00f0\u00f2\u00ef\u00ec\u00e1\u00ed\u00e2\u00c0\u00ee\u00ef\u00ee\u00f4\u00e1\u00f7 \u00f4\u00e8\u00ee \u00ef\u00f3\u00f4\u00e5\u00ef\u00f0\u00e5\u00ee\u00dd\u00e1 \u00eb\u00e1\u00e9 \u00f4\u00e8\u00ee \u00ef\u00f3\u00f4\u00e5\u00ef\u00f0\u00de\u00f2\u00f6\u00f3\u00e8.<\/p>\n<p>\u00a6\u00b6\u00c4\u00b9\u00a1\u00c4\u00b0\u00bc\u00b8<\/p>\n<p>\u00b8 \u00e2\u00e9\u00f4\u00e1\u00ed\u00dd\u00ee\u00e8 D \u00f3\u00f9\u00ed\u00e2\u00c0\u00ec\u00ec\u00e5\u00e9:<\/p>\n<p>\u00aa\u00f4\u00e8 \u00e6\u00f9\u00f3\u00e9\u00ef\u00ec\u00ef\u00e7\u00e9\u00eb__ \u00e1\u00f0\u00ef\u00f2\u00f2\u00de\u00e6\u00e8\u00f3\u00e8\/\u00f8\u00f2\u00e8\u00f3\u00e9\u00ed\u00ef\u00f0\u00ef\u00dd\u00e8\u00f3\u00e8 \u00f4\u00ef\u00f9 \u00e1\u00f3\u00e2\u00e5\u00f3\u00f4\u00dd\u00ef\u00f9 \u00eb\u00e1\u00e9 \u00f4\u00ef\u00f9 \u00e6\u00f6\u00f3\u00e6\u00de\u00f2\u00ef\u00f9.<\/p>\n<p>\u00aa\u00f4\u00e8 \u00e4\u00e9\u00e1\u00f4\u00dc\u00f2\u00e8\u00f3\u00e8 \u00f4\u00f6\u00ee \u00e6\u00f9\u00f3\u00e9\u00ef\u00ec\u00ef\u00e7\u00e9\u00eb\u00f1\u00ee \u00e5\u00f0\u00e9\u00f0\u00db\u00e4\u00f6\u00ee \u00f4\u00ef\u00f9 \u00e1\u00f3\u00e2\u00e5\u00f3\u00f4\u00dd\u00ef\u00f9 \u00f3\u00f4\u00ef \u00e1\u00dd\u00ed\u00e1.<\/p>\n<p>\u00aa\u00f4\u00e8\u00ee \u00eb\u00e1\u00ec\u00dc \u00ec\u00e5\u00e9\u00f4\u00ef\u00f9\u00f2\u00e7\u00dd\u00e1 \u00f4\u00ef\u00f9 \u00e1\u00ee\u00ef\u00f3\u00ef\u00f0\u00ef\u00e9\u00e8\u00f4\u00e9\u00eb\u00ef\u00e0 \u00f3\u00f9\u00f3\u00f4\u00dc\u00ed\u00e1\u00f4\u00ef\u00f7<\/p>\n<p>\u00aa\u00f4\u00e8 \u00e4\u00e9\u00e1\u00f4\u00dc\u00f2\u00e8\u00f3\u00e8 \u00f4\u00e8\u00f7 \u00e6\u00f9\u00f3\u00e9\u00ef\u00ec\u00ef\u00e7\u00e9\u00eb\u00dc\u00f7 \u00eb\u00e1\u00f4\u00c0\u00f3\u00f4\u00e1\u00f3\u00e8\u00f7 \u00f4\u00f6\u00ee \u00ef\u00f3\u00f4\u00f1\u00ee, \u00f4\u00f6\u00ee \u00e4\u00ef\u00ee\u00f4\u00e9\u00f1\u00ee \u00eb\u00e1\u00e9 \u00f4\u00e8\u00f7 \u00e6\u00f9\u00f3\u00e9\u00ef\u00ec\u00ef\u00e7\u00e9\u00eb\u00dc\u00f7 \u00ec\u00e5\u00e9\u00f4\u00ef\u00f9\u00f2\u00e7\u00dd\u00e1\u00f7 \u00f4\u00f6\u00ee \u00ed\u00f9\u00f1\u00ee.<\/p>\n<p>\u00b8 \u00e2\u00e9\u00f4\u00e1\u00ee\u00dd\u00ee\u00e8 \u00ba2 \u00f3\u00f9\u00ed\u00e2\u00c0\u00ec\u00ec\u00e5\u00e9:<\/p>\n<p>\u00aa\u00f4\u00e8 \u00e2\u00db\u00ec\u00f4\u00e9\u00f3\u00f4\u00e8 \u00e1\u00f0\u00ef\u00f2\u00f2\u00de\u00e6\u00e8\u00f3\u00e8 \u00f4\u00ef\u00f9 \u00e1\u00f3\u00e2\u00e5\u00f3\u00f4\u00dd\u00ef\u00f9.<\/p>\n<p>\u00aa\u00f4\u00e8 \u00e6\u00f9\u00f3\u00e9\u00ef\u00ec\u00ef\u00e7\u00e9\u00eb\u00dc \u00f0\u00dc\u00ea\u00e8 \u00f4\u00ef\u00f9 \u00e1\u00dd\u00ed\u00e1\u00f4\u00ef\u00f7.<\/p>\n<p>\u00aa\u00f4\u00e8 \u00e4\u00e9\u00e1\u00f4\u00dc\u00f2\u00e8\u00f3\u00e8 \u00f4\u00e8\u00f7 \u00e6\u00f9\u00f3\u00e9\u00ef\u00ec\u00ef\u00e7\u00e9\u00eb\u00dc\u00f7 \u00eb\u00e1\u00f4\u00c0\u00f3\u00f4\u00e1\u00f3\u00e8\u00f7 \u00f4\u00f6\u00ee \u00ef\u00f3\u00f4\u00f1\u00ee.<\/p>\n<p>\u00c3 \u00e3\u00e5\u00f9\u00e4\u00c0\u00f2\u00e7\u00f9\u00f2\u00ef\u00f7 \u00f3\u00f9\u00ed\u00e2\u00c0\u00ec\u00ec\u00e5\u00e9:<\/p>\n<p>\u00aa\u00f4\u00e8 \u00e4\u00e9\u00e1\u00f4\u00dc\u00f2\u00e8\u00f3\u00e8 \u00f4\u00e8\u00f7 \u00e6\u00f9\u00f3\u00e9\u00ef\u00ec\u00ef\u00e7\u00e9\u00eb\u00dc\u00f7 \u00eb\u00e1\u00f4\u00c0\u00f3\u00f4\u00e1\u00f3\u00e8\u00f7 \u00f4\u00f6\u00ee \u00ef\u00f3\u00f4\u00f1\u00ee.<\/p>\n<p>\u00aa\u00f4\u00e8 \u00e4\u00e9\u00e1\u00f4\u00dc\u00f2\u00e8\u00f3\u00e8 \u00f4\u00e8\u00f7 \u00e6\u00f9\u00f3\u00e9\u00ef\u00ec\u00ef\u00e7\u00e9\u00eb\u00dc\u00f7 \u00eb\u00e1\u00f4\u00c0\u00f3\u00f4\u00e1\u00f3\u00e8\u00f7 \u00f4\u00f6\u00ee \u00ed\u00e1\u00ec\u00ec\u00e9\u00f1\u00ee \u00eb\u00e1\u00e9 \u00f4\u00ef\u00f9 \u00e4\u00db\u00f2\u00ed\u00e1\u00f4\u00ef\u00f7<\/p>\n<p>\u00aa\u00f4\u00e8\u00ee \u00eb\u00e1\u00ec\u00dc \u00ec\u00e5\u00e9\u00f4\u00ef\u00f9\u00f2\u00e7\u00dd\u00e1 \u00f4\u00ef\u00f9 \u00e1\u00ee\u00ef\u00f3\u00ef\u00f0\u00ef\u00e9\u00e8\u00f4\u00e9\u00eb\u00ef\u00e0 \u00f3\u00f9\u00f3\u00f4\u00dc\u00ed\u00e1\u00f4\u00ef\u00f7<\/p>\n<p>&nbsp;<\/p>\n","protected":false},"featured_media":0,"comment_status":"closed","ping_status":"open","template":"","meta":{"_monsterinsights_skip_tracking":false,"_monsterinsights_sitenote_active":false,"_monsterinsights_sitenote_note":"","_monsterinsights_sitenote_category":0},"product_brand":[1163],"product_cat":[1180,90],"product_tag":[],"class_list":{"0":"post-8427","1":"product","2":"type-product","3":"status-publish","5":"product_brand-ils-pharma","6":"product_cat-katalogos","7":"product_cat-90","9":"first","10":"outofstock","11":"purchasable","12":"product-type-simple"},"aioseo_notices":[],"jetpack_sharing_enabled":true,"_links":{"self":[{"href":"https:\/\/demo3.bigdigital.gr\/index.php\/wp-json\/wp\/v2\/product\/8427","targetHints":{"allow":["GET"]}}],"collection":[{"href":"https:\/\/demo3.bigdigital.gr\/index.php\/wp-json\/wp\/v2\/product"}],"about":[{"href":"https:\/\/demo3.bigdigital.gr\/index.php\/wp-json\/wp\/v2\/types\/product"}],"replies":[{"embeddable":true,"href":"https:\/\/demo3.bigdigital.gr\/index.php\/wp-json\/wp\/v2\/comments?post=8427"}],"wp:attachment":[{"href":"https:\/\/demo3.bigdigital.gr\/index.php\/wp-json\/wp\/v2\/media?parent=8427"}],"wp:term":[{"taxonomy":"product_brand","embeddable":true,"href":"https:\/\/demo3.bigdigital.gr\/index.php\/wp-json\/wp\/v2\/product_brand?post=8427"},{"taxonomy":"product_cat","embeddable":true,"href":"https:\/\/demo3.bigdigital.gr\/index.php\/wp-json\/wp\/v2\/product_cat?post=8427"},{"taxonomy":"product_tag","embeddable":true,"href":"https:\/\/demo3.bigdigital.gr\/index.php\/wp-json\/wp\/v2\/product_tag?post=8427"}],"curies":[{"name":"wp","href":"https:\/\/api.w.org\/{rel}","templated":true}]}}