{"id":8460,"date":"2025-10-14T08:17:36","date_gmt":"2025-10-14T06:17:36","guid":{"rendered":"https:\/\/demo3.bigdigital.gr\/index.php\/product\/fresh-line-mango-boby-water-150ml-2\/"},"modified":"2025-11-03T13:39:00","modified_gmt":"2025-11-03T11:39:00","slug":"fresh-line-mango-boby-water-150ml-2","status":"publish","type":"product","link":"https:\/\/demo3.bigdigital.gr\/index.php\/product\/fresh-line-mango-boby-water-150ml-2\/","title":{"rendered":"FRESH LINE Mango BOBY WATER 150ml"},"content":{"rendered":"","protected":false},"excerpt":{"rendered":"<p>FRESH LINE Mango BOBY WATER 150ml<\/p>\n<p>\u00bb\u00b0\u00c1\u00a1\u00ba\u00c3<\/p>\n<p>\u00b0\u00f2\u00f6\u00ed\u00e1\u00f4\u00e9\u00eb\u00de \u00c1\u00e5\u00f2\u00de \u00aa\u00f1\u00ed\u00e1\u00f4\u00ef\u00f7 \u00bb\u00c0\u00ee\u00e7\u00eb\u00ef<\/p>\n<p>\u00e5\u00ed\u00f0\u00ec\u00ef\u00f9\u00f4\u00e9\u00f3\u00ed\u00db\u00ee\u00ef \u00ed\u00e5 \u00e6\u00f9\u00f3\u00e9\u00eb\u00c0 \u00e5\u00eb\u00f8\u00f9\u00ec\u00dd\u00f3\u00ed\u00e1\u00f4\u00e1<\/p>\n<p>\u00b0\u00ee \u00db\u00f8\u00e5\u00e9\u00f7 \u00eb\u00e1\u00eb\u00dc \u00e4\u00e9\u00c0\u00f5\u00e5\u00f3\u00e8, \u00f4\u00de\u00f4\u00e5 \u00e3\u00e5\u00eb\u00c0\u00f3\u00ef\u00f9 \u00ed\u00e5 \u00e1\u00f9\u00f4\u00de \u00f4\u00ef \u00ee\u00e5\u00f2\u00de \u00eb\u00e1\u00e9 \u00f5\u00e1 \u00eb\u00e1\u00f4\u00e1\u00ec\u00c0\u00e2\u00e5\u00e9\u00f7 \u00e1\u00ed\u00db\u00f3\u00f6\u00f7 \u00f4\u00e9 \u00f0\u00c0\u00e5\u00e9 \u00ee\u00e1 \u00f0\u00e5\u00e9 \u00b7\u00ef\u00f9\u00ed\u00e5\u00f2\u00de \u00bb\u00c0\u00ee\u00e7\u00eb\u00ef<\/p>\n<p>\u00c1\u00de\u00f4\u00e5\u00f7 \u00f0\u00ef\u00f2\u00f4\u00ef\u00eb\u00e1\u00ec\u00e9\u00ef\u00e0 &amp; \u00e7\u00eb\u00f2\u00db\u00e9\u00f0\u00e6\u00f2\u00ef\u00f9\u00f4, \u00e1\u00ee\u00e1\u00ed\u00e9\u00e7\u00ee\u00e0\u00ef\u00ee\u00f4\u00e1\u00e9 \u00e1\u00f2\u00ed\u00ef\u00ee\u00e9\u00eb\u00c0 \u00ed\u00e5 \u00ed\u00c0\u00ee\u00e7\u00eb\u00ef &amp; \u00e1\u00ee\u00e1\u00ee\u00c0 \u00eb\u00e1\u00e9 \u00f3\u00ef\u00f9 \u00f0\u00f2\u00ef\u00f3\u00e6\u00db\u00f2\u00ef\u00f9\u00ee \u00ed\u00e9\u00e1 \u00ed\u00ef\u00ee\u00e1\u00e4\u00e9\u00eb\u00dc &amp; \u00e1\u00f0\u00ef\u00ec\u00e1\u00f9\u00f3\u00f4\u00e9\u00eb\u00dc \u00e5\u00ed\u00f0\u00e5\u00e9\u00f2\u00dd\u00e1 \u00e7\u00e9\u00e1 \u00de\u00ec\u00e8 \u00f4\u00e8 \u00e4\u00e9\u00c0\u00f2\u00eb\u00e5\u00e9\u00e1 \u00f4\u00e8\u00f7 \u00e8\u00ed\u00db\u00f2\u00e1\u00f7!<\/p>\n<p>\u00c6\u00ef \u00e5\u00eb\u00f8\u00e0\u00ec\u00e9\u00f3\u00ed\u00e1 \u00ed\u00c0\u00ee\u00e7\u00eb\u00ef \u00f0\u00f2\u00ef\u00f3\u00e4\u00dd\u00e4\u00e5\u00e9 \u00e5\u00ee\u00f9\u00e4\u00e1\u00f4\u00e9\u00eb\u00dc &amp; \u00e1\u00ee\u00f4\u00e9\u00ef\u00ea\u00e5\u00e9\u00e4\u00f6\u00f4\u00e9\u00eb\u00dc \u00e4\u00f2\u00c0\u00f3\u00e8, \u00e5\u00ee\u00f1 \u00db\u00ee\u00e1 \u00ed\u00de\u00ee\u00ef \u00ed\u00c0\u00ee\u00e7\u00eb\u00ef \u00e4\u00dd\u00ee\u00e5\u00e9 \u00de\u00ec\u00e8 \u00f4\u00e8\u00ee \u00e1\u00f0\u00e1\u00f2\u00e1\u00dd\u00f4\u00e8\u00f4\u00e8 \u00e2\u00e9\u00f4\u00e1\u00ed\u00dd\u00ee\u00e8 C \u00e7\u00e9\u00e1 \u00de\u00ec\u00e8 \u00f4\u00e8\u00ee \u00e8\u00ed\u00db\u00f2\u00e1!<\/p>\n<p>Aqua (Water), Alcohol Denat., PEG-40 Hydrogenated Castor Oil, Parfum (Fragrance), Mangifera Indica (Mango) Fruit Extract, Glycerin, Sodium Gluconate, Citric Acid, Potassium Sorbate, Sodium Benzoate, Hexyl Cinnamal, Limonene, Linalool, CI 19140, CI 17200<\/p>\n<p>&nbsp;<\/p>\n","protected":false},"featured_media":0,"comment_status":"closed","ping_status":"open","template":"","meta":{"_monsterinsights_skip_tracking":false,"_monsterinsights_sitenote_active":false,"_monsterinsights_sitenote_note":"","_monsterinsights_sitenote_category":0},"product_brand":[558],"product_cat":[1180,133,54,121],"product_tag":[],"class_list":{"0":"post-8460","1":"product","2":"type-product","3":"status-publish","5":"product_brand-fresh-formula-s-a","6":"product_cat-katalogos","7":"product_cat-133","8":"product_cat-54","9":"product_cat-121","11":"first","12":"instock","13":"sale","14":"purchasable","15":"product-type-simple"},"aioseo_notices":[],"jetpack_sharing_enabled":true,"_links":{"self":[{"href":"https:\/\/demo3.bigdigital.gr\/index.php\/wp-json\/wp\/v2\/product\/8460","targetHints":{"allow":["GET"]}}],"collection":[{"href":"https:\/\/demo3.bigdigital.gr\/index.php\/wp-json\/wp\/v2\/product"}],"about":[{"href":"https:\/\/demo3.bigdigital.gr\/index.php\/wp-json\/wp\/v2\/types\/product"}],"replies":[{"embeddable":true,"href":"https:\/\/demo3.bigdigital.gr\/index.php\/wp-json\/wp\/v2\/comments?post=8460"}],"wp:attachment":[{"href":"https:\/\/demo3.bigdigital.gr\/index.php\/wp-json\/wp\/v2\/media?parent=8460"}],"wp:term":[{"taxonomy":"product_brand","embeddable":true,"href":"https:\/\/demo3.bigdigital.gr\/index.php\/wp-json\/wp\/v2\/product_brand?post=8460"},{"taxonomy":"product_cat","embeddable":true,"href":"https:\/\/demo3.bigdigital.gr\/index.php\/wp-json\/wp\/v2\/product_cat?post=8460"},{"taxonomy":"product_tag","embeddable":true,"href":"https:\/\/demo3.bigdigital.gr\/index.php\/wp-json\/wp\/v2\/product_tag?post=8460"}],"curies":[{"name":"wp","href":"https:\/\/api.w.org\/{rel}","templated":true}]}}