{"id":8463,"date":"2025-10-14T08:17:36","date_gmt":"2025-10-14T06:17:36","guid":{"rendered":"https:\/\/demo3.bigdigital.gr\/index.php\/product\/fresh-line-mandarin-orange-shower-gel-200ml-2\/"},"modified":"2025-11-03T13:54:04","modified_gmt":"2025-11-03T11:54:04","slug":"fresh-line-mandarin-orange-shower-gel-200ml-2","status":"publish","type":"product","link":"https:\/\/demo3.bigdigital.gr\/index.php\/product\/fresh-line-mandarin-orange-shower-gel-200ml-2\/","title":{"rendered":"FRESH-LINE MANDARIN &#038; ORANGE SHOWER GEL 200ml"},"content":{"rendered":"","protected":false},"excerpt":{"rendered":"<p>FRESH-LINE MANDARIN &amp; ORANGE SHOWER GEL 200ml<\/p>\n<p>\u00b0\u00e6\u00f2\u00de\u00ec\u00ef\u00f9\u00f4\u00f2\u00ef \u00bb\u00e1\u00ee\u00f4\u00e1\u00f2\u00dd\u00ee\u00e9 &amp; \u00a6\u00ef\u00f2\u00f4\u00ef\u00eb\u00c0\u00ec\u00e9<\/p>\n<p>Sweet\u00a0Mandarin\u00a0Jelly!<\/p>\n<p>\u00d9\u00f0\u00f6\u00f7 \u00f4\u00ef \u00e1\u00eb\u00ef\u00e0\u00f7 \u00db\u00f4\u00f3\u00e9 \u00e5\u00dd\u00ee\u00e1\u00e9 \u00eb\u00e1\u00e9 \u00e8 \u00ed\u00f9\u00f2\u00f6\u00e4\u00e9\u00c0 \u00f4\u00ef\u00f9! \u00b7\u00ef\u00f9\u00ed\u00e5\u00f2\u00de \u00ed\u00e1\u00ee\u00f4\u00e1\u00f2\u00dd\u00ee\u00e9, \u00c0\u00ee\u00f5\u00e8 \u00f0\u00ef\u00f2\u00f4\u00ef\u00eb\u00e1\u00ec\u00e9\u00c0\u00f7, \u00ea\u00e0\u00f3\u00ed\u00e1 \u00e7\u00eb\u00f2\u00db\u00e9\u00f0\u00e6\u00f2\u00ef\u00f9\u00f4 &amp; \u00e7\u00e9\u00e1\u00f3\u00e5\u00ed\u00dd, \u00f3\u00e5\u00a0\u00db\u00ee\u00e1 \u00e5\u00ee\u00f9\u00e4\u00e1\u00f4\u00e9\u00eb\u00de \u00e1\u00e6\u00f2\u00de\u00ec\u00ef\u00f9\u00f4\u00f2\u00ef \u00f0\u00ef\u00f9 \u00eb\u00e1\u00f5\u00e1\u00f2\u00dd\u00fa\u00e5\u00e9 \u00e1\u00f0\u00e1\u00ec\u00c0 \u00f4\u00ef \u00e4\u00db\u00f2\u00ed\u00e1!<\/p>\n<p>\u00b6\u00ed\u00f0\u00ec\u00ef\u00f9\u00f4\u00dd\u00fa\u00e5\u00f4\u00e1\u00e9 \u00ed\u00e5 \u00e1\u00e9\u00f5\u00db\u00f2\u00e9\u00ef \u00db\u00ec\u00e1\u00e9\u00ef \u00e1\u00f0\u00de \u00bb\u00e1\u00ee\u00f4\u00e1\u00f2\u00dd\u00ee\u00e9 \u00cc\u00dd\u00ef\u00f9 \u00f0\u00ef\u00f9 \u00e4\u00dd\u00ee\u00e5\u00e9 \u00ec\u00c0\u00ed\u00e3\u00e8 \u00f3\u00f4\u00ef \u00e4\u00db\u00f2\u00ed\u00e1 &amp; \u00e1\u00e9\u00f5\u00db\u00f2\u00e9\u00ef \u00db\u00ec\u00e1\u00e9\u00ef \u00f0\u00ef\u00f2\u00f4\u00ef\u00eb\u00e1\u00ec\u00e9\u00ef\u00e0 \u00f0\u00ef\u00f9 \u00f4\u00ef\u00ee\u00f1\u00ee\u00e5\u00e9 \u00eb\u00e1\u00e9 \u00e6\u00db\u00f2\u00ee\u00e5\u00e9 \u00f4\u00ef \u00e4\u00db\u00f2\u00ed\u00e1 \u00f3\u00e5 \u00e9\u00f3\u00ef\u00f2\u00f2\u00ef\u00f0\u00dd\u00e1!<\/p>\n<p>\u00a2\u00e8\u00ed\u00e9\u00ef\u00f9\u00f2\u00e7\u00e5\u00dd\u00f3\u00f4\u00e5 \u00f0\u00ec\u00ef\u00e0\u00f3\u00e9\u00ef \u00e1\u00e6\u00f2\u00de \u00f3\u00e5 \u00e2\u00f2\u00e5\u00e7\u00ed\u00db\u00ee\u00e8 \u00e5\u00f0\u00e9\u00e4\u00e5\u00f2\u00ed\u00dd\u00e4\u00e1 \u00eb\u00e1\u00e9 \u00ea\u00e5\u00e2\u00e7\u00c0\u00ec\u00e5\u00f4\u00e5. \u00b0\u00f0\u00ef\u00e6\u00e0\u00e7\u00e5\u00f4\u00e5 \u00f4\u00e8\u00ee \u00e5\u00f0\u00e1\u00e6\u00dc \u00ed\u00e5 \u00f4\u00e1 \u00ed\u00c0\u00f4\u00e9\u00e1. \u00cc\u00f2\u00dc\u00f3\u00e8 \u00e5\u00ea\u00f6\u00f4\u00e5\u00f2\u00e9\u00eb\u00dc. \u00bc\u00f9\u00ec\u00c0\u00f3\u00f3\u00e5\u00f4\u00e1\u00e9 \u00ed\u00e1\u00eb\u00f2\u00e9\u00c0 \u00e1\u00f0\u00de \u00f0\u00e1\u00e9\u00e4\u00e9\u00c0.<\/p>\n<p>Aqua (Water), Sodium Lauroyl Methyl Isethionate, Cocamidopropyl Betaine, PEG-40 Hydrogenated Castor Oil, Parfum (Fragrance), Polyacrylate-33, Sodium Methyl Oleoyl Taurate, Sodium Cocoyl Isethionate, Panthenol, Citrus Aurantium Dulcis (Orange) Peel Oil, Citrus Nobilis (Mandarin Orange) Peel Oil, Glycerin, Ethylhexylglycerin, Trisodium Ethylenediamine Disuccinate, Sodium Gluconate, Sodium Benzoate, Benzyl Alcohol, Phenoxyethanol, Zinc Laurate, Sodium Hydroxide, Benzophenone-4, Benzyl Benzoate, Limonene, CI 19140, CI 14700<\/p>\n<p>&nbsp;<\/p>\n","protected":false},"featured_media":0,"comment_status":"closed","ping_status":"open","template":"","meta":{"_monsterinsights_skip_tracking":false,"_monsterinsights_sitenote_active":false,"_monsterinsights_sitenote_note":"","_monsterinsights_sitenote_category":0},"product_brand":[558],"product_cat":[1180,325,54,121],"product_tag":[],"class_list":{"0":"post-8463","1":"product","2":"type-product","3":"status-publish","5":"product_brand-fresh-formula-s-a","6":"product_cat-katalogos","7":"product_cat-325","8":"product_cat-54","9":"product_cat-121","11":"first","12":"instock","13":"purchasable","14":"product-type-simple"},"aioseo_notices":[],"jetpack_sharing_enabled":true,"_links":{"self":[{"href":"https:\/\/demo3.bigdigital.gr\/index.php\/wp-json\/wp\/v2\/product\/8463","targetHints":{"allow":["GET"]}}],"collection":[{"href":"https:\/\/demo3.bigdigital.gr\/index.php\/wp-json\/wp\/v2\/product"}],"about":[{"href":"https:\/\/demo3.bigdigital.gr\/index.php\/wp-json\/wp\/v2\/types\/product"}],"replies":[{"embeddable":true,"href":"https:\/\/demo3.bigdigital.gr\/index.php\/wp-json\/wp\/v2\/comments?post=8463"}],"wp:attachment":[{"href":"https:\/\/demo3.bigdigital.gr\/index.php\/wp-json\/wp\/v2\/media?parent=8463"}],"wp:term":[{"taxonomy":"product_brand","embeddable":true,"href":"https:\/\/demo3.bigdigital.gr\/index.php\/wp-json\/wp\/v2\/product_brand?post=8463"},{"taxonomy":"product_cat","embeddable":true,"href":"https:\/\/demo3.bigdigital.gr\/index.php\/wp-json\/wp\/v2\/product_cat?post=8463"},{"taxonomy":"product_tag","embeddable":true,"href":"https:\/\/demo3.bigdigital.gr\/index.php\/wp-json\/wp\/v2\/product_tag?post=8463"}],"curies":[{"name":"wp","href":"https:\/\/api.w.org\/{rel}","templated":true}]}}