{"id":8478,"date":"2025-10-14T08:17:39","date_gmt":"2025-10-14T06:17:39","guid":{"rendered":"https:\/\/demo3.bigdigital.gr\/index.php\/product\/korff-eye-zone-eye-contour-lifting-brightening-oouia-aoeni-15-ml\/"},"modified":"2025-11-03T13:18:19","modified_gmt":"2025-11-03T11:18:19","slug":"korff-eye-zone-eye-contour-lifting-brightening-oouia-aoeni-15-ml","status":"publish","type":"product","link":"https:\/\/demo3.bigdigital.gr\/index.php\/product\/korff-eye-zone-eye-contour-lifting-brightening-oouia-aoeni-15-ml\/","title":{"rendered":"Korff Eye Zone Eye Contour Lifting &#038; Brightening \u00ba\u00f2\u00db\u00ed\u00e1 \u00bb\u00e1\u00f4\u00e9\u00f1\u00ee 15 ml"},"content":{"rendered":"","protected":false},"excerpt":{"rendered":"<p>Korff Eye Zone Eye Contour Lifting &amp; Brightening \u00ba\u00f2\u00db\u00ed\u00e1 \u00bb\u00e1\u00f4\u00e9\u00f1\u00ee 15 ml<\/p>\n<p>\u00a6\u00e5\u00f2\u00e9\u00e7\u00f2\u00e1\u00e6\u00dc \u00f0\u00f2\u00ef\u00fb\u00de\u00ee\u00f4\u00ef\u00f7<\/p>\n<p>\u00ba\u00f2\u00db\u00ed\u00e1 \u00ed\u00e1\u00f4\u00e9\u00f1\u00ee<\/p>\n<p>\u00bb\u00e5 \u00e4\u00f2\u00e1\u00f3\u00e8 lifting<\/p>\n<p>\u00bb\u00e5 \u00f9\u00e1\u00ec\u00ef\u00f9\u00f2\u00ef\u00ee\u00e9\u00eb\u00de \u00ef\u00ea\u00e0<\/p>\n<p>\u00a1\u00e9\u00e1 \u00f3\u00e8\u00ed\u00c0\u00e4\u00e9\u00e1 \u00eb\u00ef\u00e0\u00f2\u00e1\u00f3\u00e8\u00f7 \u00eb\u00e1\u00e9 \u00ec\u00e5\u00f0\u00f4\u00db\u00f7 \u00f2\u00f9\u00f4\u00dd\u00e4\u00e5\u00f7<\/p>\n<p>\u00ba\u00ec\u00e9\u00ee\u00e9\u00eb\u00c0 \u00e5\u00ec\u00e5\u00e7\u00ed\u00db\u00ee\u00ef<\/p>\n<p>\u00b8\u00a0Korff Eye Zone Eye Contour Lifting &amp; Brightening, \u00e5\u00dd\u00ee\u00e1\u00e9 \u00ed\u00e9\u00e1 \u00eb\u00f2\u00db\u00ed\u00e1 \u00ed\u00e1\u00f4\u00e9\u00f1\u00ee, \u00e9\u00e4\u00e1\u00ee\u00e9\u00eb\u00dc \u00e7\u00e9\u00e1 \u00f4\u00e8\u00ee \u00ed\u00e5\u00dd\u00f6\u00f3\u00e8 \u00f4\u00e8\u00f7 \u00eb\u00ef\u00f9\u00f2\u00e1\u00f3\u00ed\u00db\u00ee\u00e8\u00f7 \u00de\u00e3\u00e8\u00f7 \u00eb\u00e1\u00e9 \u00f4\u00e9\u00f7 \u00f0\u00f2\u00f1\u00f4\u00e5\u00f7 \u00f2\u00f9\u00f4\u00dd\u00e4\u00e5\u00f7.<\/p>\n<p>\u00b6\u00dd\u00ee\u00e1\u00e9 \u00e5\u00ed\u00f0\u00ec\u00ef\u00f9\u00f4\u00e9\u00f3\u00ed\u00db\u00ee\u00e8 \u00ed\u00e5\u00a0\u00e5\u00eb\u00f8\u00e0\u00ec\u00e9\u00f3\u00ed\u00e1 \u00b5\u00f2\u00f1\u00ed\u00e8\u00f7, \u00ed\u00e5 \u00cb\u00e1\u00ec\u00ef\u00f9\u00f2\u00ef\u00ee\u00e9\u00eb\u00de \u00c3\u00ea\u00e0 \u00f8\u00e1\u00ed\u00e8\u00ec\u00ef\u00e0 \u00ed\u00ef\u00f2\u00e9\u00e1\u00eb\u00ef\u00e0 \u00e2\u00c0\u00f2\u00ef\u00f9\u00f7 \u00eb\u00e1\u00e9 \u00b5\u00e9\u00f4\u00e1\u00ed\u00dd\u00ee\u00e8 \u00c4\u00c4,\u00f4\u00e1 \u00ef\u00f0\u00ef\u00dd\u00e1 \u00f3\u00f9\u00ed\u00e2\u00c0\u00ec\u00ec\u00ef\u00f9\u00ee \u00f3\u00f4\u00e8 \u00ed\u00e5\u00dd\u00f6\u00f3\u00e8 \u00f4\u00f6\u00ee \u00f3\u00e8\u00ed\u00e1\u00e4\u00e9\u00f1\u00ee \u00f4\u00e8\u00f7 \u00eb\u00ef\u00e0\u00f2\u00e1\u00f3\u00e8\u00f7 \u00eb\u00e1\u00e9 \u00f4\u00e9\u00f7 \u00ec\u00e5\u00f0\u00f4\u00db\u00f7 \u00f2\u00f9\u00f4\u00dd\u00e4\u00e5\u00f7, \u00f0\u00e1\u00f2\u00db\u00f8\u00ef\u00ee\u00f4\u00e1\u00f7 \u00ed\u00e9\u00e1 \u00e4\u00f2\u00c0\u00f3\u00e8 lifting.<\/p>\n<p>\u00aa\u00f4\u00e8 \u00f3\u00e0\u00ee\u00f5\u00e5\u00f3\u00e8 \u00f4\u00e8\u00f7 \u00f0\u00e5\u00f2\u00e9\u00db\u00f8\u00e5\u00e9\u00a0\u00e5\u00eb\u00f8\u00e0\u00ec\u00e9\u00f3\u00ed\u00e1 \u00a6\u00e1\u00f0\u00e1\u00f2\u00ef\u00e0\u00ee\u00e1\u00f7\u00a0\u00eb\u00e1\u00e9 \u00e5\u00ee\u00e5\u00f2\u00e7\u00c0 soft focus, \u00f4\u00e1 \u00ef\u00f0\u00ef\u00dd\u00e1 \u00ed\u00e5\u00e9\u00f1\u00ee\u00ef\u00f9\u00ee \u00f4\u00ef\u00f9\u00f7 \u00f3\u00eb\u00ef\u00e0\u00f2\u00ef\u00f9\u00f7 \u00eb\u00e0\u00eb\u00ec\u00ef\u00f9\u00f7 \u00eb\u00c0\u00f4\u00f6 \u00e1\u00f0\u00de \u00f4\u00e1 \u00ed\u00c0\u00f4\u00e9\u00e1.<\/p>\n<p>\u00a6\u00f2\u00ef\u00f3\u00e6\u00db\u00f2\u00e5\u00e9 \u00c0\u00ed\u00e5\u00f3\u00e8 \u00e4\u00f2\u00c0\u00f3\u00e8 \u00e6\u00f6\u00f4\u00e5\u00e9\u00ee\u00de\u00f4\u00e8\u00f4\u00e1\u00f7 \u00eb\u00e1\u00e9 \u00e5\u00e0\u00eb\u00ef\u00ec\u00e8 \u00e5\u00e6\u00e1\u00f2\u00ed\u00ef\u00e7\u00dc \u00eb\u00e1\u00f5\u00f1\u00f7 \u00f0\u00e5\u00f2\u00e9\u00db\u00f8\u00e5\u00e9 \u00db\u00ee\u00e1 \u00e5\u00e9\u00e4\u00e9\u00eb\u00de \u00f3\u00f4\u00de\u00ed\u00e9\u00ef \u00e5\u00ee\u00f3\u00f6\u00ed\u00e1\u00f4\u00f6\u00ed\u00db\u00ee\u00ef \u00f3\u00f4\u00ef \u00ed\u00f0\u00ef\u00f9\u00eb\u00e1\u00ec\u00c0\u00eb\u00e9 \u00f4\u00ef \u00ef\u00f0\u00ef\u00dd\u00ef \u00ec\u00e5\u00e9\u00f4\u00ef\u00f9\u00f2\u00e7\u00e5\u00dd \u00f3\u00e1\u00ee \u00e1\u00f0\u00ec\u00e9\u00eb\u00e1\u00f4\u00db\u00f2. \u00b0\u00f9\u00f4\u00de \u00eb\u00c0\u00ee\u00e5\u00e9 \u00f4\u00e8\u00ee\u00a0\u00e5\u00e6\u00e1\u00f2\u00ed\u00ef\u00e7\u00dc\u00a0\u00f4\u00ef\u00f9 \u00f0\u00f2\u00ef\u00fb\u00de\u00ee\u00f4\u00ef\u00f7 \u00e1\u00eb\u00de\u00ed\u00e1 \u00f0\u00e9\u00ef\u00a0\u00e1\u00f0\u00ef\u00f4\u00e5\u00ec\u00e5\u00f3\u00ed\u00e1\u00f4\u00e9\u00eb\u00dc. \u00c6\u00ef \u00f3\u00f4\u00f2\u00ef\u00e7\u00e7\u00f9\u00ec\u00e5\u00ed\u00db\u00ee\u00ef \u00f4\u00ef\u00f9 \u00f3\u00f8\u00dc\u00ed\u00e1 \u00e5\u00f0\u00e9\u00f4\u00f2\u00db\u00f0\u00e5\u00e9 \u00ee\u00e1 \u00f0\u00f2\u00e1\u00e7\u00ed\u00e1\u00f4\u00ef\u00f0\u00ef\u00e9\u00dc\u00f3\u00e5\u00f4\u00e5 \u00db\u00ee\u00e1 \u00e5\u00f9\u00f8\u00c0\u00f2\u00e9\u00f3\u00f4\u00ef \u00ed\u00e1\u00f3\u00c0\u00fa.<\/p>\n<p>\u00c6\u00ef \u00f0\u00f2\u00ef\u00fb\u00de\u00ee \u00db\u00f8\u00e5\u00e9 \u00f3\u00f9\u00f3\u00eb\u00e5\u00f9\u00e1\u00f3\u00f4\u00e5\u00dd \u00e1\u00f0\u00de\u00a0\u00e1\u00ee\u00e1\u00eb\u00f9\u00eb\u00ec\u00f1\u00f3\u00e9\u00ed\u00e1 \u00f9\u00ec\u00e9\u00eb\u00c0,\u00a0\u00e4\u00e5\u00ee \u00f0\u00e5\u00f2\u00e9\u00db\u00f8\u00e5\u00e9 \u00f0\u00e1\u00f2\u00c0\u00e7\u00f6\u00e7\u00e1 \u00f3\u00dd\u00f4\u00ef\u00f9, \u00e5\u00dd\u00ee\u00e1\u00e9 \u00eb\u00ec\u00e9\u00ee\u00e9\u00eb\u00c0 \u00eb\u00e1\u00e9 \u00e4\u00e5\u00f2\u00ed\u00e1\u00f4\u00ef\u00ec\u00ef\u00e7\u00e9\u00eb\u00c0 \u00e5\u00ec\u00e5\u00e7\u00ed\u00db\u00ee\u00ef \u00e1\u00eb\u00de\u00ed\u00e1 \u00eb\u00e1\u00e9 \u00f3\u00e5 \u00e5\u00f9\u00e1\u00dd\u00f3\u00f5\u00e8\u00f4\u00ef \u00e4\u00db\u00f2\u00ed\u00e1.<\/p>\n<p>\u00b6\u00dd\u00ee\u00e1\u00e9 \u00e5\u00ec\u00e5\u00e7\u00ed\u00db\u00ee\u00ef \u00e1\u00f0\u00de \u00c1\u00e9\u00eb\u00db\u00ec\u00e9\u00ef, \u00ba\u00ef\u00e2\u00c0\u00ec\u00f4\u00e9\u00ef, \u00cc\u00f2\u00f1\u00ed\u00e9\u00ef, \u00a6\u00e1\u00ec\u00ec\u00c0\u00e4\u00e9\u00ef \u00eb\u00e1\u00e9 \u00cb\u00e4\u00f2\u00c0\u00f2\u00e7\u00f9\u00f2\u00ef.<\/p>\n<p>\u00c3\u00e4\u00e8\u00e7\u00dd\u00e5\u00f7 \u00cc\u00f2\u00dc\u00f3\u00e8\u00f7<\/p>\n<p>\u00b0\u00e6\u00ef\u00e0 \u00e1\u00e6\u00e1\u00e9\u00f2\u00db\u00f3\u00e5\u00f4\u00e5 \u00f0\u00f2\u00ef\u00f3\u00e5\u00eb\u00f4\u00e9\u00eb\u00c0 \u00f4\u00ef \u00ed\u00e1\u00eb\u00e9\u00e7\u00e9\u00c0\u00fa \u00eb\u00e1\u00e9 \u00eb\u00e1\u00f5\u00e1\u00f2\u00dd\u00f3\u00e5\u00f4\u00e5 \u00f4\u00ef \u00e4\u00db\u00f2\u00ed\u00e1 \u00e7\u00e0\u00f2\u00f6 \u00e1\u00f0\u00de \u00f4\u00e1 \u00ed\u00c0\u00f4\u00e9\u00e1, \u00f8\u00f2\u00e8\u00f3\u00e9\u00ed\u00ef\u00f0\u00ef\u00e9\u00dc\u00f3\u00f4\u00e5 \u00f4\u00ef \u00e1\u00f0\u00ec\u00e9\u00eb\u00e1\u00f4\u00db\u00f2 \u00f0\u00ef\u00f9 \u00e2\u00f2\u00dd\u00f3\u00eb\u00e5\u00f4\u00e1\u00e9 \u00e5\u00f0\u00c0\u00ee\u00f6 \u00f3\u00f4\u00ef \u00ed\u00f0\u00ef\u00f9\u00eb\u00e1\u00ec\u00c0\u00eb\u00e9 \u00e7\u00e9\u00e1 \u00ee\u00e1 \u00e5\u00e6\u00e1\u00f2\u00ed\u00de\u00f3\u00e5\u00f4\u00e5 \u00f0\u00ef\u00f3\u00de\u00f4\u00e8\u00f4\u00e1 \u00f0\u00f2\u00ef\u00fb\u00de\u00ee\u00f4\u00ef\u00f7 \u00f3\u00f4\u00ef \u00ed\u00db\u00e7\u00e5\u00f5\u00ef\u00f7 \u00ed\u00dd\u00e1\u00f7 \u00f0\u00db\u00f2\u00ec\u00e1\u00f7.<\/p>\n<p>\u00a6\u00e9\u00db\u00f3\u00f4\u00e5 \u00e5\u00ec\u00e1\u00e6\u00f2\u00c0 \u00f4\u00ef \u00f0\u00f2\u00ef\u00fb\u00de\u00ee \u00ed\u00e5 \u00f4\u00e9\u00f7 \u00c0\u00eb\u00f2\u00e5\u00f7 \u00f4\u00f6\u00ee \u00e4\u00e1\u00eb\u00f4\u00e0\u00ec\u00f6\u00ee \u00db\u00f6\u00f7 \u00de\u00f4\u00ef\u00f9 \u00e1\u00f0\u00ef\u00f2\u00f2\u00ef\u00e6\u00e8\u00f5\u00e5\u00dd \u00f0\u00ec\u00dc\u00f2\u00f6\u00f7.<\/p>\n<p>\u00ba\u00f2\u00e1\u00f4\u00f1\u00ee\u00f4\u00e1\u00f7 \u00f4\u00ef \u00e1\u00f0\u00ec\u00e9\u00eb\u00e1\u00f4\u00db\u00f2 \u00f3\u00e5 \u00eb\u00c0\u00f5\u00e5\u00f4\u00e8 \u00f5\u00db\u00f3\u00e8, \u00eb\u00c0\u00ee\u00f4\u00e5 \u00ed\u00e1\u00f3\u00c0\u00fa \u00f3\u00f4\u00ef \u00e4\u00db\u00f2\u00ed\u00e1 \u00ea\u00e5\u00eb\u00e9\u00ee\u00f1\u00ee\u00f4\u00e1\u00f7 \u00e1\u00f0\u00de \u00f4\u00e8\u00ee \u00e5\u00f3\u00f6\u00f4\u00e5\u00f2\u00e9\u00eb\u00dc \u00e7\u00f6\u00ee\u00dd\u00e1 \u00f4\u00ef\u00f9 \u00ed\u00e1\u00f4\u00e9\u00ef\u00e0 \u00f0\u00f2\u00ef\u00f7 \u00f4\u00ef\u00ee \u00eb\u00f2\u00de\u00f4\u00e1\u00e6\u00ef.<\/p>\n<p>\u00cc\u00f2\u00e8\u00f3\u00e9\u00ed\u00ef\u00f0\u00ef\u00e9\u00dc\u00f3\u00f4\u00e5 \u00f0\u00f2\u00f6\u00dd \u00eb\u00e1\u00e9 \u00e2\u00f2\u00c0\u00e4\u00f9.<\/p>\n<p>\u00b9\u00e4\u00e9\u00de\u00f4\u00e8\u00f4\u00e5\u00f7<\/p>\n<p>\u00a6\u00f2\u00ef\u00f3\u00e6\u00db\u00f2\u00e5\u00e9 \u00c0\u00ee\u00e5\u00f4\u00e8 \u00e5\u00e6\u00e1\u00f2\u00ed\u00ef\u00e7\u00dc<\/p>\n<p>\u00cc\u00e1\u00f2\u00dd\u00fa\u00e5\u00e9 \u00c0\u00ed\u00e5\u00f3\u00e8 \u00e1\u00dd\u00f3\u00f5\u00e8\u00f3\u00e8 \u00e6\u00f6\u00f4\u00e5\u00e9\u00ee\u00de\u00f4\u00e8\u00f4\u00e1\u00f7<\/p>\n<p>\u00bb\u00e5\u00e9\u00f1\u00ee\u00e5\u00e9 \u00f4\u00e9\u00f7 \u00ec\u00e5\u00f0\u00f4\u00db\u00f7 \u00f2\u00f9\u00f4\u00dd\u00e4\u00e5\u00f7<\/p>\n<p>\u00c6\u00e0\u00f0\u00ef\u00f7 \u00e4\u00db\u00f2\u00ed\u00e1\u00f4\u00ef\u00f7<\/p>\n<p>\u00ba\u00e1\u00f4\u00c0\u00ec\u00ec\u00e8\u00ec\u00ef \u00e7\u00e9\u00e1 \u00de\u00ec\u00ef\u00f9\u00f7 \u00f4\u00ef\u00f9\u00f7 \u00f4\u00e0\u00f0\u00ef\u00f9\u00f7 \u00e5\u00f0\u00e9\u00e4\u00e5\u00f2\u00ed\u00dd\u00e4\u00e1\u00f7, \u00e1\u00eb\u00de\u00ed\u00e1 \u00eb\u00e1\u00e9 \u00e7\u00e9\u00e1 \u00f4\u00ef\u00f9\u00f7 \u00e5\u00f9\u00e1\u00dd\u00f3\u00f5\u00e8\u00f4\u00ef\u00f9\u00f7.<\/p>\n<p>\u00a6\u00f2\u00ef\u00e6\u00f9\u00ec\u00c0\u00ea\u00e5\u00e9\u00f7<\/p>\n<p>\u00a1\u00e9\u00e1 \u00e5\u00ea\u00f6\u00f4\u00e5\u00f2\u00e9\u00eb\u00dc \u00f8\u00f2\u00dc\u00f3\u00e8 \u00ed\u00de\u00ee\u00ef.<\/p>\n<p>\u00aa\u00f9\u00f3\u00f4\u00e1\u00f4\u00e9\u00eb\u00c0<\/p>\n<p>Aqua (Water), Coconut Alkanes, Glycerin, Niacinamide, Isostearyl Alcohol, Butylene Glycol Cocoate, Caprylic\/Capric Triglyceride, Hydrogenated Vegetable Oil, Propanediol, Silica, 1,2-Hexanediol, Caffeine, Tocopheryl Acetate, Avena Sativa (Oat) Kernel Extract, Papaver Rhoeas Extract, Lespedeza Capitata Leaf\/Stem Extract, Sodium Hyaluronate, Xanthan Gum, Acrylates\/C10-30 Alkyl Acrylate Crosspolymer, Disteardimonium Hectorite, Ethylcellulose, Propylene Carbonate, Tin Oxide, Hydroxyacetophenone, Tocopherol, Tetrasodium Glutamate Diacetate, Sodium Hydroxide, Sodium Benzoate, CI 77891 (Titanium Dioxide), Mica, Caramel, CI 77491 (Iron Oxides), CI 19140 (Yellow 5).<\/p>\n<p>&nbsp;<\/p>\n","protected":false},"featured_media":0,"comment_status":"closed","ping_status":"open","template":"","meta":{"_monsterinsights_skip_tracking":false,"_monsterinsights_sitenote_active":false,"_monsterinsights_sitenote_note":"","_monsterinsights_sitenote_category":0},"product_brand":[622],"product_cat":[1180,54,114,64],"product_tag":[],"class_list":{"0":"post-8478","1":"product","2":"type-product","3":"status-publish","5":"product_brand-korff","6":"product_cat-katalogos","7":"product_cat-54","8":"product_cat-114","9":"product_cat-64","11":"first","12":"instock","13":"sale","14":"purchasable","15":"product-type-simple"},"aioseo_notices":[],"jetpack_sharing_enabled":true,"_links":{"self":[{"href":"https:\/\/demo3.bigdigital.gr\/index.php\/wp-json\/wp\/v2\/product\/8478","targetHints":{"allow":["GET"]}}],"collection":[{"href":"https:\/\/demo3.bigdigital.gr\/index.php\/wp-json\/wp\/v2\/product"}],"about":[{"href":"https:\/\/demo3.bigdigital.gr\/index.php\/wp-json\/wp\/v2\/types\/product"}],"replies":[{"embeddable":true,"href":"https:\/\/demo3.bigdigital.gr\/index.php\/wp-json\/wp\/v2\/comments?post=8478"}],"wp:attachment":[{"href":"https:\/\/demo3.bigdigital.gr\/index.php\/wp-json\/wp\/v2\/media?parent=8478"}],"wp:term":[{"taxonomy":"product_brand","embeddable":true,"href":"https:\/\/demo3.bigdigital.gr\/index.php\/wp-json\/wp\/v2\/product_brand?post=8478"},{"taxonomy":"product_cat","embeddable":true,"href":"https:\/\/demo3.bigdigital.gr\/index.php\/wp-json\/wp\/v2\/product_cat?post=8478"},{"taxonomy":"product_tag","embeddable":true,"href":"https:\/\/demo3.bigdigital.gr\/index.php\/wp-json\/wp\/v2\/product_tag?post=8478"}],"curies":[{"name":"wp","href":"https:\/\/api.w.org\/{rel}","templated":true}]}}