{"id":8504,"date":"2025-10-14T08:17:42","date_gmt":"2025-10-14T06:17:42","guid":{"rendered":"https:\/\/demo3.bigdigital.gr\/index.php\/product\/frezyderm-velvet-colors-ake-up-dark-30ml\/"},"modified":"2025-11-03T12:59:20","modified_gmt":"2025-11-03T10:59:20","slug":"frezyderm-velvet-colors-ake-up-dark-30ml","status":"publish","type":"product","link":"https:\/\/demo3.bigdigital.gr\/index.php\/product\/frezyderm-velvet-colors-ake-up-dark-30ml\/","title":{"rendered":"Frezyderm Velvet Colors \u00bbake Up Dark 30ml"},"content":{"rendered":"","protected":false},"excerpt":{"rendered":"<p>Frezyderm Velvet Colors \u00bbake Up Dark 30ml<\/p>\n<p>Make-up \u00ed\u00e5 \u00e2\u00e5\u00ec\u00ef\u00e0\u00e4\u00e9\u00ee\u00e8, \u00ed\u00e1\u00f4 \u00f9\u00e6\u00dc \u00f0\u00ef\u00f9 \u00f0\u00f2\u00ef\u00f3\u00e6\u00db\u00f2\u00e5\u00e9 \u00e9\u00e4\u00e1\u00ee\u00e9\u00eb\u00dc \u00f8\u00f2\u00f6\u00ed\u00e1\u00f4\u00e9\u00eb\u00dc \u00eb\u00c0\u00ec\u00f9\u00e3\u00e8 \u00eb\u00e1\u00e9 \u00f3\u00e6\u00e1\u00e9\u00f2\u00e9\u00eb\u00de \u00e1\u00f0\u00ef\u00f4\u00db\u00ec\u00e5\u00f3\u00ed\u00e1 \u00e2\u00e5\u00ec\u00f4\u00e9\u00f3\u00f4\u00ef\u00f0\u00ef\u00e9\u00e8\u00ed\u00db\u00ee\u00e8\u00f7 \u00e5\u00f0\u00e9\u00e4\u00e5\u00f2\u00ed\u00dd\u00e4\u00e1\u00f7. \u00b5\u00e1\u00f3\u00e9\u00f3\u00ed\u00db\u00ee\u00ef \u00f3\u00f4\u00e8\u00ee \u00e5\u00e9\u00e4\u00e9\u00eb\u00dc \u00f4\u00e5\u00f8\u00ee\u00ef\u00ec\u00ef\u00e7\u00dd\u00e1 \u00e5\u00ee\u00f3\u00f6\u00ed\u00c0\u00f4\u00f6\u00f3\u00e8\u00f7 \u00f8\u00f2\u00f6\u00ed\u00c0\u00f4\u00f6\u00ee \u00f0\u00ef\u00f9 \u00f0\u00f2\u00ef\u00f3\u00e1\u00f2\u00ed\u00de\u00fa\u00e5\u00f4\u00e1\u00e9 \u00f3\u00f4\u00ef\u00ee \u00f4\u00de\u00ee\u00ef \u00f4\u00ef\u00f9 \u00e4\u00db\u00f2\u00ed\u00e1\u00f4\u00ef\u00f7, \u00f8\u00e1\u00f2\u00dd\u00fa\u00e5\u00e9 \u00e1\u00f0\u00de\u00ec\u00f9\u00f4\u00e8 \u00ef\u00ed\u00ef\u00e9\u00ef\u00e7\u00db\u00ee\u00e5\u00e9\u00e1 \u00f3\u00f4\u00ef\u00ee \u00f4\u00de\u00ee\u00ef \u00f4\u00e8\u00f7 \u00e5\u00f0\u00e9\u00e4\u00e5\u00f2\u00ed\u00dd\u00e4\u00e1\u00f7 \u00eb\u00e1\u00e9 \u00e6\u00f9\u00f3\u00e9\u00eb\u00dc \u00eb\u00c0\u00ec\u00f9\u00e3\u00e8 \u00f4\u00f6\u00ee \u00e1\u00f4\u00e5\u00ec\u00e5\u00e9\u00f1\u00ee \u00f4\u00e8\u00f7, \u00f8\u00f6\u00f2\u00dd\u00f7 \u00e5\u00e6\u00db \u00ab\u00ed\u00c0\u00f3\u00eb\u00e1\u00f7\u00bb. \u00aa\u00f4\u00e8 \u00f3\u00e0\u00ee\u00f5\u00e5\u00f3\u00dc \u00f4\u00e8\u00f7 \u00f0\u00f2\u00f6\u00f4\u00e1\u00e7\u00f6\u00ee\u00e9\u00f3\u00f4\u00e5\u00dd \u00e8 Second Skin Velvet Technology, \u00e7\u00e9\u00e1 \u00e1\u00f3\u00e0\u00e7\u00eb\u00f2\u00e9\u00f4\u00e1 \u00e1\u00ee\u00c0\u00ec\u00e1\u00e6\u00f2\u00e8 \u00e1\u00dd\u00f3\u00f5\u00e8\u00f3\u00e8, \u00f8\u00f6\u00f2\u00dd\u00f7 \u00ee\u00e1 \u00e1\u00f3\u00e6\u00f9\u00eb\u00f4\u00e9\u00c0 \u00f4\u00ef \u00e4\u00db\u00f2\u00ed\u00e1, \u00f0\u00f2\u00ef\u00f3\u00f2\u00de\u00e6\u00e8\u00f3\u00e8 \u00ec\u00e9\u00f0\u00e1\u00f2\u00de\u00f4\u00e8\u00f4\u00e1\u00f7 \u00eb\u00e1\u00e9 \u00ed\u00e1\u00f4 \u00de\u00e3\u00e8 \u00f0\u00ef\u00f9 \u00e4\u00e9\u00e1\u00f2\u00eb\u00e5\u00dd \u00f0\u00c0\u00ee\u00f6 \u00e1\u00f0\u00de 6 \u00f1\u00f2\u00e5\u00f7 \u00ed\u00e5 \u00f8\u00f2\u00f1\u00ed\u00e1 \u00f0\u00ef\u00f9 \u00f0\u00e1\u00f2\u00e1\u00ed\u00db\u00ee\u00e5\u00e9 \u00f3\u00f4\u00e1\u00f5\u00e5\u00f2\u00de \u00eb\u00e1\u00e9 \u00e1\u00ee\u00e1\u00ec\u00ec\u00ef\u00dd\u00f6\u00f4\u00ef \u00e5\u00f0\u00dd \u00f4\u00e8\u00f7 \u00e5\u00f0\u00e9\u00e4\u00e5\u00f2\u00ed\u00dd\u00e4\u00e1\u00f7. \u00a6\u00e5\u00f2\u00e9\u00db\u00f8\u00e5\u00e9 \u00ed\u00e9\u00eb\u00f2\u00ef\u00eb\u00f2\u00f9\u00f3\u00f4\u00c0\u00ec\u00ec\u00ef\u00f9\u00f7, \u00e7\u00e9\u00e1 \u00e4\u00e9\u00f0\u00ec\u00dc \u00e1\u00ee\u00c0\u00eb\u00ec\u00e1\u00f3\u00e8 \u00f4\u00ef\u00f9 \u00e6\u00f6\u00f4\u00de\u00f7 \u00eb\u00e1\u00e9 \u00f0\u00f2\u00f6\u00f4\u00ef\u00f0\u00ef\u00f2\u00e9\u00e1\u00eb\u00db\u00f7 \u00f8\u00f2\u00f6\u00f3\u00f4\u00e9\u00eb\u00db\u00f7 \u00e7\u00e9\u00e1 optical blurring effect, \u00f4\u00e5\u00ec\u00e5\u00e9\u00ef\u00f0\u00ef\u00e9\u00f1\u00ee\u00f4\u00e1\u00f7 \u00f4\u00e8\u00ee \u00e5\u00e9\u00eb\u00de\u00ee\u00e1 \u00f4\u00ef\u00f9 \u00e1\u00ee\u00c0\u00e7\u00ec\u00f9\u00e6\u00ef\u00f9 \u00f4\u00e8\u00f7 \u00e5\u00f0\u00e9\u00e4\u00e5\u00f2\u00ed\u00dd\u00e4\u00e1\u00f7 \u00eb\u00e1\u00e9 \u00e5\u00ee\u00e9\u00f3\u00f8\u00e0\u00ef\u00ee\u00f4\u00e1\u00f7 \u00f4\u00e8 \u00ec\u00c0\u00ed\u00e3\u00e8 \u00f4\u00e8\u00f7 \u00e5\u00ee\u00f1 \u00f0\u00e1\u00f2\u00c0\u00ec\u00ec\u00e8\u00ec\u00e1 \u00e4\u00e8\u00ed\u00e9\u00ef\u00f9\u00f2\u00e7\u00e5\u00dd \u00db\u00ee\u00e1 \u00e5\u00ee\u00f4\u00f9\u00f0\u00f6\u00f3\u00e9\u00e1\u00eb\u00de \u00e5\u00e6\u00db \u00e7\u00e5\u00ed\u00dd\u00f3\u00ed\u00e1\u00f4\u00ef\u00f7 \u00f4\u00f6\u00ee \u00f2\u00f9\u00f4\u00dd\u00e4\u00f6\u00ee. \u00c6\u00db\u00ec\u00ef\u00f7, \u00f0\u00e1\u00f2\u00db\u00f8\u00e5\u00e9 \u00f0\u00f2\u00ef\u00f3\u00f4\u00e1\u00f3\u00dd\u00e1 \u00e1\u00f0\u00de \u00ef\u00ea\u00e5\u00e9\u00e4\u00f6\u00f4\u00e9\u00eb\u00de \u00f3\u00f4\u00f2\u00e5\u00f7, \u00e8\u00ec\u00e9\u00e1\u00eb\u00dc \u00e1\u00eb\u00f4\u00e9\u00ee\u00ef\u00e2\u00ef\u00ec\u00dd\u00e1, \u00ed\u00f0\u00ec\u00e5 \u00e6\u00f6\u00f7, \u00f0\u00e5\u00f2\u00e9\u00e2\u00e1\u00ec\u00ec\u00ef\u00ee\u00f4\u00e9\u00eb\u00ef\u00e0\u00f7 \u00f2\u00e0\u00f0\u00ef\u00f9\u00f7 \u00eb\u00e1\u00e9 \u00e6\u00f6\u00f4\u00ef\u00e7\u00dc\u00f2\u00e1\u00ee\u00f3\u00e8, \u00f8\u00c0\u00f2\u00e8 \u00f3\u00f4\u00ef\u00ee \u00f0\u00f2\u00ef\u00f3\u00e5\u00eb\u00f4\u00e9\u00eb\u00c0 \u00e5\u00f0\u00e9\u00ec\u00e5\u00e7\u00ed\u00db\u00ee\u00ef \u00f3\u00f9\u00ee\u00e4\u00f9\u00e1\u00f3\u00ed\u00de \u00e1\u00ee\u00f4\u00e9\u00ef\u00ea\u00e5\u00e9\u00e4\u00f6\u00f4\u00e9\u00eb\u00f1\u00ee \u00e5\u00ee\u00e5\u00f2\u00e7\u00f1\u00ee.<br \/>\n\u00a2\u00e5\u00f2\u00ed\u00e1\u00f4\u00ef\u00ec\u00ef\u00e7\u00e9\u00eb\u00c0 \u00e5\u00ec\u00e5\u00e7\u00ed\u00db\u00ee\u00ef<\/p>\n<p>\u00cc\u00f2\u00e8\u00f3\u00e9\u00ed\u00ef\u00f0\u00ef\u00e9\u00e5\u00dd\u00f4\u00e1\u00e9 \u00eb\u00e1\u00e9 \u00f6\u00f7 primer<\/p>\n<p>\u00a2\u00e5\u00ee \u00ed\u00e5\u00f4\u00e1\u00e6\u00db\u00f2\u00e5\u00f4\u00e1\u00e9 \u00f3\u00f4\u00e1 \u00f2\u00ef\u00e0\u00f8\u00e1<\/p>\n<p>\u00a1\u00e9\u00e1 \u00eb\u00c0\u00f5\u00e5 \u00e8\u00ec\u00e9\u00eb\u00dd\u00e1 \u00eb\u00e1\u00e9 \u00eb\u00c0\u00f5\u00e5 \u00f4\u00e0\u00f0\u00ef \u00e4\u00db\u00f2\u00ed\u00e1\u00f4\u00ef\u00f7 (\u00eb\u00e1\u00e9 \u00ec\u00e9\u00f0\u00e1\u00f2\u00de, \u00ed\u00e5 \u00f4\u00c0\u00f3\u00e8 \u00e1\u00eb\u00ed\u00dc\u00f7)<br \/>\n\u00a1\u00e9\u00e1 \u00e5\u00f9\u00e1\u00dd\u00f3\u00f5\u00e8\u00f4\u00e1 \u00e4\u00db\u00f2\u00ed\u00e1\u00f4\u00e1 \u00e5\u00f0\u00e9\u00f2\u00f2\u00e5\u00f0\u00dc \u00f3\u00e5 \u00e5\u00ed\u00e6\u00c0\u00ee\u00e9\u00f3\u00e8 \u00e1\u00ec\u00ec\u00e5\u00f2\u00e7\u00e9\u00f1\u00ee<\/p>\n<p>DC | Antioxidant Factors: \u00ba\u00c0\u00ec\u00f9\u00e3\u00e8 \u00f2\u00f9\u00f4\u00dd\u00e4\u00f6\u00ee, \u00f0\u00f2\u00ef\u00f3\u00f2\u00de\u00e6\u00e8\u00f3\u00e8 \u00f3\u00ed\u00dc\u00e7\u00ed\u00e1\u00f4\u00ef\u00f7 \u00e7\u00e9\u00e1 \u00ed\u00e1\u00f4 primer \u00e1\u00f0\u00ef\u00f4\u00db\u00ec\u00e5\u00f3\u00ed\u00e1, \u00e2\u00e5\u00ec\u00ef\u00e0\u00e4\u00e9\u00ee\u00e8 \u00f9\u00e6\u00dc \u00e4\u00db\u00f2\u00ed\u00e1\u00f4\u00ef\u00f7, \u00f0\u00f2\u00ef\u00f3\u00f4\u00e1\u00f3\u00dd\u00e1 \u00e1\u00f0\u00de \u00e1\u00f4\u00ed\u00ef\u00f3\u00e6\u00e1\u00e9\u00f2\u00e9\u00eb\u00ef\u00e0\u00f7 \u00f2\u00e0\u00f0\u00ef\u00f9\u00f7, \u00f3\u00e0\u00f3\u00e6\u00e9\u00e7\u00ea\u00e8 \u00e4\u00db\u00f2\u00ed\u00e1\u00f4\u00ef\u00f7, \u00f3\u00f4\u00e1\u00f5\u00e5\u00f2\u00de\u00f4\u00e8\u00f4\u00e1 \u00e5\u00f0\u00dd \u00f4\u00e8\u00f7 \u00e5\u00f0\u00e9\u00e4\u00e5\u00f2\u00ed\u00dd\u00e4\u00e1\u00f7, \u00e5\u00ee\u00e9\u00f3\u00f8\u00f9\u00ed\u00db\u00ee\u00e8 \u00e1\u00ee\u00f4\u00e9\u00ef\u00ea\u00e5\u00e9\u00e4\u00f6\u00f4\u00e9\u00eb\u00dc \u00f0\u00f2\u00ef\u00f3\u00f4\u00e1\u00f3\u00dd\u00e1 \u00e1\u00f0\u00de \u00ef\u00ea\u00e5\u00e9\u00e4\u00f6\u00f4\u00e9\u00eb\u00de stress \u00ec\u00de\u00e7\u00f6 \u00e8\u00ec\u00e9\u00e1\u00eb\u00dc\u00f7 \u00e1\u00eb\u00f4\u00e9\u00ee\u00ef\u00e2\u00ef\u00ec\u00dd\u00e1\u00f7, \u00ed\u00f0\u00ec\u00e5 \u00e6\u00f6\u00f4\u00de\u00f7 \u00eb\u00e1\u00e9 \u00f0\u00e5\u00f2\u00e9\u00e2\u00e1\u00ec\u00ec\u00ef\u00ee\u00f4\u00e9\u00eb\u00f1\u00ee \u00f2\u00e0\u00f0\u00f6\u00ee, \u00c0\u00ed\u00f9\u00ee\u00e1 \u00e5\u00ee\u00c0\u00ee\u00f4\u00e9\u00e1 \u00f3\u00f4\u00e8 \u00e6\u00f6\u00f4\u00ef\u00e7\u00dc\u00f2\u00e1\u00ee\u00f3\u00e8, \u00e5\u00ee\u00dd\u00f3\u00f8\u00f9\u00f3\u00e8 \u00e4\u00e5\u00f2\u00ed\u00e1\u00f4\u00e9\u00eb\u00dc\u00f7 \u00ec\u00c0\u00ed\u00e3\u00e8\u00f7, \u00e2\u00e5\u00ec\u00f4\u00dd\u00f6\u00f3\u00e8 \u00e4\u00e5\u00f2\u00ed\u00e1\u00f4\u00e9\u00eb\u00ef\u00e0 \u00e1\u00ee\u00c0\u00e7\u00ec\u00f9\u00e6\u00ef\u00f9, primer effect.<\/p>\n<p>&nbsp;<\/p>\n","protected":false},"featured_media":0,"comment_status":"closed","ping_status":"open","template":"","meta":{"_monsterinsights_skip_tracking":false,"_monsterinsights_sitenote_active":false,"_monsterinsights_sitenote_note":"","_monsterinsights_sitenote_category":0},"product_brand":[371],"product_cat":[1180,154,54,70],"product_tag":[],"class_list":{"0":"post-8504","1":"product","2":"type-product","3":"status-publish","5":"product_brand-frezyderm","6":"product_cat-katalogos","7":"product_cat-154","8":"product_cat-54","9":"product_cat-70","11":"first","12":"instock","13":"sale","14":"purchasable","15":"product-type-simple"},"aioseo_notices":[],"jetpack_sharing_enabled":true,"_links":{"self":[{"href":"https:\/\/demo3.bigdigital.gr\/index.php\/wp-json\/wp\/v2\/product\/8504","targetHints":{"allow":["GET"]}}],"collection":[{"href":"https:\/\/demo3.bigdigital.gr\/index.php\/wp-json\/wp\/v2\/product"}],"about":[{"href":"https:\/\/demo3.bigdigital.gr\/index.php\/wp-json\/wp\/v2\/types\/product"}],"replies":[{"embeddable":true,"href":"https:\/\/demo3.bigdigital.gr\/index.php\/wp-json\/wp\/v2\/comments?post=8504"}],"wp:attachment":[{"href":"https:\/\/demo3.bigdigital.gr\/index.php\/wp-json\/wp\/v2\/media?parent=8504"}],"wp:term":[{"taxonomy":"product_brand","embeddable":true,"href":"https:\/\/demo3.bigdigital.gr\/index.php\/wp-json\/wp\/v2\/product_brand?post=8504"},{"taxonomy":"product_cat","embeddable":true,"href":"https:\/\/demo3.bigdigital.gr\/index.php\/wp-json\/wp\/v2\/product_cat?post=8504"},{"taxonomy":"product_tag","embeddable":true,"href":"https:\/\/demo3.bigdigital.gr\/index.php\/wp-json\/wp\/v2\/product_tag?post=8504"}],"curies":[{"name":"wp","href":"https:\/\/api.w.org\/{rel}","templated":true}]}}