{"id":8530,"date":"2025-10-14T08:17:47","date_gmt":"2025-10-14T06:17:47","guid":{"rendered":"https:\/\/demo3.bigdigital.gr\/index.php\/product\/apivita-bee-sun-safe-tan-perfecting-body-oil-spf30-200ml-2\/"},"modified":"2025-11-03T11:47:58","modified_gmt":"2025-11-03T09:47:58","slug":"apivita-bee-sun-safe-tan-perfecting-body-oil-spf30-200ml-2","status":"publish","type":"product","link":"https:\/\/demo3.bigdigital.gr\/index.php\/product\/apivita-bee-sun-safe-tan-perfecting-body-oil-spf30-200ml-2\/","title":{"rendered":"Apivita Bee Sun Safe Tan Perfecting Body Oil SPF30 200ml"},"content":{"rendered":"","protected":false},"excerpt":{"rendered":"<p>Apivita Bee Sun Safe Tan Perfecting Body Oil SPF30 200ml<\/p>\n<p>\u00a4\u00c0\u00e4\u00e9 \u00aa\u00f1\u00ed\u00e1\u00f4\u00ef\u00f7 \u00e7\u00e9\u00e1 \u00bb\u00e1\u00e0\u00f2\u00e9\u00f3\u00ed\u00e1 &amp; \u00bb\u00e5\u00f4\u00e1\u00ea\u00db\u00ee\u00e9\u00e1 \u00b0\u00dd\u00f3\u00f5\u00e8\u00f3\u00e8 \u00ed\u00e5 \u00b8\u00ec\u00dd\u00e1\u00ee\u00f5\u00ef &amp; \u00ba\u00e1\u00f2\u00de\u00f4\u00ef<\/p>\n<p>\u00cb\u00e3\u00e8\u00ec\u00dc \u00a6\u00f2\u00ef\u00f3\u00f4\u00e1\u00f3\u00dd\u00e1-SPF30<\/p>\n<p>\u00a2\u00e5\u00f2\u00ed\u00e1\u00f4\u00ef\u00ec\u00ef\u00e7\u00e9\u00eb\u00c0 \u00e5\u00ec\u00e5\u00e7\u00ed\u00db\u00ee\u00ef<\/p>\n<p>\u00b0\u00f0\u00ec\u00f1\u00f3\u00f4\u00e5 \u00e5\u00f0\u00e1\u00f2\u00eb\u00dc \u00f0\u00ef\u00f3\u00de\u00f4\u00e8\u00f4\u00e1 \u00f0\u00f2\u00e9\u00ee \u00e1\u00f0\u00de \u00f4\u00e8\u00ee \u00db\u00eb\u00f5\u00e5\u00f3\u00e8 \u00f3\u00f4\u00ef\u00ee \u00dc\u00ec\u00e9\u00ef.<br \/>\n\u00b6\u00f0\u00e1\u00ee\u00e1\u00ec\u00c0\u00e2\u00e5\u00f4\u00e5 \u00f3\u00f9\u00f8\u00ee\u00c0 \u00eb\u00f9\u00f2\u00dd\u00f6\u00f7 \u00ed\u00e5\u00f4\u00c0 \u00e1\u00f0\u00de \u00e5\u00e6\u00dd\u00e4\u00f2\u00f6\u00f3\u00e8 \u00eb\u00e1\u00e9 \u00eb\u00ef\u00ec\u00e0\u00ed\u00f0\u00e9.<\/p>\n<p>\u00b0\u00f0\u00ef\u00e6\u00e0\u00e7\u00e5\u00f4\u00e5 \u00f4\u00e8\u00ee \u00db\u00eb\u00f5\u00e5\u00f3\u00e8 \u00f3\u00f4\u00ef\u00ee \u00dc\u00ec\u00e9\u00ef, \u00e1\u00eb\u00de\u00ed\u00e1 \u00eb\u00e1\u00e9 \u00de\u00f4\u00e1\u00ee \u00f8\u00f2\u00e8\u00f3\u00e9\u00ed\u00ef\u00f0\u00ef\u00e9\u00e5i\u00f4\u00e5 \u00e1\u00ee\u00f4\u00e8\u00ec\u00e9\u00e1\u00eb\u00de \u00f0\u00f2\u00ef\u00fb\u00de\u00ee.<br \/>\n\u00b0\u00f0\u00ef\u00e6\u00e0\u00e7\u00e5\u00f4\u00e5 \u00f4\u00e8\u00ee \u00f0\u00e5\u00f2\u00e9\u00ef\u00f8\u00dc \u00f4\u00f6\u00ee \u00ed\u00e1\u00f4\u00e9\u00f1\u00ee.<\/p>\n","protected":false},"featured_media":0,"comment_status":"closed","ping_status":"open","template":"","meta":{"_monsterinsights_skip_tracking":false,"_monsterinsights_sitenote_active":false,"_monsterinsights_sitenote_note":"","_monsterinsights_sitenote_category":0},"product_brand":[357],"product_cat":[1180,65,54,121],"product_tag":[],"class_list":{"0":"post-8530","1":"product","2":"type-product","3":"status-publish","5":"product_brand-apivita","6":"product_cat-katalogos","7":"product_cat-65","8":"product_cat-54","9":"product_cat-121","11":"first","12":"instock","13":"purchasable","14":"product-type-simple"},"aioseo_notices":[],"jetpack_sharing_enabled":true,"_links":{"self":[{"href":"https:\/\/demo3.bigdigital.gr\/index.php\/wp-json\/wp\/v2\/product\/8530","targetHints":{"allow":["GET"]}}],"collection":[{"href":"https:\/\/demo3.bigdigital.gr\/index.php\/wp-json\/wp\/v2\/product"}],"about":[{"href":"https:\/\/demo3.bigdigital.gr\/index.php\/wp-json\/wp\/v2\/types\/product"}],"replies":[{"embeddable":true,"href":"https:\/\/demo3.bigdigital.gr\/index.php\/wp-json\/wp\/v2\/comments?post=8530"}],"wp:attachment":[{"href":"https:\/\/demo3.bigdigital.gr\/index.php\/wp-json\/wp\/v2\/media?parent=8530"}],"wp:term":[{"taxonomy":"product_brand","embeddable":true,"href":"https:\/\/demo3.bigdigital.gr\/index.php\/wp-json\/wp\/v2\/product_brand?post=8530"},{"taxonomy":"product_cat","embeddable":true,"href":"https:\/\/demo3.bigdigital.gr\/index.php\/wp-json\/wp\/v2\/product_cat?post=8530"},{"taxonomy":"product_tag","embeddable":true,"href":"https:\/\/demo3.bigdigital.gr\/index.php\/wp-json\/wp\/v2\/product_tag?post=8530"}],"curies":[{"name":"wp","href":"https:\/\/api.w.org\/{rel}","templated":true}]}}