{"id":8661,"date":"2025-10-14T08:18:05","date_gmt":"2025-10-14T06:18:05","guid":{"rendered":"https:\/\/demo3.bigdigital.gr\/index.php\/product\/korff-cure-make-up-03-with-brush-creaming-foundation-lifting-effect-30ml-2\/"},"modified":"2025-11-03T03:31:41","modified_gmt":"2025-11-03T01:31:41","slug":"korff-cure-make-up-03-with-brush-creaming-foundation-lifting-effect-30ml-2","status":"publish","type":"product","link":"https:\/\/demo3.bigdigital.gr\/index.php\/product\/korff-cure-make-up-03-with-brush-creaming-foundation-lifting-effect-30ml-2\/","title":{"rendered":"Korff Cure Make-Up 03 with Brush, Creaming Foundation Lifting Effect, 30ml."},"content":{"rendered":"","protected":false},"excerpt":{"rendered":"<p>Korff Cure Make-Up 03 with Brush, Creaming Foundation Lifting Effect, 30ml.<\/p>\n<p>\u00ba\u00f2\u00e5\u00ed\u00f1\u00e4\u00e5\u00f7 concealer \u00f0\u00ef\u00f9 \u00f3\u00f9\u00ee\u00e4\u00f9\u00c0\u00fa\u00e5\u00e9 \u00e4\u00e9\u00ef\u00f2\u00f5\u00f6\u00f4\u00e9\u00eb\u00dc \u00e4\u00f2\u00c0\u00f3\u00e8 \u00f3\u00f4\u00e9\u00f7 \u00e1\u00f4\u00db\u00ec\u00e5\u00e9\u00e5\u00f7 \u00ed\u00e5 \u00e1\u00f0\u00ef\u00f4\u00db\u00ec\u00e5\u00f3\u00ed\u00e1 lifting.<\/p>\n<p>\u00a4\u00de\u00e7\u00f6 \u00f4\u00e8\u00f7 \u00f0\u00e1\u00f2\u00ef\u00f9\u00f3\u00dd\u00e1\u00f7 \u00e5\u00eb\u00f8\u00f9\u00ec\u00dd\u00f3\u00ed\u00e1\u00f4\u00ef\u00f7 \u00e6\u00f9\u00f4\u00ef\u00e0 \u00f3\u00de\u00f2\u00e7\u00ef\u00f9, \u00e4\u00e8\u00ed\u00e9\u00ef\u00f9\u00f2\u00e7\u00e5\u00dd \u00db\u00ee\u00e1 \u00f3\u00f9\u00f3\u00e6\u00e9\u00e7\u00eb\u00f4\u00e9\u00eb\u00de \u00e1\u00f0\u00ef\u00f4\u00db\u00ec\u00e5\u00f3\u00ed\u00e1 \u00eb\u00e1\u00e9 \u00ec\u00e5\u00e9\u00e1\u00dd\u00ee\u00e5\u00e9 \u00f4\u00e9\u00f7 \u00ed\u00e9\u00eb\u00f2\u00ef\u00f2\u00f9\u00f4\u00dd\u00e4\u00e5\u00f7 \u00e7\u00e0\u00f2\u00f6 \u00e1\u00f0\u00de \u00f4\u00e1 \u00ed\u00c0\u00f4\u00e9\u00e1.<\/p>\n<p>\u00b8 \u00e1\u00f0\u00e1\u00ec\u00dc, \u00e5\u00ec\u00e1\u00e6\u00f2\u00e9\u00c0 \u00f9\u00e6\u00dc \u00f4\u00ef\u00f9 \u00f0\u00e1\u00f2\u00db\u00f8\u00e5\u00e9 \u00f0\u00f2\u00ef\u00f3\u00e1\u00f2\u00ed\u00de\u00f3\u00e9\u00ed\u00e8 \u00ed\u00e5\u00f3\u00e1\u00dd\u00e1 \u00eb\u00c0\u00ec\u00f9\u00e3\u00e8.<\/p>\n<p>\u00b6\u00f0\u00dd\u00f3\u00e8\u00f7 \u00e5\u00ed\u00f0\u00ec\u00ef\u00f9\u00f4\u00e9\u00f3\u00ed\u00db\u00ee\u00ef \u00ed\u00e5 \u00f9\u00e1\u00ec\u00ef\u00f9\u00f2\u00ef\u00ee\u00e9\u00eb\u00de \u00ef\u00ea\u00e0 \u00eb\u00e1\u00e9 \u00e2\u00e9\u00f4\u00e1\u00ed\u00dd\u00ee\u00e8 \u00b6.<\/p>\n<p>\u00b8 \u00f3\u00f9\u00f3\u00eb\u00e5\u00f9\u00e1\u00f3\u00dd\u00e1 \u00f0\u00e5\u00f2\u00e9\u00db\u00f8\u00e5\u00e9 \u00db\u00ee\u00e1 \u00e4\u00f6\u00f2\u00e5\u00c0\u00ee \u00f0\u00e9\u00ee\u00db\u00ec\u00ef \u00f3\u00e5 \u00ed\u00db\u00e7\u00e5\u00f5\u00ef\u00f7 \u00f4\u00f3\u00db\u00f0\u00e8\u00f7. \u00c3\u00e9 \u00ed\u00e1\u00ec\u00e1\u00eb\u00db\u00f7, \u00eb\u00ef\u00ee\u00f4\u00db\u00f7, \u00f0\u00f9\u00eb\u00ee\u00db\u00f7 \u00f3\u00f9\u00ee\u00f5\u00e5\u00f4\u00e9\u00eb\u00db\u00f7 \u00dd\u00ee\u00e5\u00f7 \u00f4\u00ef\u00f9 \u00f3\u00e1\u00f7 \u00e5\u00f0\u00e9\u00f4\u00f2\u00db\u00f0\u00ef\u00f9\u00ee \u00ee\u00e1 \u00e1\u00f0\u00ec\u00f1\u00f3\u00e5\u00f4\u00e5 \u00eb\u00e1\u00e9 \u00ee\u00e1 \u00e1\u00ee\u00e1\u00ed\u00e5\u00dd\u00ea\u00e5\u00f4\u00e5 \u00f4\u00ef concealer \u00f1\u00f3\u00f4\u00e5 \u00ee\u00e1 \u00eb\u00e1\u00ec\u00e0\u00e3\u00e5\u00f4\u00e5 \u00f4\u00e9\u00f7 \u00e1\u00f4\u00db\u00ec\u00e5\u00e9\u00e5\u00f7.<\/p>\n<p>\u00ba\u00ec\u00e9\u00ee\u00e9\u00eb\u00c0 \u00eb\u00e1\u00e9 \u00e4\u00e5\u00f2\u00ed\u00e1\u00f4\u00ef\u00ec\u00ef\u00e7\u00e9\u00eb\u00c0 \u00e5\u00ec\u00e5\u00e7\u00ed\u00db\u00ee\u00ef.<\/p>\n<p>\u00a2\u00ef\u00eb\u00e9\u00ed\u00e1\u00f3\u00ed\u00db\u00ee\u00ef \u00e7\u00e9\u00e1 \u00ee\u00e9\u00eb\u00db\u00ec\u00e9\u00ef, \u00f8\u00f2\u00f1\u00ed\u00e9\u00ef, \u00eb\u00ef\u00e2\u00c0\u00ec\u00f4\u00e9\u00ef, \u00f9\u00e4\u00f2\u00c0\u00f2\u00e7\u00f9\u00f2\u00ef \u00eb\u00e1\u00e9 \u00f0\u00e1\u00ec\u00ec\u00c0\u00e4\u00e9\u00ef.**<\/p>\n<p>**\u00a4\u00e9\u00e7\u00de\u00f4\u00e5\u00f2\u00ef \u00e1\u00f0\u00de 5 \u00ed\u00db\u00f2\u00e8 \u00e1\u00ee\u00c0 \u00e5\u00eb\u00e1\u00f4\u00ef\u00ed\u00ed\u00e0\u00f2\u00e9\u00ef \u00f4\u00ef \u00eb\u00e1\u00f5\u00db\u00ee\u00e1. \u00bb\u00e9\u00eb\u00f2\u00db\u00f7 \u00f0\u00ef\u00f3\u00de\u00f4\u00e8\u00f4\u00e5\u00f7 \u00ed\u00f0\u00ef\u00f2\u00e5\u00dd \u00ee\u00e1 \u00e5\u00f9\u00f5\u00e0\u00ee\u00ef\u00ee\u00f4\u00e1\u00e9 \u00e7\u00e9\u00e1 \u00f4\u00e8\u00ee \u00e5\u00f9\u00e1\u00e9\u00f3\u00f5\u00e8\u00f4\u00ef\u00f0\u00ef\u00dd\u00e8\u00f3\u00e8 \u00f4\u00ef\u00f9 \u00e4\u00db\u00f2\u00ed\u00e1\u00f4\u00ef\u00f7.<\/p>\n<p>\u00c6\u00b9 \u00ba\u00b0\u00c1\u00b6\u00b9 :<\/p>\n<p>\u2022 \u00bb\u00e5\u00f3\u00e1\u00dd\u00e1 \u00eb\u00c0\u00ec\u00f9\u00e3\u00e8<br \/>\n\u2022 \u00a2\u00f2\u00c0\u00f3\u00e8 lifting<br \/>\n\u2022 \u00b6\u00ed\u00f0\u00ec\u00ef\u00f9\u00f4\u00e9\u00f3\u00ed\u00db\u00ee\u00ef \u00ed\u00e5 \u00f9\u00e1\u00ec\u00ef\u00f9\u00f2\u00ef\u00ee\u00e9\u00eb\u00de \u00ef\u00ea\u00e0 \u00eb\u00e1\u00e9 \u00e2\u00e9\u00f4\u00e1\u00ed\u00dd\u00ee\u00e8 \u00b6<\/p>\n<p>\u00cb\u00bc\u00b8 :\u00a0 \u00ba\u00f2\u00e5\u00ed\u00f1\u00e4\u00e8\u00f7 \u00eb\u00e1\u00e9 \u00ec\u00e5\u00dd\u00e1 \u00f9\u00e6\u00dc<\/p>\n<p>\u00b0\u00a6\u00c3\u00c6\u00b6\u00a4\u00b6\u00aa\u00bb\u00b0 :\u00a0\u00c3\u00e9 \u00e1\u00f4\u00db\u00ec\u00e5\u00e9\u00e5\u00f7 \u00e5\u00ec\u00e1\u00f8\u00e9\u00f3\u00f4\u00ef\u00f0\u00ef\u00e9\u00dc\u00f5\u00e8\u00eb\u00e1\u00ee \u00eb\u00e1\u00e9 \u00ef\u00e9 \u00ed\u00e9\u00eb\u00f2\u00ef\u00f2\u00f9\u00f4\u00dd\u00e4\u00e5\u00f7 \u00ec\u00e5\u00e9\u00c0\u00ee\u00f5\u00e8\u00eb\u00e1\u00ee.<\/p>\n<p>\u00c6\u00b6\u00aa\u00c6 \u00b0\u00a6\u00c3\u00c6\u00b6\u00a4\u00b6\u00aa\u00bb\u00b0\u00c6\u00b9\u00ba\u00c3\u00c6\u00b8\u00c6\u00b0\u00aa<\/p>\n<p>\u00c6\u00ef \u00e4\u00db\u00f2\u00ed\u00e1 \u00e5\u00ee\u00f9\u00e4\u00e1\u00f4\u00f1\u00ee\u00e5\u00f4\u00e5*<br \/>\n\u00c6\u00ef \u00e4\u00db\u00f2\u00ed\u00e1 \u00e6\u00e1\u00dd\u00ee\u00e5\u00f4\u00e1\u00e9 \u00f0\u00e9\u00ef \u00ec\u00e5\u00dd\u00ef.*<\/p>\n<p>*\u00e7\u00e9\u00e1 \u00f4\u00ef 86% \u00f4\u00f6\u00ee \u00e5\u00f5\u00e5\u00ec\u00ef\u00ee\u00f4\u00f1\u00ee. \u00a6\u00f2\u00e1\u00e7\u00ed\u00e1\u00f4\u00ef\u00f0\u00ef\u00e9\u00dc\u00f5\u00e8\u00eb\u00e5 \u00f4\u00e5\u00f3\u00f4 \u00e1\u00f9\u00f4\u00ef\u00e1\u00ea\u00e9\u00ef\u00ec\u00de\u00e7\u00e8\u00f3\u00e8\u00f7 \u00f3\u00e5 21 \u00e5\u00f5\u00e5\u00ec\u00ef\u00ee\u00f4\u00db\u00f7 \u00e8\u00ec\u00e9\u00eb\u00dd\u00e1\u00f7 49 \u00db\u00f6\u00f7 66 \u00e5\u00f4\u00f1\u00ee. \u00b6\u00e6\u00e1\u00f2\u00ed\u00ef\u00e7\u00dc Concealer Lifting Effect \u00ed\u00dd\u00e1 \u00e6\u00ef\u00f2\u00c0 \u00f4\u00e8\u00ee \u00e8\u00ed\u00db\u00f2\u00e1 \u00e7\u00e9\u00e1 28 \u00e8\u00ed\u00db\u00f2\u00e5\u00f7.<\/p>\n<p>\u00b8 \u00e4\u00db\u00f3\u00ed\u00e5\u00f9\u00f3\u00dc \u00ed\u00e1\u00f7 \u00e7\u00e9\u00e1 \u00db\u00ee\u00e1 \u00e2\u00e9\u00f1\u00f3\u00e9\u00ed\u00ef \u00ed\u00db\u00ec\u00ec\u00ef\u00ee:\u00a0\u00a0\u00b0\u00f9\u00f4\u00de \u00f4\u00ef \u00f0\u00f2\u00ef\u00fb\u00de\u00ee \u00e5\u00dd\u00ee\u00e1\u00e9 \u00f3\u00f9\u00f3\u00eb\u00e5\u00f9\u00e1\u00f3\u00ed\u00db\u00ee\u00ef \u00ed\u00e5 \u00e1\u00ee\u00e1\u00eb\u00f9\u00eb\u00ec\u00f1\u00f3\u00e9\u00ed\u00e1 \u00f9\u00ec\u00e9\u00eb\u00c0. \u00b5\u00ef\u00e8\u00f5\u00dc\u00f3\u00f4\u00e5 \u00ed\u00e1\u00f7 \u00ee\u00e1 \u00ed\u00e5\u00e9\u00f1\u00f3\u00ef\u00f9\u00ed\u00e5 \u00f4\u00e9\u00f7 \u00f0\u00e5\u00f2\u00e9\u00e2\u00e1\u00ec\u00ec\u00ef\u00ee\u00f4\u00e9\u00eb\u00db\u00f7 \u00e5\u00f0\u00e9\u00f0\u00f4\u00f1\u00f3\u00e5\u00e9\u00f7: \u00de\u00f4\u00e1\u00ee \u00f4\u00ef \u00f0\u00f2\u00ef\u00fb\u00de\u00ee \u00f4\u00e5\u00ec\u00e5\u00e9\u00f1\u00f3\u00e5\u00e9, \u00e1\u00ee\u00e1\u00eb\u00f9\u00eb\u00ec\u00f1\u00f3\u00f4\u00e5 \u00eb\u00c0\u00f5\u00e5 \u00ed\u00db\u00f2\u00ef\u00f7 \u00f4\u00e8\u00f7 \u00f3\u00f9\u00f3\u00eb\u00e5\u00f9\u00e1\u00f3\u00dd\u00e1\u00f7 \u00e1\u00e6\u00ef\u00e0 \u00eb\u00e1\u00f5\u00e1\u00f2\u00e9\u00f3\u00f4\u00e5\u00dd \u00f3\u00f6\u00f3\u00f4\u00c0.<\/p>\n<p>&nbsp;<\/p>\n","protected":false},"featured_media":0,"comment_status":"closed","ping_status":"open","template":"","meta":{"_monsterinsights_skip_tracking":false,"_monsterinsights_sitenote_active":false,"_monsterinsights_sitenote_note":"","_monsterinsights_sitenote_category":0},"product_brand":[622],"product_cat":[1180,54,70,118],"product_tag":[],"class_list":{"0":"post-8661","1":"product","2":"type-product","3":"status-publish","5":"product_brand-korff","6":"product_cat-katalogos","7":"product_cat-54","8":"product_cat-70","9":"product_cat-118","11":"first","12":"instock","13":"purchasable","14":"product-type-simple"},"aioseo_notices":[],"jetpack_sharing_enabled":true,"_links":{"self":[{"href":"https:\/\/demo3.bigdigital.gr\/index.php\/wp-json\/wp\/v2\/product\/8661","targetHints":{"allow":["GET"]}}],"collection":[{"href":"https:\/\/demo3.bigdigital.gr\/index.php\/wp-json\/wp\/v2\/product"}],"about":[{"href":"https:\/\/demo3.bigdigital.gr\/index.php\/wp-json\/wp\/v2\/types\/product"}],"replies":[{"embeddable":true,"href":"https:\/\/demo3.bigdigital.gr\/index.php\/wp-json\/wp\/v2\/comments?post=8661"}],"wp:attachment":[{"href":"https:\/\/demo3.bigdigital.gr\/index.php\/wp-json\/wp\/v2\/media?parent=8661"}],"wp:term":[{"taxonomy":"product_brand","embeddable":true,"href":"https:\/\/demo3.bigdigital.gr\/index.php\/wp-json\/wp\/v2\/product_brand?post=8661"},{"taxonomy":"product_cat","embeddable":true,"href":"https:\/\/demo3.bigdigital.gr\/index.php\/wp-json\/wp\/v2\/product_cat?post=8661"},{"taxonomy":"product_tag","embeddable":true,"href":"https:\/\/demo3.bigdigital.gr\/index.php\/wp-json\/wp\/v2\/product_tag?post=8661"}],"curies":[{"name":"wp","href":"https:\/\/api.w.org\/{rel}","templated":true}]}}