{"id":8670,"date":"2025-10-14T08:18:08","date_gmt":"2025-10-14T06:18:08","guid":{"rendered":"https:\/\/demo3.bigdigital.gr\/index.php\/product\/elgydium-promo-multi-action-toothpaste-gel-150ml-2x75ml-2\/"},"modified":"2025-11-03T03:23:30","modified_gmt":"2025-11-03T01:23:30","slug":"elgydium-promo-multi-action-toothpaste-gel-150ml-2x75ml-2","status":"publish","type":"product","link":"https:\/\/demo3.bigdigital.gr\/index.php\/product\/elgydium-promo-multi-action-toothpaste-gel-150ml-2x75ml-2\/","title":{"rendered":"Elgydium Promo Multi-Action Toothpaste Gel 150ml (2x75ml)"},"content":{"rendered":"","protected":false},"excerpt":{"rendered":"<p>Elgydium Promo Multi-Action Toothpaste Gel 150ml (2x75ml)<\/p>\n<p>\u00b8 \u00ef\u00e4\u00ef\u00ee\u00f4\u00de\u00eb\u00f2\u00e5\u00ed\u00e1 Elgydium Multi-Action \u00e5\u00dd\u00ee\u00e1\u00e9 \u00ef \u00f9\u00f0\u00e5\u00f2\u00dc\u00f2\u00f6\u00e1\u00f7 \u00f4\u00e8\u00f7 \u00f3\u00f4\u00ef\u00ed\u00e1\u00f4\u00e9\u00eb\u00dc\u00f7 \u00f9\u00e7\u00e9\u00e5\u00e9\u00ee\u00dc\u00f7.\u00a0\u00a6\u00f2\u00ef\u00f3\u00f4\u00e1\u00f4\u00e5\u00e0\u00e5\u00e9 \u00eb\u00e1\u00e9 \u00e5\u00ee\u00e9\u00f3\u00f8\u00e0\u00e5\u00e9 \u00f4\u00e1 \u00ef\u00e0\u00ec\u00e1\u00a0\u00f8\u00c0\u00f2\u00e8 \u00f3\u00f4\u00e9\u00f7 \u00e1\u00ee\u00f4\u00e9\u00ef\u00ea\u00e5\u00e9\u00e4\u00f6\u00f4\u00e9\u00eb\u00db\u00f7 \u00f4\u00e8\u00f7 \u00e9\u00e4\u00e9\u00de\u00f4\u00e8\u00f4\u00e5\u00f7,\u00a0\u00e2\u00ef\u00e8\u00f5\u00c0 \u00f3\u00f4\u00e8\u00ee \u00f0\u00f2\u00de\u00ec\u00e8\u00e3\u00e8 \u00f4\u00e8\u00f7 \u00ef\u00e4\u00ef\u00ee\u00f4\u00e9\u00eb\u00dc\u00f7 \u00f0\u00ec\u00c0\u00eb\u00e1\u00f7\u00a0\u00eb\u00e1\u00e9\u00a0\u00e4\u00e9\u00e1\u00f4\u00e8\u00f2\u00e5\u00dd \u00f4\u00e8 \u00e6\u00f9\u00f3\u00e9\u00eb\u00dc \u00ec\u00e5\u00f9\u00eb\u00de\u00f4\u00e8\u00f4\u00e1 \u00f4\u00f6\u00ee \u00e4\u00ef\u00ee\u00f4\u00e9\u00f1\u00ee,\u00a0\u00e5\u00ee\u00e9\u00f3\u00f8\u00e0\u00e5\u00e9 \u00f4\u00ef \u00f3\u00ed\u00c0\u00ec\u00f4\u00ef \u00f4\u00f6\u00ee \u00e4\u00ef\u00ee\u00f4\u00e9\u00f1\u00ee\u00a0\u00e7\u00e9\u00e1 \u00f4\u00e8\u00ee \u00f0\u00f2\u00de\u00ec\u00e8\u00e3\u00e8 \u00f4\u00e8\u00f7 \u00f4\u00e5\u00f2\u00e8\u00e4\u00de\u00ee\u00e1\u00f7 \u00eb\u00e1\u00e9\u00a0\u00f8\u00e1\u00f2\u00dd\u00fa\u00e5\u00e9 \u00e4\u00f2\u00ef\u00f3\u00e5\u00f2\u00dc \u00e1\u00ee\u00e1\u00f0\u00ee\u00ef\u00dc.<\/p>\n<p>\u00b8 \u00ef\u00e4\u00ef\u00ee\u00f4\u00de\u00eb\u00f2\u00e5\u00ed\u00e1 \u00f0\u00ef\u00ec\u00ec\u00e1\u00f0\u00ec\u00dc\u00f7 \u00e4\u00f2\u00c0\u00f3\u00e8\u00f7 Elgydium Multi-Action \u00e5\u00dd\u00ee\u00e1\u00e9 \u00eb\u00e1\u00e9\u00ee\u00ef\u00f4\u00de\u00ed\u00ef\u00f7 \u00eb\u00e1\u00e9, \u00f8\u00c0\u00f2\u00e8 \u00f3\u00f4\u00e9\u00f7 \u00e9\u00e4\u00e9\u00de\u00f4\u00e8\u00f4\u00e5\u00f7 \u00f4\u00f6\u00ee \u00eb\u00f9\u00e1\u00ee\u00ef\u00e6\u00f9\u00eb\u00f1\u00ee (Aquacyan\u00e9e) \u00eb\u00e1\u00e9 \u00f4\u00ef\u00f9 Fluorinol,\u00a0\u00f3\u00f9\u00ed\u00e2\u00c0\u00ec\u00ec\u00e5\u00e9 \u00f3\u00f4\u00e8\u00ee \u00e5\u00f0\u00e1\u00ee\u00e1\u00ed\u00e5\u00f4\u00e1\u00ec\u00ec\u00e9\u00eb\u00ef\u00f0\u00ef\u00dd\u00e8\u00f3\u00e8 \u00eb\u00e1\u00e9 \u00f4\u00e8\u00ee \u00f0\u00f2\u00ef\u00f3\u00f4\u00e1\u00f3\u00dd\u00e1 \u00f4\u00ef\u00f9 \u00f3\u00ed\u00c0\u00ec\u00f4\u00ef\u00f9 \u00f4\u00f6\u00ee \u00e4\u00ef\u00ee\u00f4\u00e9\u00f1\u00ee.<\/p>\n<p>\u00bb\u00de\u00ec\u00e9\u00f7 \u00eb\u00e1\u00f4\u00c0 \u00f4\u00ef \u00e4\u00e5\u00e0\u00f4\u00e5\u00f2\u00ef \u00ec\u00e5\u00f0\u00f4\u00de \u00e2\u00ef\u00f9\u00f2\u00f4\u00f3\u00dd\u00f3\u00ed\u00e1\u00f4\u00ef\u00f7, \u00e4\u00e5\u00f3\u00ed\u00e5\u00e0\u00ef\u00ee\u00f4\u00e1\u00e9 \u00db\u00ea\u00e9 \u00e6\u00ef\u00f2\u00db\u00f7 \u00f0\u00e5\u00f2\u00e9\u00f3\u00f3\u00de\u00f4\u00e5\u00f2\u00e1 \u00e9\u00de\u00ee\u00f4\u00e1 \u00e6\u00f5\u00ef\u00f2\u00dd\u00ef\u00f9 \u00f3\u00f4\u00ef \u00f3\u00ed\u00c0\u00ec\u00f4\u00ef, \u00f3\u00e5 \u00f3\u00e0\u00e7\u00eb\u00f2\u00e9\u00f3\u00e8 \u00ed\u00e5 \u00e1\u00ee\u00de\u00f2\u00e7\u00e1\u00ee\u00ef \u00e6\u00f5\u00de\u00f2\u00e9\u00ef.<br \/>\n\u00b8 \u00f3\u00e9\u00ec\u00e9\u00e7\u00ec\u00f9\u00eb\u00de\u00ec\u00e8 \u00f0\u00ef\u00f9 \u00f0\u00e5\u00f2\u00e9\u00db\u00f8\u00e5\u00e9 \u00e8 \u00f3\u00e0\u00ee\u00f5\u00e5\u00f3\u00e8, \u00e5\u00ee\u00e9\u00f3\u00f8\u00e0\u00e5\u00e9 \u00f4\u00e8 \u00e4\u00db\u00f3\u00ed\u00e5\u00f9\u00f3\u00e8 \u00f4\u00ef\u00f9 \u00e6\u00f5\u00ef\u00f2\u00dd\u00ef\u00f9 \u00f3\u00f4\u00ef \u00f3\u00ed\u00c0\u00ec\u00f4\u00ef, \u00e1\u00eb\u00de\u00ed\u00e8 \u00eb\u00e1\u00e9 \u00ed\u00e5\u00f4\u00c0 \u00f4\u00ef \u00ea\u00db\u00e2\u00e7\u00e1\u00ec\u00ed\u00e1. \u00ba\u00c0\u00ee\u00e5\u00e9 \u00f4\u00e1 \u00f0\u00c0\u00ee\u00f4\u00e1 \u00eb\u00e1\u00e9 \u00f4\u00e1 \u00eb\u00c0\u00ee\u00e5\u00e9 \u00eb\u00e1\u00ec\u00c0, \u00f0\u00f2\u00ef\u00f3\u00e6\u00db\u00f2\u00ef\u00ee\u00f4\u00e1\u00f7 \u00ef\u00ec\u00ef\u00eb\u00ec\u00e8\u00f2\u00f6\u00ed\u00db\u00ee\u00e8 \u00f0\u00f2\u00ef\u00f3\u00f4\u00e1\u00f3\u00dd\u00e1, \u00f0\u00f2\u00ef\u00f3\u00e1\u00f2\u00ed\u00ef\u00f3\u00ed\u00db\u00ee\u00e8 \u00f3\u00f4\u00e9\u00f7 \u00e9\u00e4\u00e9\u00e1\u00dd\u00f4\u00e5\u00f2\u00e5\u00f7 \u00e1\u00ee\u00c0\u00e7\u00eb\u00e5\u00f7 \u00eb\u00c0\u00f5\u00e5 \u00e1\u00f4\u00de\u00ed\u00ef\u00f9, \u00e1\u00f9\u00f4\u00dc \u00e5\u00dd\u00ee\u00e1\u00e9 \u00e8 \u00e1\u00f0\u00ef\u00f3\u00f4\u00ef\u00ec\u00dc \u00f4\u00e8\u00f7 \u00ef\u00e4\u00ef\u00ee\u00f4\u00de\u00eb\u00f2\u00e5\u00ed\u00e1\u00f7 ELGYDIUM Multi-Action.<\/p>\n<p>\u00a6\u00e5\u00f2\u00e9\u00db\u00f8\u00e5\u00e9 \u00f9\u00e4\u00f2\u00ef\u00e6\u00f5\u00ef\u00f2\u00e9\u00eb\u00dc \u00ee\u00e9\u00eb\u00ef\u00ed\u00e5\u00f5\u00e1\u00ee\u00de\u00ec\u00e8 &amp; 1350ppm \u00e9\u00de\u00ee\u00f4\u00f6\u00ee \u00bc\u00f5\u00ef\u00f2\u00dd\u00ef\u00f9.<\/p>\n<p>\u00b5\u00ef\u00f9\u00f2\u00f4\u00f3\u00dd\u00f3\u00f4\u00e5 2 \u00ed\u00e5 3 \u00e6\u00ef\u00f2\u00db\u00f7 \u00f4\u00e8\u00ee \u00e8\u00ed\u00db\u00f2\u00e1.<br \/>\n\u00ba\u00e1\u00f4\u00c0\u00ec\u00ec\u00e8\u00ec\u00ef \u00e7\u00e9\u00e1 \u00db\u00e6\u00e8\u00e2\u00ef\u00f9\u00f7 &amp; \u00e5\u00ee\u00dc\u00ec\u00e9\u00eb\u00e5\u00f7<\/p>\n<p>_\u00c1\u00e1 \u00ed\u00e8 \u00e6\u00f9\u00ec\u00c0\u00f3\u00f3\u00e5\u00f4\u00e1\u00e9 \u00f3\u00e5 \u00f5\u00e5\u00f2\u00ed\u00ef\u00eb\u00f2\u00e1\u00f3\u00dd\u00e1 \u00ed\u00e5\u00e7\u00e1\u00ec\u00e0\u00f4\u00e5\u00f2\u00e8 \u00f4\u00f6\u00ee 25\u00b0C<\/p>\n<p>AQUA. HYDROGENATED STARCH HYDROLYSATE, HYDRATED SILICA. GLYCERIN. NICOTINYL ALCOHOL HF. SODIUM METHYL COCOYL TAURATE. CI 42090. CALCIUM LACTATE. CELLULOSE GUM. AROMA. LIMONENE. MAGNESIUM LACTATE. MALTODEXTRIN. PEG-12. PEG-12 ALLYL ETHER. PEG-12 DIMETHICONE. PHORMIDIUM UNCINATUM EXTRACT. SODIUM BENZOATE. SODIUM SACCHARIN.<\/p>\n<p>\u00a6\u00e5\u00f2\u00e9\u00db\u00f8\u00e5\u00e9 \u00f9\u00e4\u00f2\u00ef\u00e6\u00f5\u00ef\u00f2\u00e9\u00eb\u00dc \u00ee\u00e9\u00eb\u00ef\u00ed\u00e5\u00f5\u00e1\u00ee\u00de\u00ec\u00e8 &amp; 1350ppm \u00e9\u00de\u00ee\u00f4\u00f6\u00ee \u00bc\u00f5\u00ef\u00f2\u00dd\u00ef\u00f9.<\/p>\n<p>&nbsp;<\/p>\n","protected":false},"featured_media":0,"comment_status":"closed","ping_status":"open","template":"","meta":{"_monsterinsights_skip_tracking":false,"_monsterinsights_sitenote_active":false,"_monsterinsights_sitenote_note":"","_monsterinsights_sitenote_category":0},"product_brand":[368],"product_cat":[1180,321,104],"product_tag":[],"class_list":{"0":"post-8670","1":"product","2":"type-product","3":"status-publish","5":"product_brand-elgydium","6":"product_cat-katalogos","7":"product_cat-321","8":"product_cat-104","10":"first","11":"outofstock","12":"sale","13":"purchasable","14":"product-type-simple"},"aioseo_notices":[],"jetpack_sharing_enabled":true,"_links":{"self":[{"href":"https:\/\/demo3.bigdigital.gr\/index.php\/wp-json\/wp\/v2\/product\/8670","targetHints":{"allow":["GET"]}}],"collection":[{"href":"https:\/\/demo3.bigdigital.gr\/index.php\/wp-json\/wp\/v2\/product"}],"about":[{"href":"https:\/\/demo3.bigdigital.gr\/index.php\/wp-json\/wp\/v2\/types\/product"}],"replies":[{"embeddable":true,"href":"https:\/\/demo3.bigdigital.gr\/index.php\/wp-json\/wp\/v2\/comments?post=8670"}],"wp:attachment":[{"href":"https:\/\/demo3.bigdigital.gr\/index.php\/wp-json\/wp\/v2\/media?parent=8670"}],"wp:term":[{"taxonomy":"product_brand","embeddable":true,"href":"https:\/\/demo3.bigdigital.gr\/index.php\/wp-json\/wp\/v2\/product_brand?post=8670"},{"taxonomy":"product_cat","embeddable":true,"href":"https:\/\/demo3.bigdigital.gr\/index.php\/wp-json\/wp\/v2\/product_cat?post=8670"},{"taxonomy":"product_tag","embeddable":true,"href":"https:\/\/demo3.bigdigital.gr\/index.php\/wp-json\/wp\/v2\/product_tag?post=8670"}],"curies":[{"name":"wp","href":"https:\/\/api.w.org\/{rel}","templated":true}]}}