{"id":9043,"date":"2025-10-14T08:19:33","date_gmt":"2025-10-14T06:19:33","guid":{"rendered":"https:\/\/demo3.bigdigital.gr\/index.php\/product\/uriage-bariederm-cleansing-cica-gel-200ml\/"},"modified":"2025-10-14T13:28:21","modified_gmt":"2025-10-14T11:28:21","slug":"uriage-bariederm-cleansing-cica-gel-200ml","status":"publish","type":"product","link":"https:\/\/demo3.bigdigital.gr\/index.php\/product\/uriage-bariederm-cleansing-cica-gel-200ml\/","title":{"rendered":"URIAGE Bariederm Cleansing Cica &#8211; Gel 200ml"},"content":{"rendered":"","protected":false},"excerpt":{"rendered":"<h2>\u00c3\u00e6\u00db\u00ec\u00e8<\/h2>\n<p>\u00b6\u00ea\u00e1\u00e9\u00f2\u00e5\u00f4\u00e9\u00eb\u00c0 \u00f0\u00ec\u00ef\u00e0\u00f3\u00e9\u00ef \u00f4\u00fa\u00e5\u00ec \u00eb\u00e1\u00f5\u00e1\u00f2\u00e9\u00f3\u00ed\u00ef\u00e0 \u00f0\u00ef\u00f9 \u00eb\u00e1\u00f4\u00e1\u00f0\u00f2\u00e1\u00fe\u00ee\u00e5\u00e9 \u00eb\u00e1\u00e9 \u00e5\u00ea\u00f9\u00e7\u00e9\u00e1\u00dd\u00ee\u00e5\u00e9 \u00f4\u00ef \u00e4\u00db\u00f2\u00ed\u00e1. \u00a2\u00e8\u00ed\u00e9\u00ef\u00f9\u00f2\u00e7\u00e5\u00dd \u00f0\u00ec\u00ef\u00e0\u00f3\u00e9\u00ef \u00e1\u00e6\u00f2\u00de, \u00e7\u00e9\u00e1 \u00ee\u00e1 \u00eb\u00e1\u00f5\u00e1\u00f2\u00dd\u00f3\u00e5\u00e9 \u00f3\u00e5 \u00e2\u00c0\u00f5\u00ef\u00f7 \u00f4\u00ef \u00e5\u00f2\u00e5\u00f5\u00e9\u00f3\u00ed\u00db\u00ee\u00ef \u00e4\u00db\u00f2\u00ed\u00e1.<\/p>\n<p>\u00ba\u00e1\u00f4\u00e1\u00f0\u00f2\u00e1\u00fe\u00ee\u00e5\u00e9: \u00b8 \u00f0\u00e1\u00f4\u00e5\u00ee\u00f4\u00e1\u00f2\u00e9\u00f3\u00ed\u00db\u00ee\u00e8 \u00f4\u00e5\u00f8\u00ee\u00ef\u00ec\u00ef\u00e7\u00dd\u00e1 TLR2-Regul \u00eb\u00e1\u00e9 \u00f4\u00ef \u00b9\u00e1\u00ed\u00e1\u00f4\u00e9\u00eb\u00de \u00c1\u00e5\u00f2\u00de Uriage \u00eb\u00e1\u00f4\u00e1\u00f0\u00f2\u00e1\u00fe\u00ee\u00ef\u00f9\u00ee \u00f4\u00e8 \u00e4\u00f9\u00f3\u00e6\u00ef\u00f2\u00dd\u00e1 \u00f0\u00ef\u00f9 \u00f0\u00f2\u00ef\u00eb\u00e1\u00ec\u00ef\u00e0\u00ee \u00ef\u00e9 \u00ed\u00e9\u00eb\u00f2\u00ef\u00ef\u00f2\u00e7\u00e1\u00ee\u00e9\u00f3\u00ed\u00ef\u00dd.<\/p>\n<p>\u00b6\u00ea\u00f9\u00e7\u00e9\u00e1\u00dd\u00ee\u00e5\u00e9: \u00c3 \u00a1\u00ec\u00f9\u00eb\u00ef\u00ee\u00e9\u00eb\u00de\u00f7 \u00cc\u00e1\u00ec\u00eb\u00de\u00f7 \u00eb\u00e1\u00e9 \u00be\u00e5\u00f9\u00e4\u00c0\u00f2\u00e7\u00f9\u00f2\u00ef\u00f7 \u00e5\u00ed\u00f0\u00ef\u00e4\u00dd\u00fa\u00ef\u00f9\u00ee \u00f4\u00ef\u00ee \u00f0\u00ef\u00ec\u00ec\u00e1\u00f0\u00ec\u00e1\u00f3\u00e9\u00e1\u00f3\u00ed\u00de \u00f4\u00f6\u00ee \u00e2\u00e1\u00eb\u00f4\u00e8\u00f2\u00dd\u00f6\u00ee.<\/p>\n<p>\u00ba\u00e1\u00f5\u00e1\u00f2\u00dd\u00fa\u00e5\u00e9 \u00e1\u00f0\u00e1\u00ec\u00c0: \u00b8 \u00e5\u00ea\u00e1\u00e9\u00f2\u00e5\u00f4\u00e9\u00eb\u00c0 \u00e1\u00f0\u00e1\u00ec\u00dc \u00eb\u00e1\u00f5\u00e1\u00f2\u00e9\u00f3\u00f4\u00e9\u00eb\u00dc \u00e2\u00c0\u00f3\u00e8 \u00f4\u00e8\u00f7 \u00f3\u00e0\u00ee\u00f5\u00e5\u00f3\u00dc\u00f7 \u00f4\u00ef\u00f9 \u00f3\u00db\u00e2\u00e5\u00f4\u00e1\u00e9 \u00f4\u00ef \u00f9\u00e4\u00f2\u00ef\u00ec\u00e9\u00f0\u00e9\u00e4\u00e9\u00eb\u00de \u00e6\u00e9\u00ec\u00ed \u00f4\u00ef\u00f9 \u00e4\u00db\u00f2\u00ed\u00e1\u00f4\u00ef\u00f7 \u00eb\u00e1\u00e9 \u00e4\u00e5\u00ee \u00f0\u00f2\u00ef\u00eb\u00e1\u00ec\u00e5\u00dd \u00ea\u00e8\u00f2\u00de\u00f4\u00e8\u00f4\u00e1.<\/p>\n<p><u>\u00b0\u00f0\u00ef\u00f4\u00e5\u00ec\u00db\u00f3\u00ed\u00e1\u00f4\u00e1:<\/u><\/p>\n<p>30% \u00b9\u00e1\u00ed\u00e1\u00f4\u00e9\u00eb\u00de \u00c1\u00e5\u00f2\u00de Uriage \u00ed\u00e5 \u00eb\u00e1\u00f4\u00e1\u00f0\u00f2\u00e1\u00fc\u00ee\u00f4\u00e9\u00eb\u00db\u00f7 \u00e9\u00e4\u00e9\u00de\u00f4\u00e8\u00f4\u00e5\u00f7.<\/p>\n<p>&nbsp;<\/p>\n<h2>\u00cc\u00f2\u00dc\u00f3\u00e8<\/h2>\n<p>\u00ba\u00c0\u00ee\u00f4\u00e5 \u00e1\u00e6\u00f2\u00de \u00f3\u00e5 \u00ee\u00f6\u00f0\u00de \u00e4\u00db\u00f2\u00ed\u00e1 \u00eb\u00e1\u00e9 \u00db\u00f0\u00e5\u00e9\u00f4\u00e1 \u00ea\u00e5\u00e2\u00e7\u00c0\u00ec\u00f4\u00e5. \u00b0\u00f0\u00ef\u00e6\u00e0\u00e7\u00e5\u00f4\u00e5 \u00f4\u00e8\u00ee \u00e5\u00f0\u00e1\u00e6\u00dc \u00ed\u00e5 \u00f4\u00e1 \u00ed\u00c0\u00f4\u00e9\u00e1.<\/p>\n<p>&nbsp;<\/p>\n<h2>\u00aa\u00f9\u00f3\u00f4\u00e1\u00f4\u00e9\u00eb\u00c0<\/h2>\n<p>AQUA (WATER, EAU) _ SODIUM CHLORIDE _ SODIUM LAURETH SULFATE _ SODIUM COCOYL GLUTAMATE _ DECYL GLUCOSIDE _ BUTYLENE GLYCOL _ CETEARETH-60 MYRISTYL GLYCOL _ COCO-GLUCOSIDE _ GLYCERYL OLEATE _ SODIUM METHYL COCOYL TAURATE _ COPPER GLUCONATE _ ZINC GLUCONATE _ ISOPROPYL ALCOHOL _ MANGANESE GLUCONATE _ CITRIC ACID _ PHYTOSPHINGOSINE _ ASIATICOSIDE<\/p>\n","protected":false},"featured_media":9459,"comment_status":"closed","ping_status":"open","template":"","meta":{"_monsterinsights_skip_tracking":false,"_monsterinsights_sitenote_active":false,"_monsterinsights_sitenote_note":"","_monsterinsights_sitenote_category":0},"product_brand":[],"product_cat":[15],"product_tag":[],"class_list":{"0":"post-9043","1":"product","2":"type-product","3":"status-publish","4":"has-post-thumbnail","6":"product_cat-uncategorized","8":"first","9":"outofstock","10":"sale","11":"purchasable","12":"product-type-simple"},"aioseo_notices":[],"jetpack_sharing_enabled":true,"_links":{"self":[{"href":"https:\/\/demo3.bigdigital.gr\/index.php\/wp-json\/wp\/v2\/product\/9043","targetHints":{"allow":["GET"]}}],"collection":[{"href":"https:\/\/demo3.bigdigital.gr\/index.php\/wp-json\/wp\/v2\/product"}],"about":[{"href":"https:\/\/demo3.bigdigital.gr\/index.php\/wp-json\/wp\/v2\/types\/product"}],"replies":[{"embeddable":true,"href":"https:\/\/demo3.bigdigital.gr\/index.php\/wp-json\/wp\/v2\/comments?post=9043"}],"wp:featuredmedia":[{"embeddable":true,"href":"https:\/\/demo3.bigdigital.gr\/index.php\/wp-json\/wp\/v2\/media\/9459"}],"wp:attachment":[{"href":"https:\/\/demo3.bigdigital.gr\/index.php\/wp-json\/wp\/v2\/media?parent=9043"}],"wp:term":[{"taxonomy":"product_brand","embeddable":true,"href":"https:\/\/demo3.bigdigital.gr\/index.php\/wp-json\/wp\/v2\/product_brand?post=9043"},{"taxonomy":"product_cat","embeddable":true,"href":"https:\/\/demo3.bigdigital.gr\/index.php\/wp-json\/wp\/v2\/product_cat?post=9043"},{"taxonomy":"product_tag","embeddable":true,"href":"https:\/\/demo3.bigdigital.gr\/index.php\/wp-json\/wp\/v2\/product_tag?post=9043"}],"curies":[{"name":"wp","href":"https:\/\/api.w.org\/{rel}","templated":true}]}}