{"id":9176,"date":"2025-10-14T08:19:51","date_gmt":"2025-10-14T06:19:51","guid":{"rendered":"https:\/\/demo3.bigdigital.gr\/index.php\/product\/doctors-formulas-bromeact-30-caps\/"},"modified":"2025-10-14T08:19:51","modified_gmt":"2025-10-14T06:19:51","slug":"doctors-formulas-bromeact-30-caps","status":"publish","type":"product","link":"https:\/\/demo3.bigdigital.gr\/index.php\/product\/doctors-formulas-bromeact-30-caps\/","title":{"rendered":"DOCTOR`S FORMULAS BROMEACT 30 CAPS"},"content":{"rendered":"","protected":false},"excerpt":{"rendered":"<p>DOCTOR`S FORMULAS BROMEACT 30 CAPS<\/p>\n<p>\u00b0\u00ee\u00f4\u00e9\u00e6\u00ec\u00e5\u00e7\u00ed\u00ef\u00ee\u00f1\u00e4\u00e8\u00f7 \u00e6\u00de\u00f2\u00ed\u00ef\u00f9\u00ec\u00e1<\/p>\n<p>\u00b8 \u00e1\u00ee\u00f4\u00e9\u00e6\u00ec\u00e5\u00e7\u00ed\u00ef\u00ee\u00f1\u00e4\u00e8\u00f7 \u00e6\u00de\u00f2\u00ed\u00ef\u00f9\u00ec\u00e1 Bromeact \u00f8\u00c0\u00f2\u00e8 \u00f3\u00f4\u00e8\u00ee \u00f3\u00e0\u00ee\u00f5\u00e5\u00f3\u00dc \u00f4\u00e8\u00f7 \u00e1\u00f9\u00ea\u00c0\u00ee\u00e5\u00e9 \u00f4\u00e8\u00ee \u00f0\u00e1\u00f2\u00e1\u00e7\u00f6\u00e7\u00dc \u00f0\u00f2\u00ef\u00f3\u00f4\u00e1\u00e7\u00ec\u00e1\u00ee\u00e4\u00e9\u00ee\u00f1\u00ee \u00ed\u00e5 \u00e1\u00ee\u00f4\u00e9\u00e6\u00ec\u00e5\u00e7\u00ed\u00ef\u00ee\u00f1\u00e4\u00e8 \u00e4\u00f2\u00c0\u00f3\u00e8, \u00e1\u00ee\u00e1\u00f3\u00f4\u00db\u00ec\u00ec\u00e5\u00e9 \u00f4\u00e8\u00ee 5-\u00ec\u00e9\u00f0\u00ef\u00ea\u00f9\u00e7\u00e5\u00ee\u00c0\u00f3\u00e8 (\u00db\u00ee\u00fa\u00f9\u00ed\u00ef \u00e6\u00ec\u00e5\u00e7\u00ed\u00ef\u00ee\u00dc\u00f7), \u00e1\u00f9\u00ea\u00c0\u00ee\u00e5\u00e9 \u00f4\u00e8\u00ee \u00f0\u00f2\u00f6\u00f4\u00e5\u00ef\u00ec\u00f9\u00f4\u00e9\u00eb\u00dc \u00e4\u00f2\u00c0\u00f3\u00e8 \u00ed\u00e1\u00eb\u00f2\u00ef\u00e6\u00c0\u00e7\u00f6\u00ee \u00eb\u00e1\u00e9 \u00e2\u00e5\u00ec\u00f4\u00e9\u00f1\u00ee\u00e5\u00e9 \u00f4\u00e8\u00ee \u00e9\u00eb\u00e1\u00ee\u00de\u00f4\u00e8\u00f4\u00e1 \u00f3\u00f9\u00f3\u00f4\u00ef\u00ec\u00dc\u00f7 \u00f4\u00f6\u00ee \u00e1\u00e7\u00e7\u00e5\u00dd\u00f6\u00ee \u00ed\u00e5\u00e9\u00f1\u00ee\u00ef\u00ee\u00f4\u00e1\u00f7 \u00ef\u00dd\u00e4\u00e8\u00ed\u00e1 \u00eb\u00e1\u00e9 \u00f0\u00de\u00ee\u00ef.<\/p>\n<p>\u00aa\u00f9\u00f3\u00eb\u00e5\u00f9\u00e1\u00f3\u00dd\u00e1 30 \u00eb\u00c0\u00e3\u00ef\u00f9\u00ec\u00e5\u00f7<\/p>\n","protected":false},"featured_media":0,"comment_status":"closed","ping_status":"open","template":"","meta":{"_monsterinsights_skip_tracking":false,"_monsterinsights_sitenote_active":false,"_monsterinsights_sitenote_note":"","_monsterinsights_sitenote_category":0},"product_brand":[],"product_cat":[15],"product_tag":[],"class_list":{"0":"post-9176","1":"product","2":"type-product","3":"status-publish","5":"product_cat-uncategorized","7":"first","8":"outofstock","9":"sale","10":"purchasable","11":"product-type-simple"},"aioseo_notices":[],"jetpack_sharing_enabled":true,"_links":{"self":[{"href":"https:\/\/demo3.bigdigital.gr\/index.php\/wp-json\/wp\/v2\/product\/9176","targetHints":{"allow":["GET"]}}],"collection":[{"href":"https:\/\/demo3.bigdigital.gr\/index.php\/wp-json\/wp\/v2\/product"}],"about":[{"href":"https:\/\/demo3.bigdigital.gr\/index.php\/wp-json\/wp\/v2\/types\/product"}],"replies":[{"embeddable":true,"href":"https:\/\/demo3.bigdigital.gr\/index.php\/wp-json\/wp\/v2\/comments?post=9176"}],"wp:attachment":[{"href":"https:\/\/demo3.bigdigital.gr\/index.php\/wp-json\/wp\/v2\/media?parent=9176"}],"wp:term":[{"taxonomy":"product_brand","embeddable":true,"href":"https:\/\/demo3.bigdigital.gr\/index.php\/wp-json\/wp\/v2\/product_brand?post=9176"},{"taxonomy":"product_cat","embeddable":true,"href":"https:\/\/demo3.bigdigital.gr\/index.php\/wp-json\/wp\/v2\/product_cat?post=9176"},{"taxonomy":"product_tag","embeddable":true,"href":"https:\/\/demo3.bigdigital.gr\/index.php\/wp-json\/wp\/v2\/product_tag?post=9176"}],"curies":[{"name":"wp","href":"https:\/\/api.w.org\/{rel}","templated":true}]}}